{"id":1050,"date":"2018-11-04T17:50:29","date_gmt":"2018-11-04T17:50:29","guid":{"rendered":"https:\/\/zug-bilder.de\/?page_id=1050"},"modified":"2018-11-04T17:50:29","modified_gmt":"2018-11-04T17:50:29","slug":"d-dbpza-751-1","status":"publish","type":"page","link":"https:\/\/zug-bilder.de\/?page_id=1050","title":{"rendered":"D &#8211; DBpza 751.1"},"content":{"rendered":"<table style=\"border-collapse: collapse; width: 100%;\" border=\"1\">\n<tbody>\n<tr>\n<td style=\"width: 50%; vertical-align: middle;\"><a href=\"https:\/\/zug-bilder.de\/wp-content\/uploads\/2018\/11\/1000-D-DB-50-80-26-35-218-9_181029_M\u00fcnchenHbf_RE57092.jpg\"><img loading=\"lazy\" decoding=\"async\" class=\"alignnone size-medium wp-image-1051\" src=\"https:\/\/zug-bilder.de\/wp-content\/uploads\/2018\/11\/1000-D-DB-50-80-26-35-218-9_181029_M\u00fcnchenHbf_RE57092-300x205.jpg\" alt=\"\" width=\"300\" height=\"205\" srcset=\"https:\/\/zug-bilder.de\/wp-content\/uploads\/2018\/11\/1000-D-DB-50-80-26-35-218-9_181029_M\u00fcnchenHbf_RE57092-300x205.jpg 300w, https:\/\/zug-bilder.de\/wp-content\/uploads\/2018\/11\/1000-D-DB-50-80-26-35-218-9_181029_M\u00fcnchenHbf_RE57092-768x524.jpg 768w, https:\/\/zug-bilder.de\/wp-content\/uploads\/2018\/11\/1000-D-DB-50-80-26-35-218-9_181029_M\u00fcnchenHbf_RE57092.jpg 1000w\" sizes=\"auto, (max-width: 300px) 100vw, 300px\" \/><\/a><\/td>\n<td style=\"width: 50%; vertical-align: middle;\"><strong>D-DB 50 80 26-35 218-9<br \/>\n<\/strong>29.10.2018<br \/>\nM\u00fcnchen Hbf<br \/>\n<em>RE 57092<\/em><br \/>\n<em>M\u00fcnchen Hbf &#8211; Donauw\u00f6rth<\/em><\/td>\n<\/tr>\n<\/tbody>\n<\/table>\n","protected":false},"excerpt":{"rendered":"<p>D-DB 50 80 26-35 218-9 29.10.2018 M\u00fcnchen Hbf RE 57092 M\u00fcnchen Hbf &#8211; Donauw\u00f6rth<\/p>\n","protected":false},"author":1,"featured_media":0,"parent":0,"menu_order":0,"comment_status":"closed","ping_status":"closed","template":"","meta":{"footnotes":""},"class_list":["post-1050","page","type-page","status-publish","hentry"],"_links":{"self":[{"href":"https:\/\/zug-bilder.de\/index.php?rest_route=\/wp\/v2\/pages\/1050","targetHints":{"allow":["GET"]}}],"collection":[{"href":"https:\/\/zug-bilder.de\/index.php?rest_route=\/wp\/v2\/pages"}],"about":[{"href":"https:\/\/zug-bilder.de\/index.php?rest_route=\/wp\/v2\/types\/page"}],"author":[{"embeddable":true,"href":"https:\/\/zug-bilder.de\/index.php?rest_route=\/wp\/v2\/users\/1"}],"replies":[{"embeddable":true,"href":"https:\/\/zug-bilder.de\/index.php?rest_route=%2Fwp%2Fv2%2Fcomments&post=1050"}],"version-history":[{"count":1,"href":"https:\/\/zug-bilder.de\/index.php?rest_route=\/wp\/v2\/pages\/1050\/revisions"}],"predecessor-version":[{"id":1052,"href":"https:\/\/zug-bilder.de\/index.php?rest_route=\/wp\/v2\/pages\/1050\/revisions\/1052"}],"wp:attachment":[{"href":"https:\/\/zug-bilder.de\/index.php?rest_route=%2Fwp%2Fv2%2Fmedia&parent=1050"}],"curies":[{"name":"wp","href":"https:\/\/api.w.org\/{rel}","templated":true}]}}