{"id":140,"date":"2018-05-14T18:32:55","date_gmt":"2018-05-14T18:32:55","guid":{"rendered":"http:\/\/zug-bilder.de\/?page_id=140"},"modified":"2024-10-06T11:13:19","modified_gmt":"2024-10-06T11:13:19","slug":"91-80-6183-baureihe-183","status":"publish","type":"page","link":"https:\/\/zug-bilder.de\/?page_id=140","title":{"rendered":"91 80 6183"},"content":{"rendered":"\n<div class=\"wp-block-columns is-layout-flex wp-container-core-columns-is-layout-9d6595d7 wp-block-columns-is-layout-flex\">\n<div class=\"wp-block-column is-layout-flow wp-block-column-is-layout-flow\">\n<figure class=\"wp-block-image size-full\"><a href=\"https:\/\/zug-bilder.de\/wp-content\/uploads\/2018\/05\/1000-91-80-6183-001-7-D-VBG_140321_M\u00fcnchenHbf_ALX84123.jpg\"><img loading=\"lazy\" decoding=\"async\" width=\"1000\" height=\"682\" src=\"https:\/\/zug-bilder.de\/wp-content\/uploads\/2018\/05\/1000-91-80-6183-001-7-D-VBG_140321_M\u00fcnchenHbf_ALX84123.jpg\" alt=\"\" class=\"wp-image-171\" srcset=\"https:\/\/zug-bilder.de\/wp-content\/uploads\/2018\/05\/1000-91-80-6183-001-7-D-VBG_140321_M\u00fcnchenHbf_ALX84123.jpg 1000w, https:\/\/zug-bilder.de\/wp-content\/uploads\/2018\/05\/1000-91-80-6183-001-7-D-VBG_140321_M\u00fcnchenHbf_ALX84123-300x205.jpg 300w, https:\/\/zug-bilder.de\/wp-content\/uploads\/2018\/05\/1000-91-80-6183-001-7-D-VBG_140321_M\u00fcnchenHbf_ALX84123-768x524.jpg 768w\" sizes=\"auto, (max-width: 1000px) 100vw, 1000px\" \/><\/a><\/figure>\n<\/div>\n\n\n\n<div class=\"wp-block-column is-layout-flow wp-block-column-is-layout-flow\">\n<p class=\"has-light-gray-background-color has-background\"><strong>91 80 6183 001-7 D-VBG<br><\/strong>21.03.2014<br><img loading=\"lazy\" decoding=\"async\" width=\"33\" height=\"20\" class=\"wp-image-5706\" style=\"width: 33px;\" src=\"https:\/\/zug-bilder.de\/wp-content\/uploads\/2023\/04\/Flagge_Deutschland.jpg\" alt=\"\"> M\u00fcnchen Hbf<br><em>ALX 84123<\/em><br><em>Regensburg Hbf &#8211; M\u00fcnchen Hbf<\/em><\/p>\n<\/div>\n<\/div>\n\n\n\n<div class=\"wp-block-columns is-layout-flex wp-container-core-columns-is-layout-9d6595d7 wp-block-columns-is-layout-flex\">\n<div class=\"wp-block-column is-layout-flow wp-block-column-is-layout-flow\">\n<figure class=\"wp-block-image size-full\"><a href=\"https:\/\/zug-bilder.de\/wp-content\/uploads\/2018\/05\/1000-91-80-6183-001-7-D-VBG_150820_M\u00fcnchenHackerbr\u00fccke.jpg\"><img loading=\"lazy\" decoding=\"async\" width=\"1000\" height=\"682\" src=\"https:\/\/zug-bilder.de\/wp-content\/uploads\/2018\/05\/1000-91-80-6183-001-7-D-VBG_150820_M\u00fcnchenHackerbr\u00fccke.jpg\" alt=\"\" class=\"wp-image-165\" srcset=\"https:\/\/zug-bilder.de\/wp-content\/uploads\/2018\/05\/1000-91-80-6183-001-7-D-VBG_150820_M\u00fcnchenHackerbr\u00fccke.jpg 1000w, https:\/\/zug-bilder.de\/wp-content\/uploads\/2018\/05\/1000-91-80-6183-001-7-D-VBG_150820_M\u00fcnchenHackerbr\u00fccke-300x205.jpg 300w, https:\/\/zug-bilder.de\/wp-content\/uploads\/2018\/05\/1000-91-80-6183-001-7-D-VBG_150820_M\u00fcnchenHackerbr\u00fccke-768x524.jpg 768w\" sizes=\"auto, (max-width: 1000px) 100vw, 1000px\" \/><\/a><\/figure>\n<\/div>\n\n\n\n<div class=\"wp-block-column is-layout-flow wp-block-column-is-layout-flow\">\n<p class=\"has-light-gray-background-color has-background\"><strong>91 80 6183 001-7 D-VBG<br><\/strong>20.08.2018<br><img loading=\"lazy\" decoding=\"async\" width=\"33\" height=\"20\" class=\"wp-image-5706\" style=\"width: 33px;\" src=\"https:\/\/zug-bilder.de\/wp-content\/uploads\/2023\/04\/Flagge_Deutschland.jpg\" alt=\"\"> M\u00fcnchen Hbf<\/p>\n<\/div>\n<\/div>\n\n\n\n<div class=\"wp-block-columns is-layout-flex wp-container-core-columns-is-layout-9d6595d7 wp-block-columns-is-layout-flex\">\n<div class=\"wp-block-column is-layout-flow wp-block-column-is-layout-flow\">\n<figure class=\"wp-block-image size-full\"><a href=\"https:\/\/zug-bilder.de\/wp-content\/uploads\/2019\/10\/1000-91-80-6183-001-7-D-DLB_190617_RegensburgHbf.jpg\"><img loading=\"lazy\" decoding=\"async\" width=\"1000\" height=\"682\" src=\"https:\/\/zug-bilder.de\/wp-content\/uploads\/2019\/10\/1000-91-80-6183-001-7-D-DLB_190617_RegensburgHbf.jpg\" alt=\"\" class=\"wp-image-2253\" srcset=\"https:\/\/zug-bilder.de\/wp-content\/uploads\/2019\/10\/1000-91-80-6183-001-7-D-DLB_190617_RegensburgHbf.jpg 1000w, https:\/\/zug-bilder.de\/wp-content\/uploads\/2019\/10\/1000-91-80-6183-001-7-D-DLB_190617_RegensburgHbf-300x205.jpg 300w, https:\/\/zug-bilder.de\/wp-content\/uploads\/2019\/10\/1000-91-80-6183-001-7-D-DLB_190617_RegensburgHbf-768x524.jpg 768w\" sizes=\"auto, (max-width: 1000px) 100vw, 1000px\" \/><\/a><\/figure>\n<\/div>\n\n\n\n<div class=\"wp-block-column is-layout-flow wp-block-column-is-layout-flow\">\n<p class=\"has-light-gray-background-color has-background\"><strong>91 80 6183 001-7 D-DLB<br><\/strong>17.06.2019<br><img loading=\"lazy\" decoding=\"async\" width=\"33\" height=\"20\" class=\"wp-image-5706\" style=\"width: 33px;\" src=\"https:\/\/zug-bilder.de\/wp-content\/uploads\/2023\/04\/Flagge_Deutschland.jpg\" alt=\"\"> Regensburg Hbf<\/p>\n<\/div>\n<\/div>\n\n\n\n<div class=\"wp-block-columns is-layout-flex wp-container-core-columns-is-layout-9d6595d7 wp-block-columns-is-layout-flex\">\n<div class=\"wp-block-column is-layout-flow wp-block-column-is-layout-flow\">\n<figure class=\"wp-block-image size-full\"><a href=\"https:\/\/zug-bilder.de\/wp-content\/uploads\/2018\/05\/1000-91-80-6183-002-5-D-DLB_180319_M\u00fcnchenHbf_ALX360-84110.jpg\"><img loading=\"lazy\" decoding=\"async\" width=\"1000\" height=\"682\" src=\"https:\/\/zug-bilder.de\/wp-content\/uploads\/2018\/05\/1000-91-80-6183-002-5-D-DLB_180319_M\u00fcnchenHbf_ALX360-84110.jpg\" alt=\"\" class=\"wp-image-141\" srcset=\"https:\/\/zug-bilder.de\/wp-content\/uploads\/2018\/05\/1000-91-80-6183-002-5-D-DLB_180319_M\u00fcnchenHbf_ALX360-84110.jpg 1000w, https:\/\/zug-bilder.de\/wp-content\/uploads\/2018\/05\/1000-91-80-6183-002-5-D-DLB_180319_M\u00fcnchenHbf_ALX360-84110-300x205.jpg 300w, https:\/\/zug-bilder.de\/wp-content\/uploads\/2018\/05\/1000-91-80-6183-002-5-D-DLB_180319_M\u00fcnchenHbf_ALX360-84110-768x524.jpg 768w\" sizes=\"auto, (max-width: 1000px) 100vw, 1000px\" \/><\/a><\/figure>\n<\/div>\n\n\n\n<div class=\"wp-block-column is-layout-flow wp-block-column-is-layout-flow\">\n<p class=\"has-light-gray-background-color has-background\"><strong>91 80 6183 002-5 D-DLB<\/strong><br>19.03.2018<br><img loading=\"lazy\" decoding=\"async\" width=\"33\" height=\"20\" class=\"wp-image-5706\" style=\"width: 33px;\" src=\"https:\/\/zug-bilder.de\/wp-content\/uploads\/2023\/04\/Flagge_Deutschland.jpg\" alt=\"\"> M\u00fcnchen Hbf<br><em>EX 360 &#8222;Z\u00e1padn\u00ed expres&#8220; (bis Furth im Wald) <br>ALX 360 (ab Furth im Wald)<br>Nyrany &#8211; M\u00fcnchen Hbf<\/em><br><img loading=\"lazy\" decoding=\"async\" width=\"50\" height=\"29\" class=\"wp-image-7005\" style=\"width: 50px;\" src=\"https:\/\/zug-bilder.de\/wp-content\/uploads\/2024\/10\/Kurswagen.png\" alt=\"\"> vereinigt mit<br><em>ALX 84110<\/em><br><em>Hof Hbf &#8211; M\u00fcnchen Hbf<\/em><\/p>\n<\/div>\n<\/div>\n\n\n\n<div class=\"wp-block-columns is-layout-flex wp-container-core-columns-is-layout-9d6595d7 wp-block-columns-is-layout-flex\">\n<div class=\"wp-block-column is-layout-flow wp-block-column-is-layout-flow\">\n<figure class=\"wp-block-image size-full\"><a href=\"https:\/\/zug-bilder.de\/wp-content\/uploads\/2024\/10\/1000-91-80-6183-002-5-D-DLB_230930_MuenchenHbf_RE79856-356.jpg\"><img loading=\"lazy\" decoding=\"async\" width=\"1000\" height=\"667\" src=\"https:\/\/zug-bilder.de\/wp-content\/uploads\/2024\/10\/1000-91-80-6183-002-5-D-DLB_230930_MuenchenHbf_RE79856-356.jpg\" alt=\"\" class=\"wp-image-6993\" srcset=\"https:\/\/zug-bilder.de\/wp-content\/uploads\/2024\/10\/1000-91-80-6183-002-5-D-DLB_230930_MuenchenHbf_RE79856-356.jpg 1000w, https:\/\/zug-bilder.de\/wp-content\/uploads\/2024\/10\/1000-91-80-6183-002-5-D-DLB_230930_MuenchenHbf_RE79856-356-300x200.jpg 300w, https:\/\/zug-bilder.de\/wp-content\/uploads\/2024\/10\/1000-91-80-6183-002-5-D-DLB_230930_MuenchenHbf_RE79856-356-768x512.jpg 768w\" sizes=\"auto, (max-width: 1000px) 100vw, 1000px\" \/><\/a><\/figure>\n<\/div>\n\n\n\n<div class=\"wp-block-column is-layout-flow wp-block-column-is-layout-flow\">\n<p class=\"has-light-gray-background-color has-background\"><strong>91 80 6183 002-5 D-DLB<\/strong><br>30.09.2023<br><img loading=\"lazy\" decoding=\"async\" width=\"33\" height=\"20\" class=\"wp-image-5706\" style=\"width: 33px;\" src=\"https:\/\/zug-bilder.de\/wp-content\/uploads\/2023\/04\/Flagge_Deutschland.jpg\" alt=\"\"> M\u00fcnchen Hbf<br><img loading=\"lazy\" decoding=\"async\" width=\"70\" height=\"18\" class=\"wp-image-6626\" style=\"width: 70px;\" src=\"https:\/\/zug-bilder.de\/wp-content\/uploads\/2024\/06\/Logo_EC.png\" alt=\"\"> <em> 356 &#8222;Z\u00e1padn\u00ed expres&#8220; (bis Furth im Wald)<br><\/em><img loading=\"lazy\" decoding=\"async\" width=\"50\" height=\"17\" class=\"wp-image-6114\" style=\"width: 50px;\" src=\"https:\/\/zug-bilder.de\/wp-content\/uploads\/2024\/03\/RE25.jpg\" alt=\"\"> <em>RE 356 (ab Furth im Wald)<\/em><br><em>Praha hlavn\u00ed n\u00e1dra\u017e\u00ed &#8211; M\u00fcnchen Hbf<\/em><br><img loading=\"lazy\" decoding=\"async\" width=\"50\" height=\"29\" class=\"wp-image-7005\" style=\"width: 50px;\" src=\"https:\/\/zug-bilder.de\/wp-content\/uploads\/2024\/10\/Kurswagen.png\" alt=\"\"> vereinigt mit<br><img loading=\"lazy\" decoding=\"async\" width=\"50\" height=\"18\" class=\"wp-image-6380\" style=\"width: 50px;\" src=\"https:\/\/zug-bilder.de\/wp-content\/uploads\/2024\/04\/RE2.jpg\" alt=\"\"> <em>RE 79856<br>Hof Hbf &#8211; M\u00fcnchen Hbf<\/em><\/p>\n<\/div>\n<\/div>\n\n\n\n<div class=\"wp-block-columns is-layout-flex wp-container-core-columns-is-layout-9d6595d7 wp-block-columns-is-layout-flex\">\n<div class=\"wp-block-column is-layout-flow wp-block-column-is-layout-flow\">\n<figure class=\"wp-block-image size-full\"><a href=\"https:\/\/zug-bilder.de\/wp-content\/uploads\/2018\/05\/1000-91-80-6183-003-3-D-DLB_180502_LandshutHbf_ALX362-84112.jpg\"><img loading=\"lazy\" decoding=\"async\" width=\"1000\" height=\"682\" src=\"https:\/\/zug-bilder.de\/wp-content\/uploads\/2018\/05\/1000-91-80-6183-003-3-D-DLB_180502_LandshutHbf_ALX362-84112.jpg\" alt=\"\" class=\"wp-image-176\" srcset=\"https:\/\/zug-bilder.de\/wp-content\/uploads\/2018\/05\/1000-91-80-6183-003-3-D-DLB_180502_LandshutHbf_ALX362-84112.jpg 1000w, https:\/\/zug-bilder.de\/wp-content\/uploads\/2018\/05\/1000-91-80-6183-003-3-D-DLB_180502_LandshutHbf_ALX362-84112-300x205.jpg 300w, https:\/\/zug-bilder.de\/wp-content\/uploads\/2018\/05\/1000-91-80-6183-003-3-D-DLB_180502_LandshutHbf_ALX362-84112-768x524.jpg 768w\" sizes=\"auto, (max-width: 1000px) 100vw, 1000px\" \/><\/a><\/figure>\n<\/div>\n\n\n\n<div class=\"wp-block-column is-layout-flow wp-block-column-is-layout-flow\">\n<p class=\"has-light-gray-background-color has-background\"><strong>91 80 6183 003-3 D-DLB<br><\/strong>02.05.2018<br><img loading=\"lazy\" decoding=\"async\" width=\"33\" height=\"20\" class=\"wp-image-5706\" style=\"width: 33px;\" src=\"https:\/\/zug-bilder.de\/wp-content\/uploads\/2023\/04\/Flagge_Deutschland.jpg\" alt=\"\"> Landshut Hbf<br><em>EX 362 &#8222;Z\u00e1padn\u00ed expres&#8220; (bis Furth im Wald) <br>ALX 362 (ab Furth im Wald)<\/em><br><em>Nyrany &#8211; M\u00fcnchen Hbf<\/em><br><img loading=\"lazy\" decoding=\"async\" width=\"50\" height=\"29\" class=\"wp-image-7005\" style=\"width: 50px;\" src=\"https:\/\/zug-bilder.de\/wp-content\/uploads\/2024\/10\/Kurswagen.png\" alt=\"\"> vereinigt mit<br><em>ALX 84112<\/em><br><em>Hof Hbf &#8211; M\u00fcnchen Hbf<\/em><\/p>\n<\/div>\n<\/div>\n\n\n\n<div class=\"wp-block-columns is-layout-flex wp-container-core-columns-is-layout-9d6595d7 wp-block-columns-is-layout-flex\">\n<div class=\"wp-block-column is-layout-flow wp-block-column-is-layout-flow\">\n<figure class=\"wp-block-image size-full\"><a href=\"https:\/\/zug-bilder.de\/wp-content\/uploads\/2019\/10\/1000-91-80-6183-003-3-D-DLB_190812_M\u00fcnchenHbf_ALX359.jpg\"><img loading=\"lazy\" decoding=\"async\" width=\"1000\" height=\"682\" src=\"https:\/\/zug-bilder.de\/wp-content\/uploads\/2019\/10\/1000-91-80-6183-003-3-D-DLB_190812_M\u00fcnchenHbf_ALX359.jpg\" alt=\"\" class=\"wp-image-2369\" srcset=\"https:\/\/zug-bilder.de\/wp-content\/uploads\/2019\/10\/1000-91-80-6183-003-3-D-DLB_190812_M\u00fcnchenHbf_ALX359.jpg 1000w, https:\/\/zug-bilder.de\/wp-content\/uploads\/2019\/10\/1000-91-80-6183-003-3-D-DLB_190812_M\u00fcnchenHbf_ALX359-300x205.jpg 300w, https:\/\/zug-bilder.de\/wp-content\/uploads\/2019\/10\/1000-91-80-6183-003-3-D-DLB_190812_M\u00fcnchenHbf_ALX359-768x524.jpg 768w\" sizes=\"auto, (max-width: 1000px) 100vw, 1000px\" \/><\/a><\/figure>\n<\/div>\n\n\n\n<div class=\"wp-block-column is-layout-flow wp-block-column-is-layout-flow\">\n<p class=\"has-light-gray-background-color has-background\"><strong>91 80 6183 003-3 D-DLB<br><\/strong>12.08.2019<br><img loading=\"lazy\" decoding=\"async\" width=\"33\" height=\"20\" class=\"wp-image-5706\" style=\"width: 33px;\" src=\"https:\/\/zug-bilder.de\/wp-content\/uploads\/2023\/04\/Flagge_Deutschland.jpg\" alt=\"\"> M\u00fcnchen Hbf<br><em>ALX 359 (bis Furth im Wald)<br>EX 359 &#8222;Z\u00e1padn\u00ed expres&#8220; (ab Furth im Wald) <\/em><br><em>M\u00fcnchen Hbf &#8211;<\/em> <em>Praha hlavn\u00ed n\u00e1dra\u017e\u00ed<\/em><br><img loading=\"lazy\" decoding=\"async\" width=\"50\" height=\"29\" class=\"wp-image-7005\" style=\"width: 50px;\" src=\"https:\/\/zug-bilder.de\/wp-content\/uploads\/2024\/10\/Kurswagen.png\" alt=\"\"> vereinigt mit<br><em>ALX 79859<\/em><br><em>M\u00fcnchen Hbf &#8211; Hof Hbf<\/em><\/p>\n<\/div>\n<\/div>\n\n\n\n<div class=\"wp-block-columns is-layout-flex wp-container-core-columns-is-layout-9d6595d7 wp-block-columns-is-layout-flex\">\n<div class=\"wp-block-column is-layout-flow wp-block-column-is-layout-flow\">\n<figure class=\"wp-block-image size-full\"><a href=\"https:\/\/zug-bilder.de\/wp-content\/uploads\/2018\/05\/1000-91-80-6183-004-1-D-VBG_140321_M\u00fcnchenHbf_ALX84120.jpg\"><img loading=\"lazy\" decoding=\"async\" width=\"1000\" height=\"682\" src=\"https:\/\/zug-bilder.de\/wp-content\/uploads\/2018\/05\/1000-91-80-6183-004-1-D-VBG_140321_M\u00fcnchenHbf_ALX84120.jpg\" alt=\"\" class=\"wp-image-173\" srcset=\"https:\/\/zug-bilder.de\/wp-content\/uploads\/2018\/05\/1000-91-80-6183-004-1-D-VBG_140321_M\u00fcnchenHbf_ALX84120.jpg 1000w, https:\/\/zug-bilder.de\/wp-content\/uploads\/2018\/05\/1000-91-80-6183-004-1-D-VBG_140321_M\u00fcnchenHbf_ALX84120-300x205.jpg 300w, https:\/\/zug-bilder.de\/wp-content\/uploads\/2018\/05\/1000-91-80-6183-004-1-D-VBG_140321_M\u00fcnchenHbf_ALX84120-768x524.jpg 768w\" sizes=\"auto, (max-width: 1000px) 100vw, 1000px\" \/><\/a><\/figure>\n<\/div>\n\n\n\n<div class=\"wp-block-column is-layout-flow wp-block-column-is-layout-flow\">\n<p class=\"has-light-gray-background-color has-background\"><strong>91 80 6183 004-1 D-VBG<br><\/strong>21.03.2014<br><img loading=\"lazy\" decoding=\"async\" width=\"33\" height=\"20\" class=\"wp-image-5706\" style=\"width: 33px;\" src=\"https:\/\/zug-bilder.de\/wp-content\/uploads\/2023\/04\/Flagge_Deutschland.jpg\" alt=\"\"> M\u00fcnchen Hbf<br><em>ALX 84120<\/em><br><em>M\u00fcnchen Hbf &#8211; Regensburg Hbf<\/em><\/p>\n<\/div>\n<\/div>\n\n\n\n<div class=\"wp-block-columns is-layout-flex wp-container-core-columns-is-layout-9d6595d7 wp-block-columns-is-layout-flex\">\n<div class=\"wp-block-column is-layout-flow wp-block-column-is-layout-flow\">\n<figure class=\"wp-block-image size-full\"><a href=\"https:\/\/zug-bilder.de\/wp-content\/uploads\/2018\/05\/1000-91-80-6183-004-1-D-DLB_170729_M\u00fcnchenHbf_ALX84116.jpg\"><img loading=\"lazy\" decoding=\"async\" width=\"1000\" height=\"682\" src=\"https:\/\/zug-bilder.de\/wp-content\/uploads\/2018\/05\/1000-91-80-6183-004-1-D-DLB_170729_M\u00fcnchenHbf_ALX84116.jpg\" alt=\"\" class=\"wp-image-167\" srcset=\"https:\/\/zug-bilder.de\/wp-content\/uploads\/2018\/05\/1000-91-80-6183-004-1-D-DLB_170729_M\u00fcnchenHbf_ALX84116.jpg 1000w, https:\/\/zug-bilder.de\/wp-content\/uploads\/2018\/05\/1000-91-80-6183-004-1-D-DLB_170729_M\u00fcnchenHbf_ALX84116-300x205.jpg 300w, https:\/\/zug-bilder.de\/wp-content\/uploads\/2018\/05\/1000-91-80-6183-004-1-D-DLB_170729_M\u00fcnchenHbf_ALX84116-768x524.jpg 768w\" sizes=\"auto, (max-width: 1000px) 100vw, 1000px\" \/><\/a><\/figure>\n<\/div>\n\n\n\n<div class=\"wp-block-column is-layout-flow wp-block-column-is-layout-flow\">\n<p class=\"has-light-gray-background-color has-background\"><strong>91 80 6183 004-1 D-DLB<br><\/strong>29.07.2017<br><img loading=\"lazy\" decoding=\"async\" width=\"33\" height=\"20\" class=\"wp-image-5706\" style=\"width: 33px;\" src=\"https:\/\/zug-bilder.de\/wp-content\/uploads\/2023\/04\/Flagge_Deutschland.jpg\" alt=\"\"> M\u00fcnchen Hbf<br><em>ALX 84116<\/em><br><em>M\u00fcnchen Hbf &#8211; Hof Hbf<\/em><\/p>\n<\/div>\n<\/div>\n\n\n\n<div class=\"wp-block-columns is-layout-flex wp-container-core-columns-is-layout-9d6595d7 wp-block-columns-is-layout-flex\">\n<div class=\"wp-block-column is-layout-flow wp-block-column-is-layout-flow\">\n<figure class=\"wp-block-image size-full\"><a href=\"https:\/\/zug-bilder.de\/wp-content\/uploads\/2018\/05\/1000-91-80-6183-004-1-D-DLB_170729_M\u00fcnchenHbf_ALX84116_2.jpg\"><img loading=\"lazy\" decoding=\"async\" width=\"1000\" height=\"682\" src=\"https:\/\/zug-bilder.de\/wp-content\/uploads\/2018\/05\/1000-91-80-6183-004-1-D-DLB_170729_M\u00fcnchenHbf_ALX84116_2.jpg\" alt=\"\" class=\"wp-image-168\" srcset=\"https:\/\/zug-bilder.de\/wp-content\/uploads\/2018\/05\/1000-91-80-6183-004-1-D-DLB_170729_M\u00fcnchenHbf_ALX84116_2.jpg 1000w, https:\/\/zug-bilder.de\/wp-content\/uploads\/2018\/05\/1000-91-80-6183-004-1-D-DLB_170729_M\u00fcnchenHbf_ALX84116_2-300x205.jpg 300w, https:\/\/zug-bilder.de\/wp-content\/uploads\/2018\/05\/1000-91-80-6183-004-1-D-DLB_170729_M\u00fcnchenHbf_ALX84116_2-768x524.jpg 768w\" sizes=\"auto, (max-width: 1000px) 100vw, 1000px\" \/><\/a><\/figure>\n<\/div>\n\n\n\n<div class=\"wp-block-column is-layout-flow wp-block-column-is-layout-flow\">\n<p class=\"has-light-gray-background-color has-background\"><strong>91 80 6183 004-1 D-DLB<br><\/strong>29.07.2017<br><img loading=\"lazy\" decoding=\"async\" width=\"33\" height=\"20\" class=\"wp-image-5706\" style=\"width: 33px;\" src=\"https:\/\/zug-bilder.de\/wp-content\/uploads\/2023\/04\/Flagge_Deutschland.jpg\" alt=\"\"> M\u00fcnchen Hbf<br><em>ALX 84116<\/em><br><em>M\u00fcnchen Hbf &#8211; Hof Hbf<\/em><\/p>\n<\/div>\n<\/div>\n\n\n\n<div class=\"wp-block-columns is-layout-flex wp-container-core-columns-is-layout-9d6595d7 wp-block-columns-is-layout-flex\">\n<div class=\"wp-block-column is-layout-flow wp-block-column-is-layout-flow\">\n<figure class=\"wp-block-image size-full\"><a href=\"https:\/\/zug-bilder.de\/wp-content\/uploads\/2018\/05\/1000-91-80-6183-005-8-D-VBG_160902_M\u00fcnchenHbf_ALX356.jpg\"><img loading=\"lazy\" decoding=\"async\" width=\"1000\" height=\"682\" src=\"https:\/\/zug-bilder.de\/wp-content\/uploads\/2018\/05\/1000-91-80-6183-005-8-D-VBG_160902_M\u00fcnchenHbf_ALX356.jpg\" alt=\"\" class=\"wp-image-169\" srcset=\"https:\/\/zug-bilder.de\/wp-content\/uploads\/2018\/05\/1000-91-80-6183-005-8-D-VBG_160902_M\u00fcnchenHbf_ALX356.jpg 1000w, https:\/\/zug-bilder.de\/wp-content\/uploads\/2018\/05\/1000-91-80-6183-005-8-D-VBG_160902_M\u00fcnchenHbf_ALX356-300x205.jpg 300w, https:\/\/zug-bilder.de\/wp-content\/uploads\/2018\/05\/1000-91-80-6183-005-8-D-VBG_160902_M\u00fcnchenHbf_ALX356-768x524.jpg 768w\" sizes=\"auto, (max-width: 1000px) 100vw, 1000px\" \/><\/a><\/figure>\n<\/div>\n\n\n\n<div class=\"wp-block-column is-layout-flow wp-block-column-is-layout-flow\">\n<p class=\"has-light-gray-background-color has-background\"><strong>91 80 6183 005-8 D-VBG<br><\/strong>02.09.2016<br><img loading=\"lazy\" decoding=\"async\" width=\"33\" height=\"20\" class=\"wp-image-5706\" style=\"width: 33px;\" src=\"https:\/\/zug-bilder.de\/wp-content\/uploads\/2023\/04\/Flagge_Deutschland.jpg\" alt=\"\"> M\u00fcnchen Hbf<br><em>ALX 356 &#8222;Karel Capek&#8220;<\/em><br><em>Praha hlavn\u00ed n\u00e1dra\u017e\u00ed &#8211;<\/em> <em>M\u00fcnchen Hbf<\/em><\/p>\n<\/div>\n<\/div>\n","protected":false},"excerpt":{"rendered":"<p>91 80 6183 001-7 D-VBG21.03.2014 M\u00fcnchen HbfALX 84123Regensburg Hbf &#8211; M\u00fcnchen Hbf 91 80 6183 001-7 D-VBG20.08.2018 M\u00fcnchen Hbf 91 80 6183 001-7 D-DLB17.06.2019 Regensburg Hbf 91 80 6183 002-5 D-DLB19.03.2018 M\u00fcnchen HbfEX 360 &#8222;Z\u00e1padn\u00ed expres&#8220; (bis Furth im Wald) ALX 360 (ab Furth im Wald)Nyrany &#8211; M\u00fcnchen Hbf vereinigt mitALX 84110Hof Hbf &#8211; M\u00fcnchen &hellip; <a href=\"https:\/\/zug-bilder.de\/?page_id=140\" class=\"more-link\"><span class=\"screen-reader-text\">91 80 6183<\/span> weiterlesen<\/a><\/p>\n","protected":false},"author":1,"featured_media":0,"parent":0,"menu_order":0,"comment_status":"closed","ping_status":"closed","template":"","meta":{"footnotes":""},"class_list":["post-140","page","type-page","status-publish","hentry"],"_links":{"self":[{"href":"https:\/\/zug-bilder.de\/index.php?rest_route=\/wp\/v2\/pages\/140","targetHints":{"allow":["GET"]}}],"collection":[{"href":"https:\/\/zug-bilder.de\/index.php?rest_route=\/wp\/v2\/pages"}],"about":[{"href":"https:\/\/zug-bilder.de\/index.php?rest_route=\/wp\/v2\/types\/page"}],"author":[{"embeddable":true,"href":"https:\/\/zug-bilder.de\/index.php?rest_route=\/wp\/v2\/users\/1"}],"replies":[{"embeddable":true,"href":"https:\/\/zug-bilder.de\/index.php?rest_route=%2Fwp%2Fv2%2Fcomments&post=140"}],"version-history":[{"count":27,"href":"https:\/\/zug-bilder.de\/index.php?rest_route=\/wp\/v2\/pages\/140\/revisions"}],"predecessor-version":[{"id":7017,"href":"https:\/\/zug-bilder.de\/index.php?rest_route=\/wp\/v2\/pages\/140\/revisions\/7017"}],"wp:attachment":[{"href":"https:\/\/zug-bilder.de\/index.php?rest_route=%2Fwp%2Fv2%2Fmedia&parent=140"}],"curies":[{"name":"wp","href":"https:\/\/api.w.org\/{rel}","templated":true}]}}