{"id":1630,"date":"2019-04-26T06:55:37","date_gmt":"2019-04-26T06:55:37","guid":{"rendered":"https:\/\/zug-bilder.de\/?page_id=1630"},"modified":"2025-12-25T17:47:30","modified_gmt":"2025-12-25T17:47:30","slug":"93-80-x412-93-80-x812","status":"publish","type":"page","link":"https:\/\/zug-bilder.de\/?page_id=1630","title":{"rendered":"93 80 X412 \/ 93 80 X812"},"content":{"rendered":"\n<div class=\"wp-block-columns is-layout-flex wp-container-core-columns-is-layout-9d6595d7 wp-block-columns-is-layout-flex\">\n<div class=\"wp-block-column is-layout-flow wp-block-column-is-layout-flow\">\n<figure class=\"wp-block-image size-full\"><a href=\"https:\/\/zug-bilder.de\/wp-content\/uploads\/2020\/06\/1000-93-80-5812-009-9-D-DB_200102_M\u00fcnchenHbf_ICE592.jpg\"><img loading=\"lazy\" decoding=\"async\" width=\"1000\" height=\"682\" src=\"https:\/\/zug-bilder.de\/wp-content\/uploads\/2020\/06\/1000-93-80-5812-009-9-D-DB_200102_M\u00fcnchenHbf_ICE592.jpg\" alt=\"\" class=\"wp-image-3972\" srcset=\"https:\/\/zug-bilder.de\/wp-content\/uploads\/2020\/06\/1000-93-80-5812-009-9-D-DB_200102_M\u00fcnchenHbf_ICE592.jpg 1000w, https:\/\/zug-bilder.de\/wp-content\/uploads\/2020\/06\/1000-93-80-5812-009-9-D-DB_200102_M\u00fcnchenHbf_ICE592-300x205.jpg 300w, https:\/\/zug-bilder.de\/wp-content\/uploads\/2020\/06\/1000-93-80-5812-009-9-D-DB_200102_M\u00fcnchenHbf_ICE592-768x524.jpg 768w\" sizes=\"auto, (max-width: 1000px) 100vw, 1000px\" \/><\/a><\/figure>\n<\/div>\n\n\n\n<div class=\"wp-block-column is-layout-flow wp-block-column-is-layout-flow\">\n<p class=\"has-light-gray-background-color has-background\"><em>Triebzug 9009<br><\/em><strong>93 80 5812 009-9 D-DB<\/strong><br>02.01.2020<br><img loading=\"lazy\" decoding=\"async\" width=\"33\" height=\"20\" class=\"wp-image-5706\" style=\"width: 33px;\" src=\"https:\/\/zug-bilder.de\/wp-content\/uploads\/2023\/04\/Flagge_Deutschland.jpg\" alt=\"\"> M\u00fcnchen Hbf<em><br>ICE 592<br>M\u00fcnchen Hbf &#8211; Erfurt Hbf<\/em><\/p>\n<\/div>\n<\/div>\n\n\n\n<div class=\"wp-block-columns is-layout-flex wp-container-core-columns-is-layout-9d6595d7 wp-block-columns-is-layout-flex\">\n<div class=\"wp-block-column is-layout-flow wp-block-column-is-layout-flow\">\n<figure class=\"wp-block-image size-full\"><a href=\"https:\/\/zug-bilder.de\/wp-content\/uploads\/2019\/04\/1000-93-80-6812-204-4-D-DB_190424_Schwindegg_LPFT93597.jpg\"><img loading=\"lazy\" decoding=\"async\" width=\"1000\" height=\"682\" src=\"https:\/\/zug-bilder.de\/wp-content\/uploads\/2019\/04\/1000-93-80-6812-204-4-D-DB_190424_Schwindegg_LPFT93597.jpg\" alt=\"\" class=\"wp-image-1631\" srcset=\"https:\/\/zug-bilder.de\/wp-content\/uploads\/2019\/04\/1000-93-80-6812-204-4-D-DB_190424_Schwindegg_LPFT93597.jpg 1000w, https:\/\/zug-bilder.de\/wp-content\/uploads\/2019\/04\/1000-93-80-6812-204-4-D-DB_190424_Schwindegg_LPFT93597-300x205.jpg 300w, https:\/\/zug-bilder.de\/wp-content\/uploads\/2019\/04\/1000-93-80-6812-204-4-D-DB_190424_Schwindegg_LPFT93597-768x524.jpg 768w\" sizes=\"auto, (max-width: 1000px) 100vw, 1000px\" \/><\/a><\/figure>\n<\/div>\n\n\n\n<div class=\"wp-block-column is-layout-flow wp-block-column-is-layout-flow\">\n<p class=\"has-light-gray-background-color has-background\"><em>Triebzug 9204<\/em><strong><br>93 80 6812 204-4 D-DB<\/strong><br>24.04.2019<br><img loading=\"lazy\" decoding=\"async\" width=\"33\" height=\"20\" class=\"wp-image-5706\" style=\"width: 33px;\" src=\"https:\/\/zug-bilder.de\/wp-content\/uploads\/2023\/04\/Flagge_Deutschland.jpg\" alt=\"\"> Schwindegg<br><em>LPFT 93597<\/em><br><em>M\u00fcnchen Milbertshofen &#8211;<\/em> <em>M\u00fchldorf (Oberbay)<\/em><\/p>\n<\/div>\n<\/div>\n\n\n\n<div class=\"wp-block-columns is-layout-flex wp-container-core-columns-is-layout-9d6595d7 wp-block-columns-is-layout-flex\">\n<div class=\"wp-block-column is-layout-flow wp-block-column-is-layout-flow\">\n<figure class=\"wp-block-image size-full\"><a href=\"https:\/\/zug-bilder.de\/wp-content\/uploads\/2019\/04\/1000-93-80-6812-204-4-D-DB_190424_Ampfing_LPFT93597.jpg\"><img loading=\"lazy\" decoding=\"async\" width=\"1000\" height=\"682\" src=\"https:\/\/zug-bilder.de\/wp-content\/uploads\/2019\/04\/1000-93-80-6812-204-4-D-DB_190424_Ampfing_LPFT93597.jpg\" alt=\"\" class=\"wp-image-1665\" srcset=\"https:\/\/zug-bilder.de\/wp-content\/uploads\/2019\/04\/1000-93-80-6812-204-4-D-DB_190424_Ampfing_LPFT93597.jpg 1000w, https:\/\/zug-bilder.de\/wp-content\/uploads\/2019\/04\/1000-93-80-6812-204-4-D-DB_190424_Ampfing_LPFT93597-300x205.jpg 300w, https:\/\/zug-bilder.de\/wp-content\/uploads\/2019\/04\/1000-93-80-6812-204-4-D-DB_190424_Ampfing_LPFT93597-768x524.jpg 768w\" sizes=\"auto, (max-width: 1000px) 100vw, 1000px\" \/><\/a><\/figure>\n<\/div>\n\n\n\n<div class=\"wp-block-column is-layout-flow wp-block-column-is-layout-flow\">\n<p class=\"has-light-gray-background-color has-background\"><em>Triebzug 9204<\/em><br><strong>93 80 6812 204-4 D-DB<\/strong><br>24.04.2019<br><img loading=\"lazy\" decoding=\"async\" width=\"33\" height=\"20\" class=\"wp-image-5706\" style=\"width: 33px;\" src=\"https:\/\/zug-bilder.de\/wp-content\/uploads\/2023\/04\/Flagge_Deutschland.jpg\" alt=\"\"> Ampfing<em><br>LPFT 93597<br>M\u00fcnchen Milbertshofen &#8211; M\u00fchldorf (Oberbay)<\/em><\/p>\n<\/div>\n<\/div>\n\n\n\n<div class=\"wp-block-columns is-layout-flex wp-container-core-columns-is-layout-9d6595d7 wp-block-columns-is-layout-flex\">\n<div class=\"wp-block-column is-layout-flow wp-block-column-is-layout-flow\">\n<figure class=\"wp-block-image size-full\"><a href=\"https:\/\/zug-bilder.de\/wp-content\/uploads\/2019\/05\/1000-93-80-6812-204-4-D-DB_190424_M\u00fchldorf.jpg\"><img loading=\"lazy\" decoding=\"async\" width=\"1000\" height=\"682\" src=\"https:\/\/zug-bilder.de\/wp-content\/uploads\/2019\/05\/1000-93-80-6812-204-4-D-DB_190424_M\u00fchldorf.jpg\" alt=\"\" class=\"wp-image-1724\" srcset=\"https:\/\/zug-bilder.de\/wp-content\/uploads\/2019\/05\/1000-93-80-6812-204-4-D-DB_190424_M\u00fchldorf.jpg 1000w, https:\/\/zug-bilder.de\/wp-content\/uploads\/2019\/05\/1000-93-80-6812-204-4-D-DB_190424_M\u00fchldorf-300x205.jpg 300w, https:\/\/zug-bilder.de\/wp-content\/uploads\/2019\/05\/1000-93-80-6812-204-4-D-DB_190424_M\u00fchldorf-768x524.jpg 768w\" sizes=\"auto, (max-width: 1000px) 100vw, 1000px\" \/><\/a><\/figure>\n<\/div>\n\n\n\n<div class=\"wp-block-column is-layout-flow wp-block-column-is-layout-flow\">\n<p class=\"has-light-gray-background-color has-background\"><em><em>Triebzug 9204<\/em><\/em><br><strong>93 80 6812 204-4 D-DB<\/strong><br>24.04.2019<br><img loading=\"lazy\" decoding=\"async\" width=\"33\" height=\"20\" class=\"wp-image-5706\" style=\"width: 33px;\" src=\"https:\/\/zug-bilder.de\/wp-content\/uploads\/2023\/04\/Flagge_Deutschland.jpg\" alt=\"\"> M\u00fchldorf (Oberbay)<\/p>\n<\/div>\n<\/div>\n\n\n\n<div class=\"wp-block-columns is-layout-flex wp-container-core-columns-is-layout-9d6595d7 wp-block-columns-is-layout-flex\">\n<div class=\"wp-block-column is-layout-flow wp-block-column-is-layout-flow\">\n<figure class=\"wp-block-image size-full\"><a href=\"https:\/\/zug-bilder.de\/wp-content\/uploads\/2025\/11\/1000-93-80-7812-209-1-D-DB_250612_Assling_ICE115.jpg\"><img loading=\"lazy\" decoding=\"async\" width=\"1000\" height=\"667\" src=\"https:\/\/zug-bilder.de\/wp-content\/uploads\/2025\/11\/1000-93-80-7812-209-1-D-DB_250612_Assling_ICE115.jpg\" alt=\"\" class=\"wp-image-7852\" srcset=\"https:\/\/zug-bilder.de\/wp-content\/uploads\/2025\/11\/1000-93-80-7812-209-1-D-DB_250612_Assling_ICE115.jpg 1000w, https:\/\/zug-bilder.de\/wp-content\/uploads\/2025\/11\/1000-93-80-7812-209-1-D-DB_250612_Assling_ICE115-300x200.jpg 300w, https:\/\/zug-bilder.de\/wp-content\/uploads\/2025\/11\/1000-93-80-7812-209-1-D-DB_250612_Assling_ICE115-768x512.jpg 768w\" sizes=\"auto, (max-width: 1000px) 100vw, 1000px\" \/><\/a><\/figure>\n<\/div>\n\n\n\n<div class=\"wp-block-column is-layout-flow wp-block-column-is-layout-flow\">\n<p class=\"has-light-gray-background-color has-background\"><em>Triebzug 9209<\/em><br><strong>93 80 7812 209-1 D-DB<\/strong><br>12.06.2025<br><img loading=\"lazy\" decoding=\"async\" width=\"33\" height=\"20\" class=\"wp-image-5706\" style=\"width: 33px;\" src=\"https:\/\/zug-bilder.de\/wp-content\/uploads\/2023\/04\/Flagge_Deutschland.jpg\" alt=\"\"> A\u00dfling (Oberbay)<br><em>ICE 115 &#8222;W\u00f6rthersee&#8220;<br>M\u00fcnster (Westf) Hbf &#8211; Schwarzach-St. Veit<\/em><\/p>\n<\/div>\n<\/div>\n\n\n\n<div class=\"wp-block-columns is-layout-flex wp-container-core-columns-is-layout-9d6595d7 wp-block-columns-is-layout-flex\">\n<div class=\"wp-block-column is-layout-flow wp-block-column-is-layout-flow\">\n<figure class=\"wp-block-image size-full\"><a href=\"https:\/\/zug-bilder.de\/wp-content\/uploads\/2021\/08\/1000-93-80-7812-217-4-D-DB_210820_BerlinAlexanderplatz_ICE548.jpg\"><img loading=\"lazy\" decoding=\"async\" width=\"1000\" height=\"682\" src=\"https:\/\/zug-bilder.de\/wp-content\/uploads\/2021\/08\/1000-93-80-7812-217-4-D-DB_210820_BerlinAlexanderplatz_ICE548.jpg\" alt=\"\" class=\"wp-image-4691\" srcset=\"https:\/\/zug-bilder.de\/wp-content\/uploads\/2021\/08\/1000-93-80-7812-217-4-D-DB_210820_BerlinAlexanderplatz_ICE548.jpg 1000w, https:\/\/zug-bilder.de\/wp-content\/uploads\/2021\/08\/1000-93-80-7812-217-4-D-DB_210820_BerlinAlexanderplatz_ICE548-300x205.jpg 300w, https:\/\/zug-bilder.de\/wp-content\/uploads\/2021\/08\/1000-93-80-7812-217-4-D-DB_210820_BerlinAlexanderplatz_ICE548-768x524.jpg 768w\" sizes=\"auto, (max-width: 1000px) 100vw, 1000px\" \/><\/a><\/figure>\n<\/div>\n\n\n\n<div class=\"wp-block-column is-layout-flow wp-block-column-is-layout-flow\">\n<p class=\"has-light-gray-background-color has-background\"><em><em>Triebzug 9217<br><\/em><\/em><strong>93 80 7812 217-4 D-DB<\/strong><br>20.08.2021<br><img loading=\"lazy\" decoding=\"async\" width=\"33\" height=\"20\" class=\"wp-image-5706\" style=\"width: 33px;\" src=\"https:\/\/zug-bilder.de\/wp-content\/uploads\/2023\/04\/Flagge_Deutschland.jpg\" alt=\"\"> Berlin Alexanderplatz<br><em>ICE 548<\/em><br><em>Berlin Ostbahnhof &#8211;<\/em> <em>D\u00fcsseldorf Hbf<\/em><br><em>ICE 558<\/em><br><em>Berlin Ostbahnhof &#8211; K\u00f6ln Hbf<\/em><\/p>\n<\/div>\n<\/div>\n\n\n\n<div class=\"wp-block-columns is-layout-flex wp-container-core-columns-is-layout-9d6595d7 wp-block-columns-is-layout-flex\">\n<div class=\"wp-block-column is-layout-flow wp-block-column-is-layout-flow\">\n<figure class=\"wp-block-image size-full\"><a href=\"https:\/\/zug-bilder.de\/wp-content\/uploads\/2025\/12\/1000-93-80-7812-231-5-D-DB_250806_MuenchenHeimeranplatz_ICE114.jpg\"><img loading=\"lazy\" decoding=\"async\" width=\"1000\" height=\"667\" src=\"https:\/\/zug-bilder.de\/wp-content\/uploads\/2025\/12\/1000-93-80-7812-231-5-D-DB_250806_MuenchenHeimeranplatz_ICE114.jpg\" alt=\"\" class=\"wp-image-7923\" srcset=\"https:\/\/zug-bilder.de\/wp-content\/uploads\/2025\/12\/1000-93-80-7812-231-5-D-DB_250806_MuenchenHeimeranplatz_ICE114.jpg 1000w, https:\/\/zug-bilder.de\/wp-content\/uploads\/2025\/12\/1000-93-80-7812-231-5-D-DB_250806_MuenchenHeimeranplatz_ICE114-300x200.jpg 300w, https:\/\/zug-bilder.de\/wp-content\/uploads\/2025\/12\/1000-93-80-7812-231-5-D-DB_250806_MuenchenHeimeranplatz_ICE114-768x512.jpg 768w\" sizes=\"auto, (max-width: 1000px) 100vw, 1000px\" \/><\/a><\/figure>\n<\/div>\n\n\n\n<div class=\"wp-block-column is-layout-flow wp-block-column-is-layout-flow\">\n<p class=\"has-light-gray-background-color has-background\"><em>Triebzug 9231<\/em><br><strong>93 80 7812 231-5 D-DB<\/strong><br>06.08.2025<br><img loading=\"lazy\" decoding=\"async\" width=\"33\" height=\"20\" class=\"wp-image-5706\" style=\"width: 33px;\" src=\"https:\/\/zug-bilder.de\/wp-content\/uploads\/2023\/04\/Flagge_Deutschland.jpg\" alt=\"\"> M\u00fcnchen Heimeranplatz<br><em>ICE 114 &#8222;W\u00f6rthersee&#8220;<br>Klagenfurt Hbf &#8211; Dortmund Hbf<\/em><\/p>\n<\/div>\n<\/div>\n","protected":false},"excerpt":{"rendered":"<p>Triebzug 900993 80 5812 009-9 D-DB02.01.2020 M\u00fcnchen HbfICE 592M\u00fcnchen Hbf &#8211; Erfurt Hbf Triebzug 920493 80 6812 204-4 D-DB24.04.2019 SchwindeggLPFT 93597M\u00fcnchen Milbertshofen &#8211; M\u00fchldorf (Oberbay) Triebzug 920493 80 6812 204-4 D-DB24.04.2019 AmpfingLPFT 93597M\u00fcnchen Milbertshofen &#8211; M\u00fchldorf (Oberbay) Triebzug 920493 80 6812 204-4 D-DB24.04.2019 M\u00fchldorf (Oberbay) Triebzug 920993 80 7812 209-1 D-DB12.06.2025 A\u00dfling (Oberbay)ICE 115 &#8222;W\u00f6rthersee&#8220;M\u00fcnster &hellip; <a href=\"https:\/\/zug-bilder.de\/?page_id=1630\" class=\"more-link\"><span class=\"screen-reader-text\">93 80 X412 \/ 93 80 X812<\/span> weiterlesen<\/a><\/p>\n","protected":false},"author":1,"featured_media":0,"parent":0,"menu_order":0,"comment_status":"closed","ping_status":"closed","template":"","meta":{"footnotes":""},"class_list":["post-1630","page","type-page","status-publish","hentry"],"_links":{"self":[{"href":"https:\/\/zug-bilder.de\/index.php?rest_route=\/wp\/v2\/pages\/1630","targetHints":{"allow":["GET"]}}],"collection":[{"href":"https:\/\/zug-bilder.de\/index.php?rest_route=\/wp\/v2\/pages"}],"about":[{"href":"https:\/\/zug-bilder.de\/index.php?rest_route=\/wp\/v2\/types\/page"}],"author":[{"embeddable":true,"href":"https:\/\/zug-bilder.de\/index.php?rest_route=\/wp\/v2\/users\/1"}],"replies":[{"embeddable":true,"href":"https:\/\/zug-bilder.de\/index.php?rest_route=%2Fwp%2Fv2%2Fcomments&post=1630"}],"version-history":[{"count":8,"href":"https:\/\/zug-bilder.de\/index.php?rest_route=\/wp\/v2\/pages\/1630\/revisions"}],"predecessor-version":[{"id":7925,"href":"https:\/\/zug-bilder.de\/index.php?rest_route=\/wp\/v2\/pages\/1630\/revisions\/7925"}],"wp:attachment":[{"href":"https:\/\/zug-bilder.de\/index.php?rest_route=%2Fwp%2Fv2%2Fmedia&parent=1630"}],"curies":[{"name":"wp","href":"https:\/\/api.w.org\/{rel}","templated":true}]}}