{"id":1870,"date":"2019-06-18T17:03:07","date_gmt":"2019-06-18T17:03:07","guid":{"rendered":"https:\/\/zug-bilder.de\/?page_id=1870"},"modified":"2019-12-26T19:37:26","modified_gmt":"2019-12-26T19:37:26","slug":"h-bpmz","status":"publish","type":"page","link":"https:\/\/zug-bilder.de\/?page_id=1870","title":{"rendered":"H &#8211; Bpmz"},"content":{"rendered":"<table>\n<tbody>\n<tr>\n<td style=\"vertical-align: middle;\"><a href=\"https:\/\/zug-bilder.de\/wp-content\/uploads\/2019\/06\/1000-H-START-61-55-20-71-012-5_190608_WienHbf_D347.jpg\"><img loading=\"lazy\" decoding=\"async\" class=\"alignnone size-medium wp-image-1871\" src=\"https:\/\/zug-bilder.de\/wp-content\/uploads\/2019\/06\/1000-H-START-61-55-20-71-012-5_190608_WienHbf_D347-300x205.jpg\" alt=\"\" width=\"300\" height=\"205\" srcset=\"https:\/\/zug-bilder.de\/wp-content\/uploads\/2019\/06\/1000-H-START-61-55-20-71-012-5_190608_WienHbf_D347-300x205.jpg 300w, https:\/\/zug-bilder.de\/wp-content\/uploads\/2019\/06\/1000-H-START-61-55-20-71-012-5_190608_WienHbf_D347-768x524.jpg 768w, https:\/\/zug-bilder.de\/wp-content\/uploads\/2019\/06\/1000-H-START-61-55-20-71-012-5_190608_WienHbf_D347.jpg 1000w\" sizes=\"auto, (max-width: 300px) 100vw, 300px\" \/><\/a><\/td>\n<td style=\"vertical-align: middle;\"><strong>H-START 61 55 20-71 012-5<\/strong><br \/>\n08.06.2019<br \/>\nWien Hbf<br \/>\n<em>D 347 &#8222;Dacia&#8220;<\/em><br \/>\n<em>Wien Hbf &#8211;<\/em><br \/>\n<em>Budapest Keleti p\u00e1lyaudvar<\/em><\/td>\n<\/tr>\n<tr>\n<td style=\"vertical-align: middle;\"><a href=\"https:\/\/zug-bilder.de\/wp-content\/uploads\/2019\/12\/1000-H-START-61-55-20-71-014-1_190609_WienHbf_D344.jpg\"><img loading=\"lazy\" decoding=\"async\" class=\"alignnone size-medium wp-image-3126\" src=\"https:\/\/zug-bilder.de\/wp-content\/uploads\/2019\/12\/1000-H-START-61-55-20-71-014-1_190609_WienHbf_D344-300x205.jpg\" alt=\"\" width=\"300\" height=\"205\" srcset=\"https:\/\/zug-bilder.de\/wp-content\/uploads\/2019\/12\/1000-H-START-61-55-20-71-014-1_190609_WienHbf_D344-300x205.jpg 300w, https:\/\/zug-bilder.de\/wp-content\/uploads\/2019\/12\/1000-H-START-61-55-20-71-014-1_190609_WienHbf_D344-768x524.jpg 768w, https:\/\/zug-bilder.de\/wp-content\/uploads\/2019\/12\/1000-H-START-61-55-20-71-014-1_190609_WienHbf_D344.jpg 1000w\" sizes=\"auto, (max-width: 300px) 100vw, 300px\" \/><\/a><\/td>\n<td style=\"vertical-align: middle;\"><strong>H-START 61 55 20-71 014-1<br \/>\n<\/strong>09.06.2019<br \/>\nWien Hbf<br \/>\n<em>D 344<\/em><br \/>\n<em>Budapest Keleti p\u00e1lyaudvar &#8211;<\/em><br \/>\n<em>Wien Hbf<\/em><strong><br \/>\n<\/strong><\/td>\n<\/tr>\n<tr>\n<td style=\"vertical-align: middle;\"><a href=\"https:\/\/zug-bilder.de\/wp-content\/uploads\/2019\/12\/1000-H-START-61-55-20-91-104-6_190609_WienHbf_D344.jpg\"><img loading=\"lazy\" decoding=\"async\" class=\"alignnone size-medium wp-image-3129\" src=\"https:\/\/zug-bilder.de\/wp-content\/uploads\/2019\/12\/1000-H-START-61-55-20-91-104-6_190609_WienHbf_D344-300x205.jpg\" alt=\"\" width=\"300\" height=\"205\" srcset=\"https:\/\/zug-bilder.de\/wp-content\/uploads\/2019\/12\/1000-H-START-61-55-20-91-104-6_190609_WienHbf_D344-300x205.jpg 300w, https:\/\/zug-bilder.de\/wp-content\/uploads\/2019\/12\/1000-H-START-61-55-20-91-104-6_190609_WienHbf_D344-768x524.jpg 768w, https:\/\/zug-bilder.de\/wp-content\/uploads\/2019\/12\/1000-H-START-61-55-20-91-104-6_190609_WienHbf_D344.jpg 1000w\" sizes=\"auto, (max-width: 300px) 100vw, 300px\" \/><\/a><\/td>\n<td style=\"vertical-align: middle;\"><strong>H-START 61 55 20-91 104-6<br \/>\n<\/strong>09.06.2019<br \/>\nWien Hbf<br \/>\n<em>D 344<\/em><br \/>\n<em>Budapest Keleti p\u00e1lyaudvar &#8211;<\/em><br \/>\n<em>Wien Hbf<\/em><strong><br \/>\n<\/strong><\/td>\n<\/tr>\n<\/tbody>\n<\/table>\n","protected":false},"excerpt":{"rendered":"<p>H-START 61 55 20-71 012-5 08.06.2019 Wien Hbf D 347 &#8222;Dacia&#8220; Wien Hbf &#8211; Budapest Keleti p\u00e1lyaudvar H-START 61 55 20-71 014-1 09.06.2019 Wien Hbf D 344 Budapest Keleti p\u00e1lyaudvar &#8211; Wien Hbf H-START 61 55 20-91 104-6 09.06.2019 Wien Hbf D 344 Budapest Keleti p\u00e1lyaudvar &#8211; Wien Hbf<\/p>\n","protected":false},"author":1,"featured_media":0,"parent":0,"menu_order":0,"comment_status":"closed","ping_status":"closed","template":"","meta":{"footnotes":""},"class_list":["post-1870","page","type-page","status-publish","hentry"],"_links":{"self":[{"href":"https:\/\/zug-bilder.de\/index.php?rest_route=\/wp\/v2\/pages\/1870","targetHints":{"allow":["GET"]}}],"collection":[{"href":"https:\/\/zug-bilder.de\/index.php?rest_route=\/wp\/v2\/pages"}],"about":[{"href":"https:\/\/zug-bilder.de\/index.php?rest_route=\/wp\/v2\/types\/page"}],"author":[{"embeddable":true,"href":"https:\/\/zug-bilder.de\/index.php?rest_route=\/wp\/v2\/users\/1"}],"replies":[{"embeddable":true,"href":"https:\/\/zug-bilder.de\/index.php?rest_route=%2Fwp%2Fv2%2Fcomments&post=1870"}],"version-history":[{"count":4,"href":"https:\/\/zug-bilder.de\/index.php?rest_route=\/wp\/v2\/pages\/1870\/revisions"}],"predecessor-version":[{"id":3130,"href":"https:\/\/zug-bilder.de\/index.php?rest_route=\/wp\/v2\/pages\/1870\/revisions\/3130"}],"wp:attachment":[{"href":"https:\/\/zug-bilder.de\/index.php?rest_route=%2Fwp%2Fv2%2Fmedia&parent=1870"}],"curies":[{"name":"wp","href":"https:\/\/api.w.org\/{rel}","templated":true}]}}