{"id":2097,"date":"2019-08-21T14:30:10","date_gmt":"2019-08-21T14:30:10","guid":{"rendered":"https:\/\/zug-bilder.de\/?page_id=2097"},"modified":"2019-11-01T19:49:02","modified_gmt":"2019-11-01T19:49:02","slug":"d-bvmmsz-187-6","status":"publish","type":"page","link":"https:\/\/zug-bilder.de\/?page_id=2097","title":{"rendered":"D &#8211; Bvmmsz 187.6"},"content":{"rendered":"<table>\n<tbody>\n<tr>\n<td style=\"vertical-align: middle;\"><a href=\"https:\/\/zug-bilder.de\/wp-content\/uploads\/2019\/08\/1000-D-DB-61-80-21-94-638-8_171130_M\u00fcnchenHbf_IC2097.jpg\"><img loading=\"lazy\" decoding=\"async\" class=\"alignnone size-medium wp-image-2099\" src=\"https:\/\/zug-bilder.de\/wp-content\/uploads\/2019\/08\/1000-D-DB-61-80-21-94-638-8_171130_M\u00fcnchenHbf_IC2097-300x205.jpg\" alt=\"\" width=\"300\" height=\"205\" srcset=\"https:\/\/zug-bilder.de\/wp-content\/uploads\/2019\/08\/1000-D-DB-61-80-21-94-638-8_171130_M\u00fcnchenHbf_IC2097-300x205.jpg 300w, https:\/\/zug-bilder.de\/wp-content\/uploads\/2019\/08\/1000-D-DB-61-80-21-94-638-8_171130_M\u00fcnchenHbf_IC2097-768x524.jpg 768w, https:\/\/zug-bilder.de\/wp-content\/uploads\/2019\/08\/1000-D-DB-61-80-21-94-638-8_171130_M\u00fcnchenHbf_IC2097.jpg 1000w\" sizes=\"auto, (max-width: 300px) 100vw, 300px\" \/><\/a><\/td>\n<td style=\"vertical-align: middle;\"><strong>D-DB 61 80 21-94 638-8<\/strong><br \/>\n30.11.2017<br \/>\nM\u00fcnchen Hbf<br \/>\n<em>IC 2097<\/em><br \/>\n<em>Ulm Hbf &#8211; M\u00fcnchen Hbf<\/em><\/td>\n<\/tr>\n<tr>\n<td style=\"vertical-align: middle;\"><a href=\"https:\/\/zug-bilder.de\/wp-content\/uploads\/2019\/11\/1000-D-DB-61-80-21-94-642-0_190812_M\u00fcnchenHbf_EC114.jpg\"><img loading=\"lazy\" decoding=\"async\" class=\"alignnone size-medium wp-image-2523\" src=\"https:\/\/zug-bilder.de\/wp-content\/uploads\/2019\/11\/1000-D-DB-61-80-21-94-642-0_190812_M\u00fcnchenHbf_EC114-300x205.jpg\" alt=\"\" width=\"300\" height=\"205\" srcset=\"https:\/\/zug-bilder.de\/wp-content\/uploads\/2019\/11\/1000-D-DB-61-80-21-94-642-0_190812_M\u00fcnchenHbf_EC114-300x205.jpg 300w, https:\/\/zug-bilder.de\/wp-content\/uploads\/2019\/11\/1000-D-DB-61-80-21-94-642-0_190812_M\u00fcnchenHbf_EC114-768x524.jpg 768w, https:\/\/zug-bilder.de\/wp-content\/uploads\/2019\/11\/1000-D-DB-61-80-21-94-642-0_190812_M\u00fcnchenHbf_EC114.jpg 1000w\" sizes=\"auto, (max-width: 300px) 100vw, 300px\" \/><\/a><\/td>\n<td style=\"vertical-align: middle;\"><strong>D-DB 61 80 21-94 642-0<br \/>\n<\/strong>12.08.2019<br \/>\nM\u00fcnchen Hbf<br \/>\n<em>EC 114 &#8222;W\u00f6rthersee&#8220;<\/em><br \/>\n<em>Klagenfurt Hbf &#8211;<\/em><br \/>\n<em>Dortmund Hbf<\/em><strong><br \/>\n<\/strong><\/td>\n<\/tr>\n<\/tbody>\n<\/table>\n","protected":false},"excerpt":{"rendered":"<p>D-DB 61 80 21-94 638-8 30.11.2017 M\u00fcnchen Hbf IC 2097 Ulm Hbf &#8211; M\u00fcnchen Hbf D-DB 61 80 21-94 642-0 12.08.2019 M\u00fcnchen Hbf EC 114 &#8222;W\u00f6rthersee&#8220; Klagenfurt Hbf &#8211; Dortmund Hbf<\/p>\n","protected":false},"author":1,"featured_media":0,"parent":0,"menu_order":0,"comment_status":"closed","ping_status":"closed","template":"","meta":{"footnotes":""},"class_list":["post-2097","page","type-page","status-publish","hentry"],"_links":{"self":[{"href":"https:\/\/zug-bilder.de\/index.php?rest_route=\/wp\/v2\/pages\/2097","targetHints":{"allow":["GET"]}}],"collection":[{"href":"https:\/\/zug-bilder.de\/index.php?rest_route=\/wp\/v2\/pages"}],"about":[{"href":"https:\/\/zug-bilder.de\/index.php?rest_route=\/wp\/v2\/types\/page"}],"author":[{"embeddable":true,"href":"https:\/\/zug-bilder.de\/index.php?rest_route=\/wp\/v2\/users\/1"}],"replies":[{"embeddable":true,"href":"https:\/\/zug-bilder.de\/index.php?rest_route=%2Fwp%2Fv2%2Fcomments&post=2097"}],"version-history":[{"count":4,"href":"https:\/\/zug-bilder.de\/index.php?rest_route=\/wp\/v2\/pages\/2097\/revisions"}],"predecessor-version":[{"id":2525,"href":"https:\/\/zug-bilder.de\/index.php?rest_route=\/wp\/v2\/pages\/2097\/revisions\/2525"}],"wp:attachment":[{"href":"https:\/\/zug-bilder.de\/index.php?rest_route=%2Fwp%2Fv2%2Fmedia&parent=2097"}],"curies":[{"name":"wp","href":"https:\/\/api.w.org\/{rel}","templated":true}]}}