{"id":211,"date":"2018-05-19T16:56:21","date_gmt":"2018-05-19T16:56:21","guid":{"rendered":"http:\/\/zug-bilder.de\/?page_id=211"},"modified":"2024-05-22T15:55:01","modified_gmt":"2024-05-22T15:55:01","slug":"i-abbmdz","status":"publish","type":"page","link":"https:\/\/zug-bilder.de\/?page_id=211","title":{"rendered":"I &#8211; ABbmdz"},"content":{"rendered":"\n<div class=\"wp-block-columns is-layout-flex wp-container-core-columns-is-layout-9d6595d7 wp-block-columns-is-layout-flex\">\n<div class=\"wp-block-column is-layout-flow wp-block-column-is-layout-flow\">\n<figure class=\"wp-block-image size-full\"><a href=\"https:\/\/zug-bilder.de\/wp-content\/uploads\/2019\/10\/1000-61-83-21-90-124-0-I-DLB_190812_M\u00fcnchenHbf_ALX359.jpg\"><img loading=\"lazy\" decoding=\"async\" width=\"1000\" height=\"682\" src=\"https:\/\/zug-bilder.de\/wp-content\/uploads\/2019\/10\/1000-61-83-21-90-124-0-I-DLB_190812_M\u00fcnchenHbf_ALX359.jpg\" alt=\"\" class=\"wp-image-2387\" srcset=\"https:\/\/zug-bilder.de\/wp-content\/uploads\/2019\/10\/1000-61-83-21-90-124-0-I-DLB_190812_M\u00fcnchenHbf_ALX359.jpg 1000w, https:\/\/zug-bilder.de\/wp-content\/uploads\/2019\/10\/1000-61-83-21-90-124-0-I-DLB_190812_M\u00fcnchenHbf_ALX359-300x205.jpg 300w, https:\/\/zug-bilder.de\/wp-content\/uploads\/2019\/10\/1000-61-83-21-90-124-0-I-DLB_190812_M\u00fcnchenHbf_ALX359-768x524.jpg 768w\" sizes=\"auto, (max-width: 1000px) 100vw, 1000px\" \/><\/a><\/figure>\n<\/div>\n\n\n\n<div class=\"wp-block-column is-layout-flow wp-block-column-is-layout-flow\">\n<p class=\"has-light-gray-background-color has-background\"><strong>I-DLB 61 83 21-90 124-0<br><\/strong>12.08.2019<br><img loading=\"lazy\" decoding=\"async\" width=\"33\" height=\"20\" class=\"wp-image-5706\" style=\"width: 33px;\" src=\"https:\/\/zug-bilder.de\/wp-content\/uploads\/2023\/04\/Flagge_Deutschland.jpg\" alt=\"\"> M\u00fcnchen Hbf<br><em>ALX 359 (bis Furth im Wald)<\/em><br><em>Ex 359 (ab Furth im Wald)<\/em> <em>\u201eZ\u00e1padn\u00ed expres\u201c<\/em><br><em>M\u00fcnchen Hbf &#8211;<\/em> <em>Praha hlavn\u00ed n\u00e1dra\u017e\u00ed<\/em><\/p>\n<\/div>\n<\/div>\n\n\n\n<div class=\"wp-block-columns is-layout-flex wp-container-core-columns-is-layout-9d6595d7 wp-block-columns-is-layout-flex\">\n<div class=\"wp-block-column is-layout-flow wp-block-column-is-layout-flow\">\n<figure class=\"wp-block-image size-full\"><a href=\"https:\/\/zug-bilder.de\/wp-content\/uploads\/2018\/05\/1000-61-83-21-90-181-0-I-DLB_180319_M\u00fcnchenHbf_ALX360.jpg\"><img loading=\"lazy\" decoding=\"async\" width=\"1000\" height=\"682\" src=\"https:\/\/zug-bilder.de\/wp-content\/uploads\/2018\/05\/1000-61-83-21-90-181-0-I-DLB_180319_M\u00fcnchenHbf_ALX360.jpg\" alt=\"\" class=\"wp-image-212\" srcset=\"https:\/\/zug-bilder.de\/wp-content\/uploads\/2018\/05\/1000-61-83-21-90-181-0-I-DLB_180319_M\u00fcnchenHbf_ALX360.jpg 1000w, https:\/\/zug-bilder.de\/wp-content\/uploads\/2018\/05\/1000-61-83-21-90-181-0-I-DLB_180319_M\u00fcnchenHbf_ALX360-300x205.jpg 300w, https:\/\/zug-bilder.de\/wp-content\/uploads\/2018\/05\/1000-61-83-21-90-181-0-I-DLB_180319_M\u00fcnchenHbf_ALX360-768x524.jpg 768w\" sizes=\"auto, (max-width: 1000px) 100vw, 1000px\" \/><\/a><\/figure>\n<\/div>\n\n\n\n<div class=\"wp-block-column is-layout-flow wp-block-column-is-layout-flow\">\n<p class=\"has-light-gray-background-color has-background\"><strong>I-DLB 61 83 21-90 181-0<br><\/strong>19.03.2018<br><img loading=\"lazy\" decoding=\"async\" width=\"33\" height=\"20\" class=\"wp-image-5706\" style=\"width: 33px;\" src=\"https:\/\/zug-bilder.de\/wp-content\/uploads\/2023\/04\/Flagge_Deutschland.jpg\" alt=\"\"> M\u00fcnchen Hbf<br><em>Ex 360 (bis Furth im Wald)<\/em> <em>\u201eZ\u00e1padn\u00ed expres\u201c<\/em><br><em>ALX 360 (ab Furth im Wald)<br>Nyrany &#8211; M\u00fcnchen Hbf<\/em><\/p>\n<\/div>\n<\/div>\n\n\n\n<div class=\"wp-block-columns is-layout-flex wp-container-core-columns-is-layout-9d6595d7 wp-block-columns-is-layout-flex\">\n<div class=\"wp-block-column is-layout-flow wp-block-column-is-layout-flow\">\n<figure class=\"wp-block-image size-full\"><a href=\"https:\/\/zug-bilder.de\/wp-content\/uploads\/2024\/05\/1000-61-83-21-90-181-0-I-DLB_230930_MuenchenHbf_RE356.jpg\"><img loading=\"lazy\" decoding=\"async\" width=\"1000\" height=\"682\" src=\"https:\/\/zug-bilder.de\/wp-content\/uploads\/2024\/05\/1000-61-83-21-90-181-0-I-DLB_230930_MuenchenHbf_RE356.jpg\" alt=\"\" class=\"wp-image-6413\" srcset=\"https:\/\/zug-bilder.de\/wp-content\/uploads\/2024\/05\/1000-61-83-21-90-181-0-I-DLB_230930_MuenchenHbf_RE356.jpg 1000w, https:\/\/zug-bilder.de\/wp-content\/uploads\/2024\/05\/1000-61-83-21-90-181-0-I-DLB_230930_MuenchenHbf_RE356-300x205.jpg 300w, https:\/\/zug-bilder.de\/wp-content\/uploads\/2024\/05\/1000-61-83-21-90-181-0-I-DLB_230930_MuenchenHbf_RE356-768x524.jpg 768w\" sizes=\"auto, (max-width: 1000px) 100vw, 1000px\" \/><\/a><\/figure>\n<\/div>\n\n\n\n<div class=\"wp-block-column is-layout-flow wp-block-column-is-layout-flow\">\n<p class=\"has-light-gray-background-color has-background\"><strong>I-DLB 61 83 21-90 181-0<\/strong><br>30.09.2023<br><img loading=\"lazy\" decoding=\"async\" width=\"33\" height=\"20\" class=\"wp-image-5706\" style=\"width: 33px;\" src=\"https:\/\/zug-bilder.de\/wp-content\/uploads\/2023\/04\/Flagge_Deutschland.jpg\" alt=\"\"> M\u00fcnchen Hbf<br><em>EC 356 (bis Furth im Wald) \u201eZ\u00e1padn\u00ed expres\u201c<\/em><br><img loading=\"lazy\" decoding=\"async\" width=\"60\" height=\"20\" class=\"wp-image-6114\" style=\"width: 60px;\" src=\"https:\/\/zug-bilder.de\/wp-content\/uploads\/2024\/03\/RE25.jpg\" alt=\"\"> <em>RE 356\u00a0(ab Furth im Wald)<\/em><br><em>Praha hlavn\u00ed n\u00e1dra\u017e\u00ed \u2013 M\u00fcnchen Hbf<\/em><\/p>\n<\/div>\n<\/div>\n","protected":false},"excerpt":{"rendered":"<p>I-DLB 61 83 21-90 124-012.08.2019 M\u00fcnchen HbfALX 359 (bis Furth im Wald)Ex 359 (ab Furth im Wald) \u201eZ\u00e1padn\u00ed expres\u201cM\u00fcnchen Hbf &#8211; Praha hlavn\u00ed n\u00e1dra\u017e\u00ed I-DLB 61 83 21-90 181-019.03.2018 M\u00fcnchen HbfEx 360 (bis Furth im Wald) \u201eZ\u00e1padn\u00ed expres\u201cALX 360 (ab Furth im Wald)Nyrany &#8211; M\u00fcnchen Hbf I-DLB 61 83 21-90 181-030.09.2023 M\u00fcnchen HbfEC 356 (bis &hellip; <a href=\"https:\/\/zug-bilder.de\/?page_id=211\" class=\"more-link\"><span class=\"screen-reader-text\">I &#8211; ABbmdz<\/span> weiterlesen<\/a><\/p>\n","protected":false},"author":1,"featured_media":0,"parent":0,"menu_order":0,"comment_status":"closed","ping_status":"closed","template":"","meta":{"footnotes":""},"class_list":["post-211","page","type-page","status-publish","hentry"],"_links":{"self":[{"href":"https:\/\/zug-bilder.de\/index.php?rest_route=\/wp\/v2\/pages\/211","targetHints":{"allow":["GET"]}}],"collection":[{"href":"https:\/\/zug-bilder.de\/index.php?rest_route=\/wp\/v2\/pages"}],"about":[{"href":"https:\/\/zug-bilder.de\/index.php?rest_route=\/wp\/v2\/types\/page"}],"author":[{"embeddable":true,"href":"https:\/\/zug-bilder.de\/index.php?rest_route=\/wp\/v2\/users\/1"}],"replies":[{"embeddable":true,"href":"https:\/\/zug-bilder.de\/index.php?rest_route=%2Fwp%2Fv2%2Fcomments&post=211"}],"version-history":[{"count":7,"href":"https:\/\/zug-bilder.de\/index.php?rest_route=\/wp\/v2\/pages\/211\/revisions"}],"predecessor-version":[{"id":6416,"href":"https:\/\/zug-bilder.de\/index.php?rest_route=\/wp\/v2\/pages\/211\/revisions\/6416"}],"wp:attachment":[{"href":"https:\/\/zug-bilder.de\/index.php?rest_route=%2Fwp%2Fv2%2Fmedia&parent=211"}],"curies":[{"name":"wp","href":"https:\/\/api.w.org\/{rel}","templated":true}]}}