{"id":2351,"date":"2019-10-25T15:24:07","date_gmt":"2019-10-25T15:24:07","guid":{"rendered":"https:\/\/zug-bilder.de\/?page_id=2351"},"modified":"2019-11-02T20:11:49","modified_gmt":"2019-11-02T20:11:49","slug":"d-dbz-750-3","status":"publish","type":"page","link":"https:\/\/zug-bilder.de\/?page_id=2351","title":{"rendered":"D &#8211; DBz 750.3"},"content":{"rendered":"<table style=\"width: 100%; border-collapse: collapse;\">\n<tbody>\n<tr>\n<td style=\"width: 50%; vertical-align: middle;\"><a href=\"https:\/\/zug-bilder.de\/wp-content\/uploads\/2019\/11\/1000-D-DB-50-80-26-35-040-7_190812_M\u00fcnchenHbf_RE59178.jpg\"><img loading=\"lazy\" decoding=\"async\" class=\"alignnone size-medium wp-image-2538\" src=\"https:\/\/zug-bilder.de\/wp-content\/uploads\/2019\/11\/1000-D-DB-50-80-26-35-040-7_190812_M\u00fcnchenHbf_RE59178-300x205.jpg\" alt=\"\" width=\"300\" height=\"205\" srcset=\"https:\/\/zug-bilder.de\/wp-content\/uploads\/2019\/11\/1000-D-DB-50-80-26-35-040-7_190812_M\u00fcnchenHbf_RE59178-300x205.jpg 300w, https:\/\/zug-bilder.de\/wp-content\/uploads\/2019\/11\/1000-D-DB-50-80-26-35-040-7_190812_M\u00fcnchenHbf_RE59178-768x524.jpg 768w, https:\/\/zug-bilder.de\/wp-content\/uploads\/2019\/11\/1000-D-DB-50-80-26-35-040-7_190812_M\u00fcnchenHbf_RE59178.jpg 1000w\" sizes=\"auto, (max-width: 300px) 100vw, 300px\" \/><\/a><\/td>\n<td style=\"width: 50%; vertical-align: middle;\"><strong>D-DB 50 80 26-35 040-7<br \/>\n<\/strong>12.08.2019<br \/>\nM\u00fcnchen Hbf<br \/>\n<em>RB 59178<\/em><br \/>\n<em>M\u00fcnchen Hbf &#8211;<\/em><br \/>\n<em>Pfaffenhofen (Ilm)<\/em><strong><br \/>\n<\/strong><\/td>\n<\/tr>\n<tr>\n<td style=\"width: 50%; vertical-align: middle;\"><a href=\"https:\/\/zug-bilder.de\/wp-content\/uploads\/2019\/10\/1000-D-DB-50-80-26-35-047-2_190812_M\u00fcnchenHbf_RE4018.jpg\"><img loading=\"lazy\" decoding=\"async\" class=\"alignnone size-medium wp-image-2352\" src=\"https:\/\/zug-bilder.de\/wp-content\/uploads\/2019\/10\/1000-D-DB-50-80-26-35-047-2_190812_M\u00fcnchenHbf_RE4018-300x205.jpg\" alt=\"\" width=\"300\" height=\"205\" srcset=\"https:\/\/zug-bilder.de\/wp-content\/uploads\/2019\/10\/1000-D-DB-50-80-26-35-047-2_190812_M\u00fcnchenHbf_RE4018-300x205.jpg 300w, https:\/\/zug-bilder.de\/wp-content\/uploads\/2019\/10\/1000-D-DB-50-80-26-35-047-2_190812_M\u00fcnchenHbf_RE4018-768x524.jpg 768w, https:\/\/zug-bilder.de\/wp-content\/uploads\/2019\/10\/1000-D-DB-50-80-26-35-047-2_190812_M\u00fcnchenHbf_RE4018.jpg 1000w\" sizes=\"auto, (max-width: 300px) 100vw, 300px\" \/><\/a><\/td>\n<td style=\"width: 50%; vertical-align: middle;\"><strong>D-DB 50 80 26-35 047-2<br \/>\n<\/strong>12.08.2019<br \/>\nM\u00fcnchen Hbf<br \/>\n<em>RE 4018<\/em><br \/>\n<em>M\u00fcnchen Hbf &#8211; Ingolstadt Hbf<\/em><\/td>\n<\/tr>\n<tr>\n<td style=\"width: 50%; vertical-align: middle;\"><a href=\"https:\/\/zug-bilder.de\/wp-content\/uploads\/2019\/11\/1000-D-DB-50-80-26-35-047-2_190812_M\u00fcnchenHbf_RB59178.jpg\"><img loading=\"lazy\" decoding=\"async\" class=\"alignnone size-medium wp-image-2544\" src=\"https:\/\/zug-bilder.de\/wp-content\/uploads\/2019\/11\/1000-D-DB-50-80-26-35-047-2_190812_M\u00fcnchenHbf_RB59178-300x205.jpg\" alt=\"\" width=\"300\" height=\"205\" srcset=\"https:\/\/zug-bilder.de\/wp-content\/uploads\/2019\/11\/1000-D-DB-50-80-26-35-047-2_190812_M\u00fcnchenHbf_RB59178-300x205.jpg 300w, https:\/\/zug-bilder.de\/wp-content\/uploads\/2019\/11\/1000-D-DB-50-80-26-35-047-2_190812_M\u00fcnchenHbf_RB59178-768x524.jpg 768w, https:\/\/zug-bilder.de\/wp-content\/uploads\/2019\/11\/1000-D-DB-50-80-26-35-047-2_190812_M\u00fcnchenHbf_RB59178.jpg 1000w\" sizes=\"auto, (max-width: 300px) 100vw, 300px\" \/><\/a><\/td>\n<td style=\"width: 50%; vertical-align: middle;\"><strong>D-DB 50 80 26-35 047-2<br \/>\n<\/strong>12.08.2019<br \/>\nM\u00fcnchen Hbf<br \/>\n<em>RB 59178<\/em><br \/>\n<em>M\u00fcnchen Hbf &#8211;<br \/>\n<\/em><em>Pfaffenhofen (Ilm)<\/em><strong><em><br \/>\n<\/em><\/strong><\/td>\n<\/tr>\n<tr>\n<td style=\"width: 50%; vertical-align: middle;\"><a href=\"https:\/\/zug-bilder.de\/wp-content\/uploads\/2019\/11\/1000-D-DB-50-80-26-35-051-4_190812_M\u00fcnchenHbf_RB59178.jpg\"><img loading=\"lazy\" decoding=\"async\" class=\"alignnone size-medium wp-image-2552\" src=\"https:\/\/zug-bilder.de\/wp-content\/uploads\/2019\/11\/1000-D-DB-50-80-26-35-051-4_190812_M\u00fcnchenHbf_RB59178-300x205.jpg\" alt=\"\" width=\"300\" height=\"205\" srcset=\"https:\/\/zug-bilder.de\/wp-content\/uploads\/2019\/11\/1000-D-DB-50-80-26-35-051-4_190812_M\u00fcnchenHbf_RB59178-300x205.jpg 300w, https:\/\/zug-bilder.de\/wp-content\/uploads\/2019\/11\/1000-D-DB-50-80-26-35-051-4_190812_M\u00fcnchenHbf_RB59178-768x524.jpg 768w, https:\/\/zug-bilder.de\/wp-content\/uploads\/2019\/11\/1000-D-DB-50-80-26-35-051-4_190812_M\u00fcnchenHbf_RB59178.jpg 1000w\" sizes=\"auto, (max-width: 300px) 100vw, 300px\" \/><\/a><\/td>\n<td style=\"width: 50%; vertical-align: middle;\"><strong>D-DB 50 80 26-35 051-4<br \/>\n<\/strong>12.08.2019<br \/>\nM\u00fcnchen Hbf<br \/>\n<em>RB 59178<\/em><br \/>\n<em>M\u00fcnchen Hbf &#8211;<\/em><br \/>\n<em>Pfaffenhofen (Ilm)<\/em><strong><br \/>\n<\/strong><\/td>\n<\/tr>\n<\/tbody>\n<\/table>\n","protected":false},"excerpt":{"rendered":"<p>D-DB 50 80 26-35 040-7 12.08.2019 M\u00fcnchen Hbf RB 59178 M\u00fcnchen Hbf &#8211; Pfaffenhofen (Ilm) D-DB 50 80 26-35 047-2 12.08.2019 M\u00fcnchen Hbf RE 4018 M\u00fcnchen Hbf &#8211; Ingolstadt Hbf D-DB 50 80 26-35 047-2 12.08.2019 M\u00fcnchen Hbf RB 59178 M\u00fcnchen Hbf &#8211; Pfaffenhofen (Ilm) D-DB 50 80 26-35 051-4 12.08.2019 M\u00fcnchen Hbf RB 59178 &hellip; <a href=\"https:\/\/zug-bilder.de\/?page_id=2351\" class=\"more-link\"><span class=\"screen-reader-text\">D &#8211; DBz 750.3<\/span> weiterlesen<\/a><\/p>\n","protected":false},"author":1,"featured_media":0,"parent":0,"menu_order":0,"comment_status":"closed","ping_status":"closed","template":"","meta":{"footnotes":""},"class_list":["post-2351","page","type-page","status-publish","hentry"],"_links":{"self":[{"href":"https:\/\/zug-bilder.de\/index.php?rest_route=\/wp\/v2\/pages\/2351","targetHints":{"allow":["GET"]}}],"collection":[{"href":"https:\/\/zug-bilder.de\/index.php?rest_route=\/wp\/v2\/pages"}],"about":[{"href":"https:\/\/zug-bilder.de\/index.php?rest_route=\/wp\/v2\/types\/page"}],"author":[{"embeddable":true,"href":"https:\/\/zug-bilder.de\/index.php?rest_route=\/wp\/v2\/users\/1"}],"replies":[{"embeddable":true,"href":"https:\/\/zug-bilder.de\/index.php?rest_route=%2Fwp%2Fv2%2Fcomments&post=2351"}],"version-history":[{"count":5,"href":"https:\/\/zug-bilder.de\/index.php?rest_route=\/wp\/v2\/pages\/2351\/revisions"}],"predecessor-version":[{"id":2553,"href":"https:\/\/zug-bilder.de\/index.php?rest_route=\/wp\/v2\/pages\/2351\/revisions\/2553"}],"wp:attachment":[{"href":"https:\/\/zug-bilder.de\/index.php?rest_route=%2Fwp%2Fv2%2Fmedia&parent=2351"}],"curies":[{"name":"wp","href":"https:\/\/api.w.org\/{rel}","templated":true}]}}

<table style="width: 100%; border-collapse: collapse;">
<tbody>
<tr>
<td style="width: 50%; vertical-align: middle;"><a href="https://zug-bilder.de/wp-content/uploads/2019/11/1000-D-DB-50-80-26-35-040-7_190812_MünchenHbf_RE59178.jpg"><img loading="lazy" decoding="async" class="alignnone size-medium wp-image-2538" src="https://zug-bilder.de/wp-content/uploads/2019/11/1000-D-DB-50-80-26-35-040-7_190812_MünchenHbf_RE59178-300x205.jpg" alt="" width="300" height="205" srcset="https://zug-bilder.de/wp-content/uploads/2019/11/1000-D-DB-50-80-26-35-040-7_190812_MünchenHbf_RE59178-300x205.jpg 300w, https://zug-bilder.de/wp-content/uploads/2019/11/1000-D-DB-50-80-26-35-040-7_190812_MünchenHbf_RE59178-768x524.jpg 768w, https://zug-bilder.de/wp-content/uploads/2019/11/1000-D-DB-50-80-26-35-040-7_190812_MünchenHbf_RE59178.jpg 1000w" sizes="auto, (max-width: 300px) 100vw, 300px" /></a></td>
<td style="width: 50%; vertical-align: middle;"><strong>D-DB 50 80 26-35 040-7<br />
</strong>12.08.2019<br />
München Hbf<br />
<em>RB 59178</em><br />
<em>München Hbf &#8211;</em><br />
<em>Pfaffenhofen (Ilm)</em><strong><br />
</strong></td>
</tr>
<tr>
<td style="width: 50%; vertical-align: middle;"><a href="https://zug-bilder.de/wp-content/uploads/2019/10/1000-D-DB-50-80-26-35-047-2_190812_MünchenHbf_RE4018.jpg"><img loading="lazy" decoding="async" class="alignnone size-medium wp-image-2352" src="https://zug-bilder.de/wp-content/uploads/2019/10/1000-D-DB-50-80-26-35-047-2_190812_MünchenHbf_RE4018-300x205.jpg" alt="" width="300" height="205" srcset="https://zug-bilder.de/wp-content/uploads/2019/10/1000-D-DB-50-80-26-35-047-2_190812_MünchenHbf_RE4018-300x205.jpg 300w, https://zug-bilder.de/wp-content/uploads/2019/10/1000-D-DB-50-80-26-35-047-2_190812_MünchenHbf_RE4018-768x524.jpg 768w, https://zug-bilder.de/wp-content/uploads/2019/10/1000-D-DB-50-80-26-35-047-2_190812_MünchenHbf_RE4018.jpg 1000w" sizes="auto, (max-width: 300px) 100vw, 300px" /></a></td>
<td style="width: 50%; vertical-align: middle;"><strong>D-DB 50 80 26-35 047-2<br />
</strong>12.08.2019<br />
München Hbf<br />
<em>RE 4018</em><br />
<em>München Hbf &#8211; Ingolstadt Hbf</em></td>
</tr>
<tr>
<td style="width: 50%; vertical-align: middle;"><a href="https://zug-bilder.de/wp-content/uploads/2019/11/1000-D-DB-50-80-26-35-047-2_190812_MünchenHbf_RB59178.jpg"><img loading="lazy" decoding="async" class="alignnone size-medium wp-image-2544" src="https://zug-bilder.de/wp-content/uploads/2019/11/1000-D-DB-50-80-26-35-047-2_190812_MünchenHbf_RB59178-300x205.jpg" alt="" width="300" height="205" srcset="https://zug-bilder.de/wp-content/uploads/2019/11/1000-D-DB-50-80-26-35-047-2_190812_MünchenHbf_RB59178-300x205.jpg 300w, https://zug-bilder.de/wp-content/uploads/2019/11/1000-D-DB-50-80-26-35-047-2_190812_MünchenHbf_RB59178-768x524.jpg 768w, https://zug-bilder.de/wp-content/uploads/2019/11/1000-D-DB-50-80-26-35-047-2_190812_MünchenHbf_RB59178.jpg 1000w" sizes="auto, (max-width: 300px) 100vw, 300px" /></a></td>
<td style="width: 50%; vertical-align: middle;"><strong>D-DB 50 80 26-35 047-2<br />
</strong>12.08.2019<br />
München Hbf<br />
<em>RB 59178</em><br />
<em>München Hbf &#8211;<br />
</em><em>Pfaffenhofen (Ilm)</em><strong><em><br />
</em></strong></td>
</tr>
<tr>
<td style="width: 50%; vertical-align: middle;"><a href="https://zug-bilder.de/wp-content/uploads/2019/11/1000-D-DB-50-80-26-35-051-4_190812_MünchenHbf_RB59178.jpg"><img loading="lazy" decoding="async" class="alignnone size-medium wp-image-2552" src="https://zug-bilder.de/wp-content/uploads/2019/11/1000-D-DB-50-80-26-35-051-4_190812_MünchenHbf_RB59178-300x205.jpg" alt="" width="300" height="205" srcset="https://zug-bilder.de/wp-content/uploads/2019/11/1000-D-DB-50-80-26-35-051-4_190812_MünchenHbf_RB59178-300x205.jpg 300w, https://zug-bilder.de/wp-content/uploads/2019/11/1000-D-DB-50-80-26-35-051-4_190812_MünchenHbf_RB59178-768x524.jpg 768w, https://zug-bilder.de/wp-content/uploads/2019/11/1000-D-DB-50-80-26-35-051-4_190812_MünchenHbf_RB59178.jpg 1000w" sizes="auto, (max-width: 300px) 100vw, 300px" /></a></td>
<td style="width: 50%; vertical-align: middle;"><strong>D-DB 50 80 26-35 051-4<br />
</strong>12.08.2019<br />
München Hbf<br />
<em>RB 59178</em><br />
<em>München Hbf &#8211;</em><br />
<em>Pfaffenhofen (Ilm)</em><strong><br />
</strong></td>
</tr>
</tbody>
</table>

<p>D-DB 50 80 26-35 040-7 12.08.2019 München Hbf RB 59178 München Hbf &#8211; Pfaffenhofen (Ilm) D-DB 50 80 26-35 047-2 12.08.2019 München Hbf RE 4018 München Hbf &#8211; Ingolstadt Hbf D-DB 50 80 26-35 047-2 12.08.2019 München Hbf RB 59178 München Hbf &#8211; Pfaffenhofen (Ilm) D-DB 50 80 26-35 051-4 12.08.2019 München Hbf RB 59178 &hellip; <a href="https://zug-bilder.de/?page_id=2351" class="more-link"><span class="screen-reader-text">D &#8211; DBz 750.3</span> weiterlesen</a></p>
