{"id":2487,"date":"2019-10-30T19:24:04","date_gmt":"2019-10-30T19:24:04","guid":{"rendered":"https:\/\/zug-bilder.de\/?page_id=2487"},"modified":"2019-10-30T19:24:04","modified_gmt":"2019-10-30T19:24:04","slug":"ch-bmpz","status":"publish","type":"page","link":"https:\/\/zug-bilder.de\/?page_id=2487","title":{"rendered":"CH &#8211; Bmpz"},"content":{"rendered":"<table style=\"border-collapse: collapse; width: 100%;\">\n<tbody>\n<tr>\n<td style=\"width: 50%; vertical-align: middle;\"><a href=\"https:\/\/zug-bilder.de\/wp-content\/uploads\/2019\/10\/1000-CH-RJ-61-85-20-73-019-2-Bmpz_190608_WienHbf_RGJ1037.jpg\"><img loading=\"lazy\" decoding=\"async\" class=\"alignnone size-medium wp-image-2488\" src=\"https:\/\/zug-bilder.de\/wp-content\/uploads\/2019\/10\/1000-CH-RJ-61-85-20-73-019-2-Bmpz_190608_WienHbf_RGJ1037-300x205.jpg\" alt=\"\" width=\"300\" height=\"205\" srcset=\"https:\/\/zug-bilder.de\/wp-content\/uploads\/2019\/10\/1000-CH-RJ-61-85-20-73-019-2-Bmpz_190608_WienHbf_RGJ1037-300x205.jpg 300w, https:\/\/zug-bilder.de\/wp-content\/uploads\/2019\/10\/1000-CH-RJ-61-85-20-73-019-2-Bmpz_190608_WienHbf_RGJ1037-768x524.jpg 768w, https:\/\/zug-bilder.de\/wp-content\/uploads\/2019\/10\/1000-CH-RJ-61-85-20-73-019-2-Bmpz_190608_WienHbf_RGJ1037.jpg 1000w\" sizes=\"auto, (max-width: 300px) 100vw, 300px\" \/><\/a><\/td>\n<td style=\"width: 50%; vertical-align: middle;\"><strong>CH-RJ 61 85 20-73 019-2<\/strong><br \/>\n08.06.2019<br \/>\nWien Hbf<br \/>\n<em>RGJ 1037<\/em><br \/>\n<em><span lang=\"cs\">Praha hlavn\u00ed n\u00e1dra\u017e\u00ed<\/span> &#8211;<\/em><br \/>\n<em>Wien Hbf<\/em><\/td>\n<\/tr>\n<\/tbody>\n<\/table>\n","protected":false},"excerpt":{"rendered":"<p>CH-RJ 61 85 20-73 019-2 08.06.2019 Wien Hbf RGJ 1037 Praha hlavn\u00ed n\u00e1dra\u017e\u00ed &#8211; Wien Hbf<\/p>\n","protected":false},"author":1,"featured_media":0,"parent":0,"menu_order":0,"comment_status":"closed","ping_status":"closed","template":"","meta":{"footnotes":""},"class_list":["post-2487","page","type-page","status-publish","hentry"],"_links":{"self":[{"href":"https:\/\/zug-bilder.de\/index.php?rest_route=\/wp\/v2\/pages\/2487","targetHints":{"allow":["GET"]}}],"collection":[{"href":"https:\/\/zug-bilder.de\/index.php?rest_route=\/wp\/v2\/pages"}],"about":[{"href":"https:\/\/zug-bilder.de\/index.php?rest_route=\/wp\/v2\/types\/page"}],"author":[{"embeddable":true,"href":"https:\/\/zug-bilder.de\/index.php?rest_route=\/wp\/v2\/users\/1"}],"replies":[{"embeddable":true,"href":"https:\/\/zug-bilder.de\/index.php?rest_route=%2Fwp%2Fv2%2Fcomments&post=2487"}],"version-history":[{"count":1,"href":"https:\/\/zug-bilder.de\/index.php?rest_route=\/wp\/v2\/pages\/2487\/revisions"}],"predecessor-version":[{"id":2489,"href":"https:\/\/zug-bilder.de\/index.php?rest_route=\/wp\/v2\/pages\/2487\/revisions\/2489"}],"wp:attachment":[{"href":"https:\/\/zug-bilder.de\/index.php?rest_route=%2Fwp%2Fv2%2Fmedia&parent=2487"}],"curies":[{"name":"wp","href":"https:\/\/api.w.org\/{rel}","templated":true}]}}