{"id":2923,"date":"2019-12-21T16:09:51","date_gmt":"2019-12-21T16:09:51","guid":{"rendered":"https:\/\/zug-bilder.de\/?page_id=2923"},"modified":"2021-12-25T14:16:18","modified_gmt":"2021-12-25T14:16:18","slug":"93-85-5610","status":"publish","type":"page","link":"https:\/\/zug-bilder.de\/?page_id=2923","title":{"rendered":"93 85 5610"},"content":{"rendered":"<table style=\"border-collapse: collapse; width: 100%;\">\n<tbody>\n<tr>\n<td style=\"width: 50%; vertical-align: middle;\"><a href=\"https:\/\/zug-bilder.de\/wp-content\/uploads\/2020\/01\/1000-93-85-0503-XXX-X-CH-SBB_160826_PeschieradelGarda_EC37.jpg\"><img loading=\"lazy\" decoding=\"async\" class=\"alignnone size-medium wp-image-3335\" src=\"https:\/\/zug-bilder.de\/wp-content\/uploads\/2020\/01\/1000-93-85-0503-XXX-X-CH-SBB_160826_PeschieradelGarda_EC37-300x205.jpg\" alt=\"\" width=\"300\" height=\"205\" srcset=\"https:\/\/zug-bilder.de\/wp-content\/uploads\/2020\/01\/1000-93-85-0503-XXX-X-CH-SBB_160826_PeschieradelGarda_EC37-300x205.jpg 300w, https:\/\/zug-bilder.de\/wp-content\/uploads\/2020\/01\/1000-93-85-0503-XXX-X-CH-SBB_160826_PeschieradelGarda_EC37-768x524.jpg 768w, https:\/\/zug-bilder.de\/wp-content\/uploads\/2020\/01\/1000-93-85-0503-XXX-X-CH-SBB_160826_PeschieradelGarda_EC37.jpg 1000w\" sizes=\"auto, (max-width: 300px) 100vw, 300px\" \/><\/a><\/td>\n<td style=\"width: 50%; vertical-align: middle;\"><strong>93 85 0503 XXX-X CH-SBB<br \/>\n<\/strong>26.08.2016<br \/>\nPeschiera del Garda<br \/>\n<em>EC 37<\/em><br \/>\n<em>Gen\u00e9ve\u00a0(Genf) &#8211; <\/em><br \/>\n<em>Venezia Santa Lucia<\/em><strong><br \/>\n<\/strong><\/td>\n<\/tr>\n<tr>\n<td style=\"width: 50%; vertical-align: middle;\"><a href=\"https:\/\/zug-bilder.de\/wp-content\/uploads\/2021\/12\/1000-93-85-5610-110-4-CH-SBB_211102_MuenchenHbf_ECE99.jpg\"><img loading=\"lazy\" decoding=\"async\" class=\"alignnone size-medium wp-image-4943\" src=\"https:\/\/zug-bilder.de\/wp-content\/uploads\/2021\/12\/1000-93-85-5610-110-4-CH-SBB_211102_MuenchenHbf_ECE99-300x205.jpg\" alt=\"\" width=\"300\" height=\"205\" srcset=\"https:\/\/zug-bilder.de\/wp-content\/uploads\/2021\/12\/1000-93-85-5610-110-4-CH-SBB_211102_MuenchenHbf_ECE99-300x205.jpg 300w, https:\/\/zug-bilder.de\/wp-content\/uploads\/2021\/12\/1000-93-85-5610-110-4-CH-SBB_211102_MuenchenHbf_ECE99-768x524.jpg 768w, https:\/\/zug-bilder.de\/wp-content\/uploads\/2021\/12\/1000-93-85-5610-110-4-CH-SBB_211102_MuenchenHbf_ECE99.jpg 1000w\" sizes=\"auto, (max-width: 300px) 100vw, 300px\" \/><\/a><\/td>\n<td style=\"width: 50%; vertical-align: middle;\"><strong>93 85 5610 110-4 CH-SBB<br \/>\n<\/strong>02.11.2021<br \/>\nM\u00fcnchen Hbf<br \/>\n<em>EC 99 (bis Lindau-Reutin)<br \/>\nECE 99 (ab Lindau-Reutin)<\/em><br \/>\n<em>Z\u00fcrich HB &#8211; M\u00fcnchen Hbf<\/em><\/td>\n<\/tr>\n<tr>\n<td style=\"width: 50%; vertical-align: middle;\"><a href=\"https:\/\/zug-bilder.de\/wp-content\/uploads\/2019\/12\/1000-93-85-5610-702-8-CH-TI_150603_RomaTermini.jpg\"><img loading=\"lazy\" decoding=\"async\" class=\"alignnone size-medium wp-image-2927\" src=\"https:\/\/zug-bilder.de\/wp-content\/uploads\/2019\/12\/1000-93-85-5610-702-8-CH-TI_150603_RomaTermini-300x205.jpg\" alt=\"\" width=\"300\" height=\"205\" srcset=\"https:\/\/zug-bilder.de\/wp-content\/uploads\/2019\/12\/1000-93-85-5610-702-8-CH-TI_150603_RomaTermini-300x205.jpg 300w, https:\/\/zug-bilder.de\/wp-content\/uploads\/2019\/12\/1000-93-85-5610-702-8-CH-TI_150603_RomaTermini-768x524.jpg 768w, https:\/\/zug-bilder.de\/wp-content\/uploads\/2019\/12\/1000-93-85-5610-702-8-CH-TI_150603_RomaTermini.jpg 1000w\" sizes=\"auto, (max-width: 300px) 100vw, 300px\" \/><\/a><\/td>\n<td style=\"width: 50%; vertical-align: middle;\"><strong>93 85 5610 702-8 CH-TI<br \/>\n<\/strong>03.06.2015<br \/>\nRoma Termini<strong><br \/>\n<\/strong><\/td>\n<\/tr>\n<tr>\n<td style=\"width: 50%; vertical-align: middle;\"><a href=\"https:\/\/zug-bilder.de\/wp-content\/uploads\/2019\/12\/1000-93-85-5610-711-9-CH-TI_150603_RomaTermini.jpg\"><img loading=\"lazy\" decoding=\"async\" class=\"alignnone size-medium wp-image-2924\" src=\"https:\/\/zug-bilder.de\/wp-content\/uploads\/2019\/12\/1000-93-85-5610-711-9-CH-TI_150603_RomaTermini-300x205.jpg\" alt=\"\" width=\"300\" height=\"205\" srcset=\"https:\/\/zug-bilder.de\/wp-content\/uploads\/2019\/12\/1000-93-85-5610-711-9-CH-TI_150603_RomaTermini-300x205.jpg 300w, https:\/\/zug-bilder.de\/wp-content\/uploads\/2019\/12\/1000-93-85-5610-711-9-CH-TI_150603_RomaTermini-768x524.jpg 768w, https:\/\/zug-bilder.de\/wp-content\/uploads\/2019\/12\/1000-93-85-5610-711-9-CH-TI_150603_RomaTermini.jpg 1000w\" sizes=\"auto, (max-width: 300px) 100vw, 300px\" \/><\/a><\/td>\n<td style=\"width: 50%; vertical-align: middle;\"><strong>93 85 5610 711-9 CH-TI<\/strong><br \/>\n03.06.2015<br \/>\nRoma Termini<\/td>\n<\/tr>\n<\/tbody>\n<\/table>\n","protected":false},"excerpt":{"rendered":"<p>93 85 0503 XXX-X CH-SBB 26.08.2016 Peschiera del Garda EC 37 Gen\u00e9ve\u00a0(Genf) &#8211; Venezia Santa Lucia 93 85 5610 110-4 CH-SBB 02.11.2021 M\u00fcnchen Hbf EC 99 (bis Lindau-Reutin) ECE 99 (ab Lindau-Reutin) Z\u00fcrich HB &#8211; M\u00fcnchen Hbf 93 85 5610 702-8 CH-TI 03.06.2015 Roma Termini 93 85 5610 711-9 CH-TI 03.06.2015 Roma Termini<\/p>\n","protected":false},"author":1,"featured_media":0,"parent":0,"menu_order":0,"comment_status":"closed","ping_status":"closed","template":"","meta":{"footnotes":""},"class_list":["post-2923","page","type-page","status-publish","hentry"],"_links":{"self":[{"href":"https:\/\/zug-bilder.de\/index.php?rest_route=\/wp\/v2\/pages\/2923","targetHints":{"allow":["GET"]}}],"collection":[{"href":"https:\/\/zug-bilder.de\/index.php?rest_route=\/wp\/v2\/pages"}],"about":[{"href":"https:\/\/zug-bilder.de\/index.php?rest_route=\/wp\/v2\/types\/page"}],"author":[{"embeddable":true,"href":"https:\/\/zug-bilder.de\/index.php?rest_route=\/wp\/v2\/users\/1"}],"replies":[{"embeddable":true,"href":"https:\/\/zug-bilder.de\/index.php?rest_route=%2Fwp%2Fv2%2Fcomments&post=2923"}],"version-history":[{"count":7,"href":"https:\/\/zug-bilder.de\/index.php?rest_route=\/wp\/v2\/pages\/2923\/revisions"}],"predecessor-version":[{"id":4945,"href":"https:\/\/zug-bilder.de\/index.php?rest_route=\/wp\/v2\/pages\/2923\/revisions\/4945"}],"wp:attachment":[{"href":"https:\/\/zug-bilder.de\/index.php?rest_route=%2Fwp%2Fv2%2Fmedia&parent=2923"}],"curies":[{"name":"wp","href":"https:\/\/api.w.org\/{rel}","templated":true}]}}