{"id":2994,"date":"2019-12-25T10:01:30","date_gmt":"2019-12-25T10:01:30","guid":{"rendered":"https:\/\/zug-bilder.de\/?page_id=2994"},"modified":"2024-05-31T14:52:43","modified_gmt":"2024-05-31T14:52:43","slug":"wien-e2","status":"publish","type":"page","link":"https:\/\/zug-bilder.de\/?page_id=2994","title":{"rendered":"Wien &#8211; E2"},"content":{"rendered":"\n<div class=\"wp-block-columns is-layout-flex wp-container-core-columns-is-layout-9d6595d7 wp-block-columns-is-layout-flex\">\n<div class=\"wp-block-column is-layout-flow wp-block-column-is-layout-flow\">\n<figure class=\"wp-block-image size-full\"><a href=\"https:\/\/zug-bilder.de\/wp-content\/uploads\/2019\/12\/1000-4009_190608_HauptbahnhofOst_D.jpg\"><img loading=\"lazy\" decoding=\"async\" width=\"1000\" height=\"682\" src=\"https:\/\/zug-bilder.de\/wp-content\/uploads\/2019\/12\/1000-4009_190608_HauptbahnhofOst_D.jpg\" alt=\"\" class=\"wp-image-2995\" srcset=\"https:\/\/zug-bilder.de\/wp-content\/uploads\/2019\/12\/1000-4009_190608_HauptbahnhofOst_D.jpg 1000w, https:\/\/zug-bilder.de\/wp-content\/uploads\/2019\/12\/1000-4009_190608_HauptbahnhofOst_D-300x205.jpg 300w, https:\/\/zug-bilder.de\/wp-content\/uploads\/2019\/12\/1000-4009_190608_HauptbahnhofOst_D-768x524.jpg 768w\" sizes=\"auto, (max-width: 1000px) 100vw, 1000px\" \/><\/a><\/figure>\n<\/div>\n\n\n\n<div class=\"wp-block-column is-layout-flow wp-block-column-is-layout-flow\">\n<p class=\"has-light-gray-background-color has-background\"><strong>4009<\/strong><br>08.06.2019<br><img loading=\"lazy\" decoding=\"async\" width=\"30\" height=\"20\" class=\"wp-image-5711\" style=\"width: 30px;\" src=\"https:\/\/zug-bilder.de\/wp-content\/uploads\/2023\/04\/Flagge_Oesterreich.jpg\" alt=\"\"> Wien Hauptbahnhof Ost<br><img loading=\"lazy\" decoding=\"async\" width=\"20\" height=\"19\" class=\"wp-image-2996\" style=\"width: 20px;\" src=\"https:\/\/zug-bilder.de\/wp-content\/uploads\/2019\/12\/Logo_Tram.jpg\" alt=\"\"> <em>D<\/em><br><em>Nu\u00dfdorf, Beethovengang &#8211;<\/em> <em>Alfred-Adler-Stra\u00dfe<\/em><\/p>\n<\/div>\n<\/div>\n\n\n\n<div class=\"wp-block-columns is-layout-flex wp-container-core-columns-is-layout-9d6595d7 wp-block-columns-is-layout-flex\">\n<div class=\"wp-block-column is-layout-flow wp-block-column-is-layout-flow\">\n<figure class=\"wp-block-image size-full\"><a href=\"https:\/\/zug-bilder.de\/wp-content\/uploads\/2019\/12\/1000-4009_190608_HauptbahnhofOst_D_2.jpg\"><img loading=\"lazy\" decoding=\"async\" width=\"1000\" height=\"682\" src=\"https:\/\/zug-bilder.de\/wp-content\/uploads\/2019\/12\/1000-4009_190608_HauptbahnhofOst_D_2.jpg\" alt=\"\" class=\"wp-image-3000\" srcset=\"https:\/\/zug-bilder.de\/wp-content\/uploads\/2019\/12\/1000-4009_190608_HauptbahnhofOst_D_2.jpg 1000w, https:\/\/zug-bilder.de\/wp-content\/uploads\/2019\/12\/1000-4009_190608_HauptbahnhofOst_D_2-300x205.jpg 300w, https:\/\/zug-bilder.de\/wp-content\/uploads\/2019\/12\/1000-4009_190608_HauptbahnhofOst_D_2-768x524.jpg 768w\" sizes=\"auto, (max-width: 1000px) 100vw, 1000px\" \/><\/a><\/figure>\n<\/div>\n\n\n\n<div class=\"wp-block-column is-layout-flow wp-block-column-is-layout-flow\">\n<p class=\"has-light-gray-background-color has-background\"><strong>4009<br><\/strong>08.06.2019<br><img loading=\"lazy\" decoding=\"async\" width=\"30\" height=\"20\" class=\"wp-image-5711\" style=\"width: 30px;\" src=\"https:\/\/zug-bilder.de\/wp-content\/uploads\/2023\/04\/Flagge_Oesterreich.jpg\" alt=\"\"> Wien Hauptbahnhof Ost<br><img loading=\"lazy\" decoding=\"async\" width=\"20\" height=\"19\" class=\"wp-image-2996\" style=\"width: 20px;\" src=\"https:\/\/zug-bilder.de\/wp-content\/uploads\/2019\/12\/Logo_Tram.jpg\" alt=\"\"> <em>D<\/em><br><em>Alfred-Adler-Stra\u00dfe &#8211; Nu\u00dfdorf, Beethovengang<\/em><\/p>\n<\/div>\n<\/div>\n\n\n\n<div class=\"wp-block-columns is-layout-flex wp-container-core-columns-is-layout-9d6595d7 wp-block-columns-is-layout-flex\">\n<div class=\"wp-block-column is-layout-flow wp-block-column-is-layout-flow\">\n<figure class=\"wp-block-image size-full\"><a href=\"https:\/\/zug-bilder.de\/wp-content\/uploads\/2024\/05\/1000-4010_240529_Absberggasse_D.jpg\"><img loading=\"lazy\" decoding=\"async\" width=\"1000\" height=\"682\" src=\"https:\/\/zug-bilder.de\/wp-content\/uploads\/2024\/05\/1000-4010_240529_Absberggasse_D.jpg\" alt=\"\" class=\"wp-image-6497\" srcset=\"https:\/\/zug-bilder.de\/wp-content\/uploads\/2024\/05\/1000-4010_240529_Absberggasse_D.jpg 1000w, https:\/\/zug-bilder.de\/wp-content\/uploads\/2024\/05\/1000-4010_240529_Absberggasse_D-300x205.jpg 300w, https:\/\/zug-bilder.de\/wp-content\/uploads\/2024\/05\/1000-4010_240529_Absberggasse_D-768x524.jpg 768w\" sizes=\"auto, (max-width: 1000px) 100vw, 1000px\" \/><\/a><\/figure>\n<\/div>\n\n\n\n<div class=\"wp-block-column is-layout-flow wp-block-column-is-layout-flow\">\n<p class=\"has-light-gray-background-color has-background\"><strong>4010<\/strong><br>1444 (c5)<br>29.05.2024<br><img loading=\"lazy\" decoding=\"async\" width=\"30\" height=\"20\" class=\"wp-image-5711\" style=\"width: 30px;\" src=\"https:\/\/zug-bilder.de\/wp-content\/uploads\/2023\/04\/Flagge_Oesterreich.jpg\" alt=\"\"> Wien Absberggasse<br><img loading=\"lazy\" decoding=\"async\" width=\"20\" height=\"19\" class=\"wp-image-2996\" style=\"width: 20px;\" src=\"https:\/\/zug-bilder.de\/wp-content\/uploads\/2019\/12\/Logo_Tram.jpg\" alt=\"\"> D<br>Absberggasse &#8211; Nu\u00dfdorf, Beethovengang<\/p>\n<\/div>\n<\/div>\n\n\n\n<div class=\"wp-block-columns is-layout-flex wp-container-core-columns-is-layout-9d6595d7 wp-block-columns-is-layout-flex\">\n<div class=\"wp-block-column is-layout-flow wp-block-column-is-layout-flow\">\n<figure class=\"wp-block-image size-full\"><a href=\"https:\/\/zug-bilder.de\/wp-content\/uploads\/2019\/12\/1000-4011_190609_HauptbahnhofOst_D.jpg\"><img loading=\"lazy\" decoding=\"async\" width=\"1000\" height=\"682\" src=\"https:\/\/zug-bilder.de\/wp-content\/uploads\/2019\/12\/1000-4011_190609_HauptbahnhofOst_D.jpg\" alt=\"\" class=\"wp-image-3010\" srcset=\"https:\/\/zug-bilder.de\/wp-content\/uploads\/2019\/12\/1000-4011_190609_HauptbahnhofOst_D.jpg 1000w, https:\/\/zug-bilder.de\/wp-content\/uploads\/2019\/12\/1000-4011_190609_HauptbahnhofOst_D-300x205.jpg 300w, https:\/\/zug-bilder.de\/wp-content\/uploads\/2019\/12\/1000-4011_190609_HauptbahnhofOst_D-768x524.jpg 768w\" sizes=\"auto, (max-width: 1000px) 100vw, 1000px\" \/><\/a><\/figure>\n<\/div>\n\n\n\n<div class=\"wp-block-column is-layout-flow wp-block-column-is-layout-flow\">\n<p class=\"has-light-gray-background-color has-background\"><strong>4011<br><\/strong>1411 (c5)<br>09.06.2019<br><img loading=\"lazy\" decoding=\"async\" width=\"30\" height=\"20\" class=\"wp-image-5711\" style=\"width: 30px;\" src=\"https:\/\/zug-bilder.de\/wp-content\/uploads\/2023\/04\/Flagge_Oesterreich.jpg\" alt=\"\"> Wien Hauptbahnhof Ost<br><img loading=\"lazy\" decoding=\"async\" width=\"20\" height=\"19\" class=\"wp-image-2996\" style=\"width: 20px;\" src=\"https:\/\/zug-bilder.de\/wp-content\/uploads\/2019\/12\/Logo_Tram.jpg\" alt=\"\"> <em>D<\/em><br><em>Nu\u00dfdorf, Beethovengang &#8211;<\/em> <em>Alfred-Adler-Stra\u00dfe<\/em><\/p>\n<\/div>\n<\/div>\n\n\n\n<div class=\"wp-block-columns is-layout-flex wp-container-core-columns-is-layout-9d6595d7 wp-block-columns-is-layout-flex\">\n<div class=\"wp-block-column is-layout-flow wp-block-column-is-layout-flow\">\n<figure class=\"wp-block-image size-full\"><a href=\"https:\/\/zug-bilder.de\/wp-content\/uploads\/2021\/05\/1000-4061_140612_Oper-Karlsplatz_62.jpg\"><img loading=\"lazy\" decoding=\"async\" width=\"1000\" height=\"682\" src=\"https:\/\/zug-bilder.de\/wp-content\/uploads\/2021\/05\/1000-4061_140612_Oper-Karlsplatz_62.jpg\" alt=\"\" class=\"wp-image-4605\" srcset=\"https:\/\/zug-bilder.de\/wp-content\/uploads\/2021\/05\/1000-4061_140612_Oper-Karlsplatz_62.jpg 1000w, https:\/\/zug-bilder.de\/wp-content\/uploads\/2021\/05\/1000-4061_140612_Oper-Karlsplatz_62-300x205.jpg 300w, https:\/\/zug-bilder.de\/wp-content\/uploads\/2021\/05\/1000-4061_140612_Oper-Karlsplatz_62-768x524.jpg 768w\" sizes=\"auto, (max-width: 1000px) 100vw, 1000px\" \/><\/a><\/figure>\n<\/div>\n\n\n\n<div class=\"wp-block-column is-layout-flow wp-block-column-is-layout-flow\">\n<p class=\"has-light-gray-background-color has-background\"><strong>4061<br><\/strong>1461 (c5)<br>12.06.2014<br><img loading=\"lazy\" decoding=\"async\" width=\"30\" height=\"20\" class=\"wp-image-5711\" style=\"width: 30px;\" src=\"https:\/\/zug-bilder.de\/wp-content\/uploads\/2023\/04\/Flagge_Oesterreich.jpg\" alt=\"\"> Wien Karlsplatz<br><img loading=\"lazy\" decoding=\"async\" width=\"20\" height=\"19\" class=\"wp-image-2996\" style=\"width: 20px;\" src=\"https:\/\/zug-bilder.de\/wp-content\/uploads\/2019\/12\/Logo_Tram.jpg\" alt=\"\"> <em>62<\/em><br><em>Oper, Karlsplatz &#8211;<\/em> <em>Lainz, Wolkersbergenstra\u00dfe<\/em><\/p>\n<\/div>\n<\/div>\n\n\n\n<div class=\"wp-block-columns is-layout-flex wp-container-core-columns-is-layout-9d6595d7 wp-block-columns-is-layout-flex\">\n<div class=\"wp-block-column is-layout-flow wp-block-column-is-layout-flow\">\n<figure class=\"wp-block-image size-full\"><a href=\"https:\/\/zug-bilder.de\/wp-content\/uploads\/2021\/10\/1000-4083_140612_RathausplatzBurgtheater_71.jpg\"><img loading=\"lazy\" decoding=\"async\" width=\"1000\" height=\"682\" src=\"https:\/\/zug-bilder.de\/wp-content\/uploads\/2021\/10\/1000-4083_140612_RathausplatzBurgtheater_71.jpg\" alt=\"\" class=\"wp-image-4816\" srcset=\"https:\/\/zug-bilder.de\/wp-content\/uploads\/2021\/10\/1000-4083_140612_RathausplatzBurgtheater_71.jpg 1000w, https:\/\/zug-bilder.de\/wp-content\/uploads\/2021\/10\/1000-4083_140612_RathausplatzBurgtheater_71-300x205.jpg 300w, https:\/\/zug-bilder.de\/wp-content\/uploads\/2021\/10\/1000-4083_140612_RathausplatzBurgtheater_71-768x524.jpg 768w\" sizes=\"auto, (max-width: 1000px) 100vw, 1000px\" \/><\/a><\/figure>\n<\/div>\n\n\n\n<div class=\"wp-block-column is-layout-flow wp-block-column-is-layout-flow\">\n<p class=\"has-light-gray-background-color has-background\"><strong>4083<br><\/strong>1483 (c5)<br>12.06.2014<br><img loading=\"lazy\" decoding=\"async\" width=\"30\" height=\"20\" class=\"wp-image-5711\" style=\"width: 30px;\" src=\"https:\/\/zug-bilder.de\/wp-content\/uploads\/2023\/04\/Flagge_Oesterreich.jpg\" alt=\"\"> Wien Rathausplatz \/ Burgtheater<br><img loading=\"lazy\" decoding=\"async\" width=\"20\" height=\"19\" class=\"wp-image-2996\" style=\"width: 20px;\" src=\"https:\/\/zug-bilder.de\/wp-content\/uploads\/2019\/12\/Logo_Tram.jpg\" alt=\"\"> <em>71<\/em><br><em>B\u00f6rse &#8211;<\/em> <em>Zentralfriedhof 3. Tor<\/em><\/p>\n<\/div>\n<\/div>\n\n\n\n<div class=\"wp-block-columns is-layout-flex wp-container-core-columns-is-layout-9d6595d7 wp-block-columns-is-layout-flex\">\n<div class=\"wp-block-column is-layout-flow wp-block-column-is-layout-flow\">\n<figure class=\"wp-block-image size-full\"><a href=\"https:\/\/zug-bilder.de\/wp-content\/uploads\/2021\/05\/1000-4313_140612_Karlsplatz_1.jpg\"><img loading=\"lazy\" decoding=\"async\" width=\"1000\" height=\"682\" src=\"https:\/\/zug-bilder.de\/wp-content\/uploads\/2021\/05\/1000-4313_140612_Karlsplatz_1.jpg\" alt=\"\" class=\"wp-image-4615\" srcset=\"https:\/\/zug-bilder.de\/wp-content\/uploads\/2021\/05\/1000-4313_140612_Karlsplatz_1.jpg 1000w, https:\/\/zug-bilder.de\/wp-content\/uploads\/2021\/05\/1000-4313_140612_Karlsplatz_1-300x205.jpg 300w, https:\/\/zug-bilder.de\/wp-content\/uploads\/2021\/05\/1000-4313_140612_Karlsplatz_1-768x524.jpg 768w\" sizes=\"auto, (max-width: 1000px) 100vw, 1000px\" \/><\/a><\/figure>\n<\/div>\n\n\n\n<div class=\"wp-block-column is-layout-flow wp-block-column-is-layout-flow\">\n<p class=\"has-light-gray-background-color has-background\"><strong>4313<br><\/strong>1513 (c5)<br>12.06.2014<br><img loading=\"lazy\" decoding=\"async\" width=\"30\" height=\"20\" class=\"wp-image-5711\" style=\"width: 30px;\" src=\"https:\/\/zug-bilder.de\/wp-content\/uploads\/2023\/04\/Flagge_Oesterreich.jpg\" alt=\"\"> Wien Karlsplatz<br><img loading=\"lazy\" decoding=\"async\" width=\"20\" height=\"19\" class=\"wp-image-2996\" style=\"width: 20px;\" src=\"https:\/\/zug-bilder.de\/wp-content\/uploads\/2019\/12\/Logo_Tram.jpg\" alt=\"\"> <em>1<\/em><br><em>Prater Hauptallee &#8211;<\/em> <em>Stefan-Fadinger-Platz<\/em><\/p>\n<\/div>\n<\/div>\n","protected":false},"excerpt":{"rendered":"<p>400908.06.2019 Wien Hauptbahnhof Ost DNu\u00dfdorf, Beethovengang &#8211; Alfred-Adler-Stra\u00dfe 400908.06.2019 Wien Hauptbahnhof Ost DAlfred-Adler-Stra\u00dfe &#8211; Nu\u00dfdorf, Beethovengang 40101444 (c5)29.05.2024 Wien Absberggasse DAbsberggasse &#8211; Nu\u00dfdorf, Beethovengang 40111411 (c5)09.06.2019 Wien Hauptbahnhof Ost DNu\u00dfdorf, Beethovengang &#8211; Alfred-Adler-Stra\u00dfe 40611461 (c5)12.06.2014 Wien Karlsplatz 62Oper, Karlsplatz &#8211; Lainz, Wolkersbergenstra\u00dfe 40831483 (c5)12.06.2014 Wien Rathausplatz \/ Burgtheater 71B\u00f6rse &#8211; Zentralfriedhof 3. Tor 43131513 (c5)12.06.2014 &hellip; <a href=\"https:\/\/zug-bilder.de\/?page_id=2994\" class=\"more-link\"><span class=\"screen-reader-text\">Wien &#8211; E2<\/span> weiterlesen<\/a><\/p>\n","protected":false},"author":1,"featured_media":0,"parent":0,"menu_order":0,"comment_status":"closed","ping_status":"closed","template":"","meta":{"footnotes":""},"class_list":["post-2994","page","type-page","status-publish","hentry"],"_links":{"self":[{"href":"https:\/\/zug-bilder.de\/index.php?rest_route=\/wp\/v2\/pages\/2994","targetHints":{"allow":["GET"]}}],"collection":[{"href":"https:\/\/zug-bilder.de\/index.php?rest_route=\/wp\/v2\/pages"}],"about":[{"href":"https:\/\/zug-bilder.de\/index.php?rest_route=\/wp\/v2\/types\/page"}],"author":[{"embeddable":true,"href":"https:\/\/zug-bilder.de\/index.php?rest_route=\/wp\/v2\/users\/1"}],"replies":[{"embeddable":true,"href":"https:\/\/zug-bilder.de\/index.php?rest_route=%2Fwp%2Fv2%2Fcomments&post=2994"}],"version-history":[{"count":17,"href":"https:\/\/zug-bilder.de\/index.php?rest_route=\/wp\/v2\/pages\/2994\/revisions"}],"predecessor-version":[{"id":6508,"href":"https:\/\/zug-bilder.de\/index.php?rest_route=\/wp\/v2\/pages\/2994\/revisions\/6508"}],"wp:attachment":[{"href":"https:\/\/zug-bilder.de\/index.php?rest_route=%2Fwp%2Fv2%2Fmedia&parent=2994"}],"curies":[{"name":"wp","href":"https:\/\/api.w.org\/{rel}","templated":true}]}}