{"id":3262,"date":"2019-12-31T13:54:09","date_gmt":"2019-12-31T13:54:09","guid":{"rendered":"https:\/\/zug-bilder.de\/?page_id=3262"},"modified":"2019-12-31T13:54:09","modified_gmt":"2019-12-31T13:54:09","slug":"muenchen-s1-5","status":"publish","type":"page","link":"https:\/\/zug-bilder.de\/?page_id=3262","title":{"rendered":"M\u00fcnchen &#8211; S1.5"},"content":{"rendered":"<table style=\"border-collapse: collapse; width: 100%;\">\n<tbody>\n<tr>\n<td style=\"width: 50%; vertical-align: middle;\"><a href=\"https:\/\/zug-bilder.de\/wp-content\/uploads\/2019\/12\/1000-S1_5-2312_160902_Ostbahnhof_19.jpg\"><img loading=\"lazy\" decoding=\"async\" class=\"alignnone size-medium wp-image-3263\" src=\"https:\/\/zug-bilder.de\/wp-content\/uploads\/2019\/12\/1000-S1_5-2312_160902_Ostbahnhof_19-300x205.jpg\" alt=\"\" width=\"300\" height=\"205\" srcset=\"https:\/\/zug-bilder.de\/wp-content\/uploads\/2019\/12\/1000-S1_5-2312_160902_Ostbahnhof_19-300x205.jpg 300w, https:\/\/zug-bilder.de\/wp-content\/uploads\/2019\/12\/1000-S1_5-2312_160902_Ostbahnhof_19-768x524.jpg 768w, https:\/\/zug-bilder.de\/wp-content\/uploads\/2019\/12\/1000-S1_5-2312_160902_Ostbahnhof_19.jpg 1000w\" sizes=\"auto, (max-width: 300px) 100vw, 300px\" \/><\/a><\/td>\n<td style=\"width: 50%; vertical-align: middle;\"><strong>2312<\/strong><br \/>\n02.09.2016<br \/>\nOstbahnhof<br \/>\n<img loading=\"lazy\" decoding=\"async\" class=\"alignnone wp-image-2996\" src=\"https:\/\/zug-bilder.de\/wp-content\/uploads\/2019\/12\/Logo_Tram.jpg\" alt=\"\" width=\"20\" height=\"19\" \/> <em>19<\/em><br \/>\n<em>Pasing &#8211; St.-Veit-Stra\u00dfe<\/em><\/td>\n<\/tr>\n<tr>\n<td style=\"width: 50%; vertical-align: middle;\"><a href=\"https:\/\/zug-bilder.de\/wp-content\/uploads\/2019\/12\/1000-S1_5-XXXX_180210_Maximiliansbr\u00fccke_19.jpg\"><img loading=\"lazy\" decoding=\"async\" class=\"alignnone size-medium wp-image-3264\" src=\"https:\/\/zug-bilder.de\/wp-content\/uploads\/2019\/12\/1000-S1_5-XXXX_180210_Maximiliansbr\u00fccke_19-300x205.jpg\" alt=\"\" width=\"300\" height=\"205\" srcset=\"https:\/\/zug-bilder.de\/wp-content\/uploads\/2019\/12\/1000-S1_5-XXXX_180210_Maximiliansbr\u00fccke_19-300x205.jpg 300w, https:\/\/zug-bilder.de\/wp-content\/uploads\/2019\/12\/1000-S1_5-XXXX_180210_Maximiliansbr\u00fccke_19-768x524.jpg 768w, https:\/\/zug-bilder.de\/wp-content\/uploads\/2019\/12\/1000-S1_5-XXXX_180210_Maximiliansbr\u00fccke_19.jpg 1000w\" sizes=\"auto, (max-width: 300px) 100vw, 300px\" \/><\/a><\/td>\n<td style=\"width: 50%; vertical-align: middle;\"><strong>XXXX<\/strong><br \/>\n10.02.2018<br \/>\nMaximiliansbr\u00fccke<br \/>\n<em><img loading=\"lazy\" decoding=\"async\" class=\"alignnone wp-image-2996\" src=\"https:\/\/zug-bilder.de\/wp-content\/uploads\/2019\/12\/Logo_Tram.jpg\" alt=\"\" width=\"20\" height=\"19\" \/> 19<\/em><br \/>\n<em>Pasing &#8211; St.-Veit-Stra\u00dfe<\/em><\/td>\n<\/tr>\n<\/tbody>\n<\/table>\n","protected":false},"excerpt":{"rendered":"<p>2312 02.09.2016 Ostbahnhof 19 Pasing &#8211; St.-Veit-Stra\u00dfe XXXX 10.02.2018 Maximiliansbr\u00fccke 19 Pasing &#8211; St.-Veit-Stra\u00dfe<\/p>\n","protected":false},"author":1,"featured_media":0,"parent":0,"menu_order":0,"comment_status":"closed","ping_status":"closed","template":"","meta":{"footnotes":""},"class_list":["post-3262","page","type-page","status-publish","hentry"],"_links":{"self":[{"href":"https:\/\/zug-bilder.de\/index.php?rest_route=\/wp\/v2\/pages\/3262","targetHints":{"allow":["GET"]}}],"collection":[{"href":"https:\/\/zug-bilder.de\/index.php?rest_route=\/wp\/v2\/pages"}],"about":[{"href":"https:\/\/zug-bilder.de\/index.php?rest_route=\/wp\/v2\/types\/page"}],"author":[{"embeddable":true,"href":"https:\/\/zug-bilder.de\/index.php?rest_route=\/wp\/v2\/users\/1"}],"replies":[{"embeddable":true,"href":"https:\/\/zug-bilder.de\/index.php?rest_route=%2Fwp%2Fv2%2Fcomments&post=3262"}],"version-history":[{"count":1,"href":"https:\/\/zug-bilder.de\/index.php?rest_route=\/wp\/v2\/pages\/3262\/revisions"}],"predecessor-version":[{"id":3265,"href":"https:\/\/zug-bilder.de\/index.php?rest_route=\/wp\/v2\/pages\/3262\/revisions\/3265"}],"wp:attachment":[{"href":"https:\/\/zug-bilder.de\/index.php?rest_route=%2Fwp%2Fv2%2Fmedia&parent=3262"}],"curies":[{"name":"wp","href":"https:\/\/api.w.org\/{rel}","templated":true}]}}