{"id":3860,"date":"2020-05-23T13:43:11","date_gmt":"2020-05-23T13:43:11","guid":{"rendered":"https:\/\/zug-bilder.de\/?page_id=3860"},"modified":"2024-09-25T14:09:39","modified_gmt":"2024-09-25T14:09:39","slug":"91-81-1144","status":"publish","type":"page","link":"https:\/\/zug-bilder.de\/?page_id=3860","title":{"rendered":"91 81 1144"},"content":{"rendered":"\n<div class=\"wp-block-columns is-layout-flex wp-container-core-columns-is-layout-9d6595d7 wp-block-columns-is-layout-flex\">\n<div class=\"wp-block-column is-layout-flow wp-block-column-is-layout-flow\">\n<figure class=\"wp-block-image size-full\"><a href=\"https:\/\/zug-bilder.de\/wp-content\/uploads\/2022\/03\/1000-A-OeBB-91-81-1144-010-6_140121_SalzburgHbf_REX1512.jpg\"><img loading=\"lazy\" decoding=\"async\" width=\"1000\" height=\"682\" src=\"https:\/\/zug-bilder.de\/wp-content\/uploads\/2022\/03\/1000-A-OeBB-91-81-1144-010-6_140121_SalzburgHbf_REX1512.jpg\" alt=\"\" class=\"wp-image-5162\" srcset=\"https:\/\/zug-bilder.de\/wp-content\/uploads\/2022\/03\/1000-A-OeBB-91-81-1144-010-6_140121_SalzburgHbf_REX1512.jpg 1000w, https:\/\/zug-bilder.de\/wp-content\/uploads\/2022\/03\/1000-A-OeBB-91-81-1144-010-6_140121_SalzburgHbf_REX1512-300x205.jpg 300w, https:\/\/zug-bilder.de\/wp-content\/uploads\/2022\/03\/1000-A-OeBB-91-81-1144-010-6_140121_SalzburgHbf_REX1512-768x524.jpg 768w\" sizes=\"auto, (max-width: 1000px) 100vw, 1000px\" \/><\/a><\/figure>\n<\/div>\n\n\n\n<div class=\"wp-block-column is-layout-flow wp-block-column-is-layout-flow\">\n<p class=\"has-light-gray-background-color has-background\"><strong>A-\u00d6BB 91 81 1144 010-6<br><\/strong>21.01.2014<br>Salzburg Hbf<br><em>REX 1512<\/em><br><em>Salzburg Hbf &#8211; W\u00f6rgl Hbf<\/em><\/p>\n<\/div>\n<\/div>\n\n\n\n<div class=\"wp-block-columns is-layout-flex wp-container-core-columns-is-layout-9d6595d7 wp-block-columns-is-layout-flex\">\n<div class=\"wp-block-column is-layout-flow wp-block-column-is-layout-flow\">\n<figure class=\"wp-block-image size-full\"><a href=\"https:\/\/zug-bilder.de\/wp-content\/uploads\/2021\/12\/1000-A-OeBB-91-81-1144-074-2_140612_WienPraterstern_R2351.jpg\"><img loading=\"lazy\" decoding=\"async\" width=\"1000\" height=\"682\" src=\"https:\/\/zug-bilder.de\/wp-content\/uploads\/2021\/12\/1000-A-OeBB-91-81-1144-074-2_140612_WienPraterstern_R2351.jpg\" alt=\"\" class=\"wp-image-5030\" srcset=\"https:\/\/zug-bilder.de\/wp-content\/uploads\/2021\/12\/1000-A-OeBB-91-81-1144-074-2_140612_WienPraterstern_R2351.jpg 1000w, https:\/\/zug-bilder.de\/wp-content\/uploads\/2021\/12\/1000-A-OeBB-91-81-1144-074-2_140612_WienPraterstern_R2351-300x205.jpg 300w, https:\/\/zug-bilder.de\/wp-content\/uploads\/2021\/12\/1000-A-OeBB-91-81-1144-074-2_140612_WienPraterstern_R2351-768x524.jpg 768w\" sizes=\"auto, (max-width: 1000px) 100vw, 1000px\" \/><\/a><\/figure>\n<\/div>\n\n\n\n<div class=\"wp-block-column is-layout-flow wp-block-column-is-layout-flow\">\n<p class=\"has-light-gray-background-color has-background\"><strong>A-\u00d6BB 91 81 1144 074-2<br><\/strong>12.06.2014<br>Wien Praterstern<br><em>R 2351<\/em><br><em>Wien Floridsdorf &#8211;<\/em> <em>Wiener Neustadt Hbf<\/em><\/p>\n<\/div>\n<\/div>\n\n\n\n<div class=\"wp-block-columns is-layout-flex wp-container-core-columns-is-layout-9d6595d7 wp-block-columns-is-layout-flex\">\n<div class=\"wp-block-column is-layout-flow wp-block-column-is-layout-flow\">\n<figure class=\"wp-block-image size-full\"><a href=\"https:\/\/zug-bilder.de\/wp-content\/uploads\/2020\/05\/1000-A-\u00d6BB-91-81-1144-103-9_150120_SalzburgHbf.jpg\"><img loading=\"lazy\" decoding=\"async\" width=\"1000\" height=\"682\" src=\"https:\/\/zug-bilder.de\/wp-content\/uploads\/2020\/05\/1000-A-\u00d6BB-91-81-1144-103-9_150120_SalzburgHbf.jpg\" alt=\"\" class=\"wp-image-3861\" srcset=\"https:\/\/zug-bilder.de\/wp-content\/uploads\/2020\/05\/1000-A-\u00d6BB-91-81-1144-103-9_150120_SalzburgHbf.jpg 1000w, https:\/\/zug-bilder.de\/wp-content\/uploads\/2020\/05\/1000-A-\u00d6BB-91-81-1144-103-9_150120_SalzburgHbf-300x205.jpg 300w, https:\/\/zug-bilder.de\/wp-content\/uploads\/2020\/05\/1000-A-\u00d6BB-91-81-1144-103-9_150120_SalzburgHbf-768x524.jpg 768w\" sizes=\"auto, (max-width: 1000px) 100vw, 1000px\" \/><\/a><\/figure>\n<\/div>\n\n\n\n<div class=\"wp-block-column is-layout-flow wp-block-column-is-layout-flow\">\n<p class=\"has-light-gray-background-color has-background\"><strong>A-\u00d6BB 91 81 1144 103-9<\/strong><br>20.01.2015<br>Salzburg Hbf<\/p>\n<\/div>\n<\/div>\n\n\n\n<div class=\"wp-block-columns is-layout-flex wp-container-core-columns-is-layout-9d6595d7 wp-block-columns-is-layout-flex\">\n<div class=\"wp-block-column is-layout-flow wp-block-column-is-layout-flow\">\n<figure class=\"wp-block-image size-full\"><a href=\"https:\/\/zug-bilder.de\/wp-content\/uploads\/2020\/05\/1000-A-\u00d6BB-91-81-1144-103-9_150120_SalzburgHbf_IC611.jpg\"><img loading=\"lazy\" decoding=\"async\" width=\"1000\" height=\"682\" src=\"https:\/\/zug-bilder.de\/wp-content\/uploads\/2020\/05\/1000-A-\u00d6BB-91-81-1144-103-9_150120_SalzburgHbf_IC611.jpg\" alt=\"\" class=\"wp-image-3862\" srcset=\"https:\/\/zug-bilder.de\/wp-content\/uploads\/2020\/05\/1000-A-\u00d6BB-91-81-1144-103-9_150120_SalzburgHbf_IC611.jpg 1000w, https:\/\/zug-bilder.de\/wp-content\/uploads\/2020\/05\/1000-A-\u00d6BB-91-81-1144-103-9_150120_SalzburgHbf_IC611-300x205.jpg 300w, https:\/\/zug-bilder.de\/wp-content\/uploads\/2020\/05\/1000-A-\u00d6BB-91-81-1144-103-9_150120_SalzburgHbf_IC611-768x524.jpg 768w\" sizes=\"auto, (max-width: 1000px) 100vw, 1000px\" \/><\/a><\/figure>\n<\/div>\n\n\n\n<div class=\"wp-block-column is-layout-flow wp-block-column-is-layout-flow\">\n<p class=\"has-light-gray-background-color has-background\"><strong>A-\u00d6BB 91 81 1144 103-9<br><\/strong>20.01.2015<br>Salzburg Hbf<br><img loading=\"lazy\" decoding=\"async\" width=\"35\" height=\"15\" class=\"wp-image-6623\" style=\"width: 35px;\" src=\"https:\/\/zug-bilder.de\/wp-content\/uploads\/2024\/06\/Logo_IC_Oesterreich.png\" alt=\"\"> <em>611<\/em><br><em>Salzburg Hbf &#8211; Graz Hbf<\/em><\/p>\n<\/div>\n<\/div>\n\n\n\n<div class=\"wp-block-columns is-layout-flex wp-container-core-columns-is-layout-9d6595d7 wp-block-columns-is-layout-flex\">\n<div class=\"wp-block-column is-layout-flow wp-block-column-is-layout-flow\">\n<figure class=\"wp-block-image size-full\"><a href=\"https:\/\/zug-bilder.de\/wp-content\/uploads\/2024\/09\/1000-A-OeBB-91-81-1144-203-7_240529_WienHbf_IC358.jpg\"><img loading=\"lazy\" decoding=\"async\" width=\"1000\" height=\"667\" src=\"https:\/\/zug-bilder.de\/wp-content\/uploads\/2024\/09\/1000-A-OeBB-91-81-1144-203-7_240529_WienHbf_IC358.jpg\" alt=\"\" class=\"wp-image-6878\" srcset=\"https:\/\/zug-bilder.de\/wp-content\/uploads\/2024\/09\/1000-A-OeBB-91-81-1144-203-7_240529_WienHbf_IC358.jpg 1000w, https:\/\/zug-bilder.de\/wp-content\/uploads\/2024\/09\/1000-A-OeBB-91-81-1144-203-7_240529_WienHbf_IC358-300x200.jpg 300w, https:\/\/zug-bilder.de\/wp-content\/uploads\/2024\/09\/1000-A-OeBB-91-81-1144-203-7_240529_WienHbf_IC358-768x512.jpg 768w\" sizes=\"auto, (max-width: 1000px) 100vw, 1000px\" \/><\/a><\/figure>\n<\/div>\n\n\n\n<div class=\"wp-block-column is-layout-flow wp-block-column-is-layout-flow\">\n<p class=\"has-light-gray-background-color has-background\">A-\u00d6BB 91 81 1144 203-7<br>29.05.2024<br>Wien Hbf<br><img loading=\"lazy\" decoding=\"async\" width=\"35\" height=\"15\" class=\"wp-image-6623\" style=\"width: 35px;\" src=\"https:\/\/zug-bilder.de\/wp-content\/uploads\/2024\/06\/Logo_IC_Oesterreich.png\" alt=\"\"> 358<br>Graz Hbf &#8211; Wien Hbf<\/p>\n<\/div>\n<\/div>\n\n\n\n<div class=\"wp-block-columns is-layout-flex wp-container-core-columns-is-layout-9d6595d7 wp-block-columns-is-layout-flex\">\n<div class=\"wp-block-column is-layout-flow wp-block-column-is-layout-flow\">\n<figure class=\"wp-block-image size-full\"><a href=\"https:\/\/zug-bilder.de\/wp-content\/uploads\/2022\/03\/1000-A-OeBB-91-81-1144-220-1_140121_SalzburgHbf_REX1511.jpg\"><img loading=\"lazy\" decoding=\"async\" width=\"1000\" height=\"682\" src=\"https:\/\/zug-bilder.de\/wp-content\/uploads\/2022\/03\/1000-A-OeBB-91-81-1144-220-1_140121_SalzburgHbf_REX1511.jpg\" alt=\"\" class=\"wp-image-5164\" srcset=\"https:\/\/zug-bilder.de\/wp-content\/uploads\/2022\/03\/1000-A-OeBB-91-81-1144-220-1_140121_SalzburgHbf_REX1511.jpg 1000w, https:\/\/zug-bilder.de\/wp-content\/uploads\/2022\/03\/1000-A-OeBB-91-81-1144-220-1_140121_SalzburgHbf_REX1511-300x205.jpg 300w, https:\/\/zug-bilder.de\/wp-content\/uploads\/2022\/03\/1000-A-OeBB-91-81-1144-220-1_140121_SalzburgHbf_REX1511-768x524.jpg 768w\" sizes=\"auto, (max-width: 1000px) 100vw, 1000px\" \/><\/a><\/figure>\n<\/div>\n\n\n\n<div class=\"wp-block-column is-layout-flow wp-block-column-is-layout-flow\">\n<p class=\"has-light-gray-background-color has-background\"><strong>A-\u00d6BB 91 81 1144 220-1<br><\/strong>21.01.2014<br>Salzburg Hbf<br><em>REX 1511<\/em><br><em>W\u00f6rgl Hbf &#8211; Salzburg Hbf<\/em><\/p>\n<\/div>\n<\/div>\n\n\n\n<div class=\"wp-block-columns is-layout-flex wp-container-core-columns-is-layout-9d6595d7 wp-block-columns-is-layout-flex\">\n<div class=\"wp-block-column is-layout-flow wp-block-column-is-layout-flow\">\n<figure class=\"wp-block-image size-full\"><a href=\"https:\/\/zug-bilder.de\/wp-content\/uploads\/2022\/01\/1000-A-OeBB-91-81-1144-232-6_140612_WienPraterstern_R2253.jpg\"><img loading=\"lazy\" decoding=\"async\" width=\"1000\" height=\"682\" src=\"https:\/\/zug-bilder.de\/wp-content\/uploads\/2022\/01\/1000-A-OeBB-91-81-1144-232-6_140612_WienPraterstern_R2253.jpg\" alt=\"\" class=\"wp-image-5082\" srcset=\"https:\/\/zug-bilder.de\/wp-content\/uploads\/2022\/01\/1000-A-OeBB-91-81-1144-232-6_140612_WienPraterstern_R2253.jpg 1000w, https:\/\/zug-bilder.de\/wp-content\/uploads\/2022\/01\/1000-A-OeBB-91-81-1144-232-6_140612_WienPraterstern_R2253-300x205.jpg 300w, https:\/\/zug-bilder.de\/wp-content\/uploads\/2022\/01\/1000-A-OeBB-91-81-1144-232-6_140612_WienPraterstern_R2253-768x524.jpg 768w\" sizes=\"auto, (max-width: 1000px) 100vw, 1000px\" \/><\/a><\/figure>\n<\/div>\n\n\n\n<div class=\"wp-block-column is-layout-flow wp-block-column-is-layout-flow\">\n<p class=\"has-light-gray-background-color has-background\"><strong>A-\u00d6BB 91 81 1144 232-6<br><\/strong>12.06.2014<br>Wien Praterstern<br><em>R 2253<\/em><br><em>Retz &#8211;<\/em> <em>Payerbach-Reichenau<\/em><\/p>\n<\/div>\n<\/div>\n\n\n\n<div class=\"wp-block-columns is-layout-flex wp-container-core-columns-is-layout-9d6595d7 wp-block-columns-is-layout-flex\">\n<div class=\"wp-block-column is-layout-flow wp-block-column-is-layout-flow\">\n<figure class=\"wp-block-image size-full\"><a href=\"https:\/\/zug-bilder.de\/wp-content\/uploads\/2021\/12\/1000-A-OeBB-91-81-1144-274-8_140613_WienWestbahnhof_R2022.jpg\"><img loading=\"lazy\" decoding=\"async\" width=\"1000\" height=\"682\" src=\"https:\/\/zug-bilder.de\/wp-content\/uploads\/2021\/12\/1000-A-OeBB-91-81-1144-274-8_140613_WienWestbahnhof_R2022.jpg\" alt=\"\" class=\"wp-image-4887\" srcset=\"https:\/\/zug-bilder.de\/wp-content\/uploads\/2021\/12\/1000-A-OeBB-91-81-1144-274-8_140613_WienWestbahnhof_R2022.jpg 1000w, https:\/\/zug-bilder.de\/wp-content\/uploads\/2021\/12\/1000-A-OeBB-91-81-1144-274-8_140613_WienWestbahnhof_R2022-300x205.jpg 300w, https:\/\/zug-bilder.de\/wp-content\/uploads\/2021\/12\/1000-A-OeBB-91-81-1144-274-8_140613_WienWestbahnhof_R2022-768x524.jpg 768w\" sizes=\"auto, (max-width: 1000px) 100vw, 1000px\" \/><\/a><\/figure>\n<\/div>\n\n\n\n<div class=\"wp-block-column is-layout-flow wp-block-column-is-layout-flow\">\n<p class=\"has-light-gray-background-color has-background\"><strong>A-\u00d6BB 91 81 1144 274-8<br><\/strong>13.06.2014<br>Wien Westbahnhof<br><em>R 2022<\/em><br><em>Wien Westbahnhof &#8211;<\/em> <em>St. P\u00f6lten Hbf<\/em><\/p>\n<\/div>\n<\/div>\n","protected":false},"excerpt":{"rendered":"<p>A-\u00d6BB 91 81 1144 010-621.01.2014Salzburg HbfREX 1512Salzburg Hbf &#8211; W\u00f6rgl Hbf A-\u00d6BB 91 81 1144 074-212.06.2014Wien PratersternR 2351Wien Floridsdorf &#8211; Wiener Neustadt Hbf A-\u00d6BB 91 81 1144 103-920.01.2015Salzburg Hbf A-\u00d6BB 91 81 1144 103-920.01.2015Salzburg Hbf 611Salzburg Hbf &#8211; Graz Hbf A-\u00d6BB 91 81 1144 203-729.05.2024Wien Hbf 358Graz Hbf &#8211; Wien Hbf A-\u00d6BB 91 81 1144 &hellip; <a href=\"https:\/\/zug-bilder.de\/?page_id=3860\" class=\"more-link\"><span class=\"screen-reader-text\">91 81 1144<\/span> weiterlesen<\/a><\/p>\n","protected":false},"author":1,"featured_media":0,"parent":0,"menu_order":0,"comment_status":"closed","ping_status":"closed","template":"","meta":{"footnotes":""},"class_list":["post-3860","page","type-page","status-publish","hentry"],"_links":{"self":[{"href":"https:\/\/zug-bilder.de\/index.php?rest_route=\/wp\/v2\/pages\/3860","targetHints":{"allow":["GET"]}}],"collection":[{"href":"https:\/\/zug-bilder.de\/index.php?rest_route=\/wp\/v2\/pages"}],"about":[{"href":"https:\/\/zug-bilder.de\/index.php?rest_route=\/wp\/v2\/types\/page"}],"author":[{"embeddable":true,"href":"https:\/\/zug-bilder.de\/index.php?rest_route=\/wp\/v2\/users\/1"}],"replies":[{"embeddable":true,"href":"https:\/\/zug-bilder.de\/index.php?rest_route=%2Fwp%2Fv2%2Fcomments&post=3860"}],"version-history":[{"count":11,"href":"https:\/\/zug-bilder.de\/index.php?rest_route=\/wp\/v2\/pages\/3860\/revisions"}],"predecessor-version":[{"id":6880,"href":"https:\/\/zug-bilder.de\/index.php?rest_route=\/wp\/v2\/pages\/3860\/revisions\/6880"}],"wp:attachment":[{"href":"https:\/\/zug-bilder.de\/index.php?rest_route=%2Fwp%2Fv2%2Fmedia&parent=3860"}],"curies":[{"name":"wp","href":"https:\/\/api.w.org\/{rel}","templated":true}]}}