{"id":4873,"date":"2021-11-27T19:35:45","date_gmt":"2021-11-27T19:35:45","guid":{"rendered":"https:\/\/zug-bilder.de\/?page_id=4873"},"modified":"2026-01-05T17:51:33","modified_gmt":"2026-01-05T17:51:33","slug":"94-81-4746","status":"publish","type":"page","link":"https:\/\/zug-bilder.de\/?page_id=4873","title":{"rendered":"94 81 4746"},"content":{"rendered":"\n<div class=\"wp-block-columns is-layout-flex wp-container-core-columns-is-layout-9d6595d7 wp-block-columns-is-layout-flex\">\n<div class=\"wp-block-column is-layout-flow wp-block-column-is-layout-flow\">\n<figure class=\"wp-block-image size-full\"><a href=\"https:\/\/zug-bilder.de\/wp-content\/uploads\/2025\/12\/1000-A-OeBB-94-81-4746-027-3_251129_WienPraterstern_S23500.jpg\"><img loading=\"lazy\" decoding=\"async\" width=\"1000\" height=\"667\" src=\"https:\/\/zug-bilder.de\/wp-content\/uploads\/2025\/12\/1000-A-OeBB-94-81-4746-027-3_251129_WienPraterstern_S23500.jpg\" alt=\"\" class=\"wp-image-7887\" srcset=\"https:\/\/zug-bilder.de\/wp-content\/uploads\/2025\/12\/1000-A-OeBB-94-81-4746-027-3_251129_WienPraterstern_S23500.jpg 1000w, https:\/\/zug-bilder.de\/wp-content\/uploads\/2025\/12\/1000-A-OeBB-94-81-4746-027-3_251129_WienPraterstern_S23500-300x200.jpg 300w, https:\/\/zug-bilder.de\/wp-content\/uploads\/2025\/12\/1000-A-OeBB-94-81-4746-027-3_251129_WienPraterstern_S23500-768x512.jpg 768w\" sizes=\"auto, (max-width: 1000px) 100vw, 1000px\" \/><\/a><\/figure>\n<\/div>\n\n\n\n<div class=\"wp-block-column is-layout-flow wp-block-column-is-layout-flow\">\n<p class=\"has-light-gray-background-color has-background\">A-\u00d6BB 94 81 4746 027-3<br>A-\u00d6BB 94 81 7046 027-3<br>A-\u00d6BB 94 81 4746 527-2<br>29.11.2025<br><img loading=\"lazy\" decoding=\"async\" width=\"30\" height=\"20\" class=\"wp-image-5711\" style=\"width: 30px;\" src=\"https:\/\/zug-bilder.de\/wp-content\/uploads\/2023\/04\/Flagge_Oesterreich.jpg\" alt=\"\"> Wien Praterstern<br><img loading=\"lazy\" decoding=\"async\" width=\"20\" height=\"20\" class=\"wp-image-3120\" style=\"width: 20px;\" src=\"https:\/\/zug-bilder.de\/wp-content\/uploads\/2019\/12\/Logo_SBahnWien.jpg\" alt=\"\"> 1 (S 23500)<br>Wien Praterstern &#8211; Marchegg<\/p>\n<\/div>\n<\/div>\n\n\n\n<div class=\"wp-block-columns is-layout-flex wp-container-core-columns-is-layout-9d6595d7 wp-block-columns-is-layout-flex\">\n<div class=\"wp-block-column is-layout-flow wp-block-column-is-layout-flow\"><\/div>\n\n\n\n<div class=\"wp-block-column is-layout-flow wp-block-column-is-layout-flow\">\n<p class=\"has-text-align-center has-light-pink-background-color has-background\"><strong><a href=\"https:\/\/zug-bilder.de\/wp-content\/uploads\/2026\/01\/A_23500_2025.jpg\">Fahrplan<\/a><\/strong><\/p>\n<\/div>\n<\/div>\n\n\n\n<div class=\"wp-block-columns is-layout-flex wp-container-core-columns-is-layout-9d6595d7 wp-block-columns-is-layout-flex\">\n<div class=\"wp-block-column is-layout-flow wp-block-column-is-layout-flow\">\n<figure class=\"wp-block-image size-full\"><a href=\"https:\/\/zug-bilder.de\/wp-content\/uploads\/2021\/11\/1000-A-OeBB-94-81-4746-044-8_210529_WienHbf_S80.jpg\"><img loading=\"lazy\" decoding=\"async\" width=\"1000\" height=\"682\" src=\"https:\/\/zug-bilder.de\/wp-content\/uploads\/2021\/11\/1000-A-OeBB-94-81-4746-044-8_210529_WienHbf_S80.jpg\" alt=\"\" class=\"wp-image-4874\" srcset=\"https:\/\/zug-bilder.de\/wp-content\/uploads\/2021\/11\/1000-A-OeBB-94-81-4746-044-8_210529_WienHbf_S80.jpg 1000w, https:\/\/zug-bilder.de\/wp-content\/uploads\/2021\/11\/1000-A-OeBB-94-81-4746-044-8_210529_WienHbf_S80-300x205.jpg 300w, https:\/\/zug-bilder.de\/wp-content\/uploads\/2021\/11\/1000-A-OeBB-94-81-4746-044-8_210529_WienHbf_S80-768x524.jpg 768w\" sizes=\"auto, (max-width: 1000px) 100vw, 1000px\" \/><\/a><\/figure>\n<\/div>\n\n\n\n<div class=\"wp-block-column is-layout-flow wp-block-column-is-layout-flow\">\n<p class=\"has-light-gray-background-color has-background\"><strong>A-\u00d6BB 94 81 4746 044-8<br><\/strong>A-\u00d6BB 94 81 7046 044-X<br>A-\u00d6BB 94 81 4746 544-7<br>29.05.2021<br><img loading=\"lazy\" decoding=\"async\" width=\"30\" height=\"20\" class=\"wp-image-5711\" style=\"width: 30px;\" src=\"https:\/\/zug-bilder.de\/wp-content\/uploads\/2023\/04\/Flagge_Oesterreich.jpg\" alt=\"\"> Wien Hbf<br><img loading=\"lazy\" decoding=\"async\" width=\"20\" height=\"20\" class=\"wp-image-3120\" style=\"width: 20px;\" src=\"https:\/\/zug-bilder.de\/wp-content\/uploads\/2019\/12\/Logo_SBahnWien.jpg\" alt=\"\"> <em>80<\/em><br><em>Wien H\u00fctteldorf &#8211;<\/em> <em>Wien Aspern Nord<\/em><\/p>\n<\/div>\n<\/div>\n\n\n\n<div class=\"wp-block-columns is-layout-flex wp-container-core-columns-is-layout-9d6595d7 wp-block-columns-is-layout-flex\">\n<div class=\"wp-block-column is-layout-flow wp-block-column-is-layout-flow\">\n<figure class=\"wp-block-image size-full\"><a href=\"https:\/\/zug-bilder.de\/wp-content\/uploads\/2021\/11\/1000-A-OeBB-94-81-4746-544-7_210529_WienHbf_S80.jpg\"><img loading=\"lazy\" decoding=\"async\" width=\"1000\" height=\"682\" src=\"https:\/\/zug-bilder.de\/wp-content\/uploads\/2021\/11\/1000-A-OeBB-94-81-4746-544-7_210529_WienHbf_S80.jpg\" alt=\"\" class=\"wp-image-4879\" srcset=\"https:\/\/zug-bilder.de\/wp-content\/uploads\/2021\/11\/1000-A-OeBB-94-81-4746-544-7_210529_WienHbf_S80.jpg 1000w, https:\/\/zug-bilder.de\/wp-content\/uploads\/2021\/11\/1000-A-OeBB-94-81-4746-544-7_210529_WienHbf_S80-300x205.jpg 300w, https:\/\/zug-bilder.de\/wp-content\/uploads\/2021\/11\/1000-A-OeBB-94-81-4746-544-7_210529_WienHbf_S80-768x524.jpg 768w\" sizes=\"auto, (max-width: 1000px) 100vw, 1000px\" \/><\/a><\/figure>\n<\/div>\n\n\n\n<div class=\"wp-block-column is-layout-flow wp-block-column-is-layout-flow\">\n<p class=\"has-light-gray-background-color has-background\">A-\u00d6BB 84 81 4746 044-8<br>A-\u00d6BB 94 81 7046 044-X<strong><br>A-\u00d6BB 94 81 4746 544-7<br><\/strong>29.05.2021<br><img loading=\"lazy\" decoding=\"async\" width=\"30\" height=\"20\" class=\"wp-image-5711\" style=\"width: 30px;\" src=\"https:\/\/zug-bilder.de\/wp-content\/uploads\/2023\/04\/Flagge_Oesterreich.jpg\" alt=\"\"> Wien Hbf<br><img loading=\"lazy\" decoding=\"async\" width=\"20\" height=\"20\" class=\"wp-image-3120\" style=\"width: 20px;\" src=\"https:\/\/zug-bilder.de\/wp-content\/uploads\/2019\/12\/Logo_SBahnWien.jpg\" alt=\"\"> <em>80<\/em><br><em>Wien H\u00fctteldorf &#8211;<\/em> <em>Wien Aspern Nord<\/em><\/p>\n<\/div>\n<\/div>\n","protected":false},"excerpt":{"rendered":"<p>A-\u00d6BB 94 81 4746 027-3A-\u00d6BB 94 81 7046 027-3A-\u00d6BB 94 81 4746 527-229.11.2025 Wien Praterstern 1 (S 23500)Wien Praterstern &#8211; Marchegg Fahrplan A-\u00d6BB 94 81 4746 044-8A-\u00d6BB 94 81 7046 044-XA-\u00d6BB 94 81 4746 544-729.05.2021 Wien Hbf 80Wien H\u00fctteldorf &#8211; Wien Aspern Nord A-\u00d6BB 84 81 4746 044-8A-\u00d6BB 94 81 7046 044-XA-\u00d6BB 94 81 4746 &hellip; <a href=\"https:\/\/zug-bilder.de\/?page_id=4873\" class=\"more-link\"><span class=\"screen-reader-text\">94 81 4746<\/span> weiterlesen<\/a><\/p>\n","protected":false},"author":1,"featured_media":0,"parent":0,"menu_order":0,"comment_status":"closed","ping_status":"closed","template":"","meta":{"footnotes":""},"class_list":["post-4873","page","type-page","status-publish","hentry"],"_links":{"self":[{"href":"https:\/\/zug-bilder.de\/index.php?rest_route=\/wp\/v2\/pages\/4873","targetHints":{"allow":["GET"]}}],"collection":[{"href":"https:\/\/zug-bilder.de\/index.php?rest_route=\/wp\/v2\/pages"}],"about":[{"href":"https:\/\/zug-bilder.de\/index.php?rest_route=\/wp\/v2\/types\/page"}],"author":[{"embeddable":true,"href":"https:\/\/zug-bilder.de\/index.php?rest_route=\/wp\/v2\/users\/1"}],"replies":[{"embeddable":true,"href":"https:\/\/zug-bilder.de\/index.php?rest_route=%2Fwp%2Fv2%2Fcomments&post=4873"}],"version-history":[{"count":6,"href":"https:\/\/zug-bilder.de\/index.php?rest_route=\/wp\/v2\/pages\/4873\/revisions"}],"predecessor-version":[{"id":8218,"href":"https:\/\/zug-bilder.de\/index.php?rest_route=\/wp\/v2\/pages\/4873\/revisions\/8218"}],"wp:attachment":[{"href":"https:\/\/zug-bilder.de\/index.php?rest_route=%2Fwp%2Fv2%2Fmedia&parent=4873"}],"curies":[{"name":"wp","href":"https:\/\/api.w.org\/{rel}","templated":true}]}}