{"id":5038,"date":"2021-12-28T10:25:20","date_gmt":"2021-12-28T10:25:20","guid":{"rendered":"https:\/\/zug-bilder.de\/?page_id=5038"},"modified":"2024-10-02T17:12:27","modified_gmt":"2024-10-02T17:12:27","slug":"91-54-7386","status":"publish","type":"page","link":"https:\/\/zug-bilder.de\/?page_id=5038","title":{"rendered":"91 54 7386"},"content":{"rendered":"\n<div class=\"wp-block-columns is-layout-flex wp-container-core-columns-is-layout-9d6595d7 wp-block-columns-is-layout-flex\">\n<div class=\"wp-block-column is-layout-flow wp-block-column-is-layout-flow\">\n<figure class=\"wp-block-image size-full\"><a href=\"https:\/\/zug-bilder.de\/wp-content\/uploads\/2021\/12\/1000-91-54-7386-201-8-CZ-RJ_210529_WienHbf_RGJ1034.jpg\"><img loading=\"lazy\" decoding=\"async\" width=\"1000\" height=\"682\" src=\"https:\/\/zug-bilder.de\/wp-content\/uploads\/2021\/12\/1000-91-54-7386-201-8-CZ-RJ_210529_WienHbf_RGJ1034.jpg\" alt=\"\" class=\"wp-image-5039\" srcset=\"https:\/\/zug-bilder.de\/wp-content\/uploads\/2021\/12\/1000-91-54-7386-201-8-CZ-RJ_210529_WienHbf_RGJ1034.jpg 1000w, https:\/\/zug-bilder.de\/wp-content\/uploads\/2021\/12\/1000-91-54-7386-201-8-CZ-RJ_210529_WienHbf_RGJ1034-300x205.jpg 300w, https:\/\/zug-bilder.de\/wp-content\/uploads\/2021\/12\/1000-91-54-7386-201-8-CZ-RJ_210529_WienHbf_RGJ1034-768x524.jpg 768w\" sizes=\"auto, (max-width: 1000px) 100vw, 1000px\" \/><\/a><\/figure>\n<\/div>\n\n\n\n<div class=\"wp-block-column is-layout-flow wp-block-column-is-layout-flow\">\n<p class=\"has-light-gray-background-color has-background\"><strong>91 54 7386 201-8 CZ-RJ<\/strong><br>29.05.2021<br><img loading=\"lazy\" decoding=\"async\" width=\"30\" height=\"20\" class=\"wp-image-5711\" style=\"width: 30px;\" src=\"https:\/\/zug-bilder.de\/wp-content\/uploads\/2023\/04\/Flagge_Oesterreich.jpg\" alt=\"\"> Wien Hbf<br><em><img loading=\"lazy\" decoding=\"async\" width=\"77\" height=\"20\" class=\"wp-image-6653\" style=\"width: 77px;\" src=\"https:\/\/zug-bilder.de\/wp-content\/uploads\/2024\/06\/Logo_RegioJet_Homepage.png\" alt=\"\"> 1034<br>Wien Hbf &#8211; Praha hlavn\u00ed n\u00e1dra\u017e\u00ed<\/em><\/p>\n<\/div>\n<\/div>\n\n\n\n<div class=\"wp-block-columns is-layout-flex wp-container-core-columns-is-layout-9d6595d7 wp-block-columns-is-layout-flex\">\n<div class=\"wp-block-column is-layout-flow wp-block-column-is-layout-flow\">\n<figure class=\"wp-block-image size-full\"><a href=\"https:\/\/zug-bilder.de\/wp-content\/uploads\/2024\/10\/1000-91-54-7386-201-8-CZ-RJ_240529_WienHbf_RGJ1067.jpg\"><img loading=\"lazy\" decoding=\"async\" width=\"1000\" height=\"667\" src=\"https:\/\/zug-bilder.de\/wp-content\/uploads\/2024\/10\/1000-91-54-7386-201-8-CZ-RJ_240529_WienHbf_RGJ1067.jpg\" alt=\"\" class=\"wp-image-6936\" srcset=\"https:\/\/zug-bilder.de\/wp-content\/uploads\/2024\/10\/1000-91-54-7386-201-8-CZ-RJ_240529_WienHbf_RGJ1067.jpg 1000w, https:\/\/zug-bilder.de\/wp-content\/uploads\/2024\/10\/1000-91-54-7386-201-8-CZ-RJ_240529_WienHbf_RGJ1067-300x200.jpg 300w, https:\/\/zug-bilder.de\/wp-content\/uploads\/2024\/10\/1000-91-54-7386-201-8-CZ-RJ_240529_WienHbf_RGJ1067-768x512.jpg 768w\" sizes=\"auto, (max-width: 1000px) 100vw, 1000px\" \/><\/a><\/figure>\n<\/div>\n\n\n\n<div class=\"wp-block-column is-layout-flow wp-block-column-is-layout-flow\">\n<p class=\"has-light-gray-background-color has-background\"><strong>91 54 7386 201-8 CZ-RJ<\/strong><br>29.05.2024<br><img loading=\"lazy\" decoding=\"async\" width=\"30\" height=\"20\" class=\"wp-image-5711\" style=\"width: 30px;\" src=\"https:\/\/zug-bilder.de\/wp-content\/uploads\/2023\/04\/Flagge_Oesterreich.jpg\" alt=\"\"> Wien Hbf<br><img loading=\"lazy\" decoding=\"async\" width=\"77\" height=\"20\" class=\"wp-image-6653\" style=\"width: 77px;\" src=\"https:\/\/zug-bilder.de\/wp-content\/uploads\/2024\/06\/Logo_RegioJet_Homepage.png\" alt=\"\"> <em>1067<br>Wien Hbf &#8211; Hegyeshalom<\/em><\/p>\n<\/div>\n<\/div>\n","protected":false},"excerpt":{"rendered":"<p>91 54 7386 201-8 CZ-RJ29.05.2021 Wien Hbf 1034Wien Hbf &#8211; Praha hlavn\u00ed n\u00e1dra\u017e\u00ed 91 54 7386 201-8 CZ-RJ29.05.2024 Wien Hbf 1067Wien Hbf &#8211; Hegyeshalom<\/p>\n","protected":false},"author":1,"featured_media":0,"parent":0,"menu_order":0,"comment_status":"closed","ping_status":"closed","template":"","meta":{"footnotes":""},"class_list":["post-5038","page","type-page","status-publish","hentry"],"_links":{"self":[{"href":"https:\/\/zug-bilder.de\/index.php?rest_route=\/wp\/v2\/pages\/5038","targetHints":{"allow":["GET"]}}],"collection":[{"href":"https:\/\/zug-bilder.de\/index.php?rest_route=\/wp\/v2\/pages"}],"about":[{"href":"https:\/\/zug-bilder.de\/index.php?rest_route=\/wp\/v2\/types\/page"}],"author":[{"embeddable":true,"href":"https:\/\/zug-bilder.de\/index.php?rest_route=\/wp\/v2\/users\/1"}],"replies":[{"embeddable":true,"href":"https:\/\/zug-bilder.de\/index.php?rest_route=%2Fwp%2Fv2%2Fcomments&post=5038"}],"version-history":[{"count":5,"href":"https:\/\/zug-bilder.de\/index.php?rest_route=\/wp\/v2\/pages\/5038\/revisions"}],"predecessor-version":[{"id":6939,"href":"https:\/\/zug-bilder.de\/index.php?rest_route=\/wp\/v2\/pages\/5038\/revisions\/6939"}],"wp:attachment":[{"href":"https:\/\/zug-bilder.de\/index.php?rest_route=%2Fwp%2Fv2%2Fmedia&parent=5038"}],"curies":[{"name":"wp","href":"https:\/\/api.w.org\/{rel}","templated":true}]}}