{"id":560,"date":"2018-07-06T18:53:14","date_gmt":"2018-07-06T18:53:14","guid":{"rendered":"https:\/\/zug-bilder.de\/?page_id=560"},"modified":"2018-12-28T09:59:14","modified_gmt":"2018-12-28T09:59:14","slug":"d-abvmdz","status":"publish","type":"page","link":"https:\/\/zug-bilder.de\/?page_id=560","title":{"rendered":"D &#8211; ABvmdz"},"content":{"rendered":"<table style=\"width: 100%; border-collapse: collapse;\" border=\"0\">\n<tbody>\n<tr>\n<td style=\"width: 50%; vertical-align: middle;\"><a href=\"https:\/\/zug-bilder.de\/wp-content\/uploads\/2018\/12\/1000-D-VBG-56-80-84-94-042-4_140321_M\u00fcnchenHbf_ALX84123.jpg\"><img loading=\"lazy\" decoding=\"async\" class=\"alignnone size-medium wp-image-1207\" src=\"https:\/\/zug-bilder.de\/wp-content\/uploads\/2018\/12\/1000-D-VBG-56-80-84-94-042-4_140321_M\u00fcnchenHbf_ALX84123-300x205.jpg\" alt=\"\" width=\"300\" height=\"205\" srcset=\"https:\/\/zug-bilder.de\/wp-content\/uploads\/2018\/12\/1000-D-VBG-56-80-84-94-042-4_140321_M\u00fcnchenHbf_ALX84123-300x205.jpg 300w, https:\/\/zug-bilder.de\/wp-content\/uploads\/2018\/12\/1000-D-VBG-56-80-84-94-042-4_140321_M\u00fcnchenHbf_ALX84123-768x524.jpg 768w, https:\/\/zug-bilder.de\/wp-content\/uploads\/2018\/12\/1000-D-VBG-56-80-84-94-042-4_140321_M\u00fcnchenHbf_ALX84123.jpg 1000w\" sizes=\"auto, (max-width: 300px) 100vw, 300px\" \/><\/a><\/td>\n<td style=\"width: 50%; vertical-align: middle;\"><span style=\"color: #333333;\"><strong>D-VBG 56 80 84-94 042-4<br \/>\n<\/strong><em>(ehem. Av\u00fcmh 111)<br \/>\n<\/em>21.03.2014<br \/>\nM\u00fcnchen Hbf<br \/>\n<em>ALX 84123<br \/>\nRegensburg Hbf &#8211; M\u00fcnchen Hbf<\/em><br \/>\n<\/span><\/td>\n<\/tr>\n<tr>\n<td style=\"width: 50%; vertical-align: middle;\"><a href=\"https:\/\/zug-bilder.de\/wp-content\/uploads\/2018\/12\/1000-D-DLB-56-80-84-94-042-4_170729_M\u00fcnchenHbf_ALX84116.jpg\"><img loading=\"lazy\" decoding=\"async\" class=\"alignnone size-medium wp-image-1153\" src=\"https:\/\/zug-bilder.de\/wp-content\/uploads\/2018\/12\/1000-D-DLB-56-80-84-94-042-4_170729_M\u00fcnchenHbf_ALX84116-300x205.jpg\" alt=\"\" width=\"300\" height=\"205\" srcset=\"https:\/\/zug-bilder.de\/wp-content\/uploads\/2018\/12\/1000-D-DLB-56-80-84-94-042-4_170729_M\u00fcnchenHbf_ALX84116-300x205.jpg 300w, https:\/\/zug-bilder.de\/wp-content\/uploads\/2018\/12\/1000-D-DLB-56-80-84-94-042-4_170729_M\u00fcnchenHbf_ALX84116-768x524.jpg 768w, https:\/\/zug-bilder.de\/wp-content\/uploads\/2018\/12\/1000-D-DLB-56-80-84-94-042-4_170729_M\u00fcnchenHbf_ALX84116.jpg 1000w\" sizes=\"auto, (max-width: 300px) 100vw, 300px\" \/><\/a><\/td>\n<td style=\"width: 50%; vertical-align: middle;\"><span style=\"color: #333333;\"><strong>D-DLB 56 80 84-94 042-4<br \/>\n<\/strong><em>(ehem. Av\u00fcmh 111)<\/em><strong><br \/>\n<\/strong>29.07.2017<br \/>\nM\u00fcnchen Hbf<br \/>\n<em>ALX 84116<\/em><br \/>\n<em>M\u00fcnchen Hbf &#8211; Hof Hbf<\/em><strong><br \/>\n<\/strong><\/span><\/td>\n<\/tr>\n<tr>\n<td style=\"width: 50%; vertical-align: middle;\"><a href=\"https:\/\/zug-bilder.de\/wp-content\/uploads\/2018\/07\/1000-D-DLB-56-80-84-94-063-0_180319_M\u00fcnchenHbf_ALX84111.jpg\"><img loading=\"lazy\" decoding=\"async\" class=\"alignnone size-medium wp-image-561\" src=\"https:\/\/zug-bilder.de\/wp-content\/uploads\/2018\/07\/1000-D-DLB-56-80-84-94-063-0_180319_M\u00fcnchenHbf_ALX84111-300x205.jpg\" alt=\"\" width=\"300\" height=\"205\" srcset=\"https:\/\/zug-bilder.de\/wp-content\/uploads\/2018\/07\/1000-D-DLB-56-80-84-94-063-0_180319_M\u00fcnchenHbf_ALX84111-300x205.jpg 300w, https:\/\/zug-bilder.de\/wp-content\/uploads\/2018\/07\/1000-D-DLB-56-80-84-94-063-0_180319_M\u00fcnchenHbf_ALX84111-768x524.jpg 768w, https:\/\/zug-bilder.de\/wp-content\/uploads\/2018\/07\/1000-D-DLB-56-80-84-94-063-0_180319_M\u00fcnchenHbf_ALX84111.jpg 1000w\" sizes=\"auto, (max-width: 300px) 100vw, 300px\" \/><\/a><\/td>\n<td style=\"width: 50%; vertical-align: middle;\"><span style=\"color: #333333;\"><strong>D-DLB 56 80 84-94 063-0<br \/>\n<\/strong><em>(ehem. Av\u00fcmh 111)<\/em><strong><br \/>\n<\/strong>19.03.2018<\/span><br \/>\n<span style=\"color: #333333;\">M\u00fcnchen Hbf<strong><br \/>\n<\/strong><em>ALX 84111<\/em><\/span><br \/>\n<span style=\"color: #999999;\"><em><span style=\"color: #333333;\">M\u00fcnchen Hbf &#8211; Hof Hbf<\/span><br \/>\n<\/em><\/span><\/td>\n<\/tr>\n<\/tbody>\n<\/table>\n","protected":false},"excerpt":{"rendered":"<p>D-VBG 56 80 84-94 042-4 (ehem. Av\u00fcmh 111) 21.03.2014 M\u00fcnchen Hbf ALX 84123 Regensburg Hbf &#8211; M\u00fcnchen Hbf D-DLB 56 80 84-94 042-4 (ehem. Av\u00fcmh 111) 29.07.2017 M\u00fcnchen Hbf ALX 84116 M\u00fcnchen Hbf &#8211; Hof Hbf D-DLB 56 80 84-94 063-0 (ehem. Av\u00fcmh 111) 19.03.2018 M\u00fcnchen Hbf ALX 84111 M\u00fcnchen Hbf &#8211; Hof Hbf<\/p>\n","protected":false},"author":1,"featured_media":0,"parent":0,"menu_order":0,"comment_status":"closed","ping_status":"closed","template":"","meta":{"footnotes":""},"class_list":["post-560","page","type-page","status-publish","hentry"],"_links":{"self":[{"href":"https:\/\/zug-bilder.de\/index.php?rest_route=\/wp\/v2\/pages\/560","targetHints":{"allow":["GET"]}}],"collection":[{"href":"https:\/\/zug-bilder.de\/index.php?rest_route=\/wp\/v2\/pages"}],"about":[{"href":"https:\/\/zug-bilder.de\/index.php?rest_route=\/wp\/v2\/types\/page"}],"author":[{"embeddable":true,"href":"https:\/\/zug-bilder.de\/index.php?rest_route=\/wp\/v2\/users\/1"}],"replies":[{"embeddable":true,"href":"https:\/\/zug-bilder.de\/index.php?rest_route=%2Fwp%2Fv2%2Fcomments&post=560"}],"version-history":[{"count":7,"href":"https:\/\/zug-bilder.de\/index.php?rest_route=\/wp\/v2\/pages\/560\/revisions"}],"predecessor-version":[{"id":1208,"href":"https:\/\/zug-bilder.de\/index.php?rest_route=\/wp\/v2\/pages\/560\/revisions\/1208"}],"wp:attachment":[{"href":"https:\/\/zug-bilder.de\/index.php?rest_route=%2Fwp%2Fv2%2Fmedia&parent=560"}],"curies":[{"name":"wp","href":"https:\/\/api.w.org\/{rel}","templated":true}]}}