{"id":5818,"date":"2023-10-28T17:59:55","date_gmt":"2023-10-28T17:59:55","guid":{"rendered":"https:\/\/zug-bilder.de\/?page_id=5818"},"modified":"2024-03-17T09:53:47","modified_gmt":"2024-03-17T09:53:47","slug":"cz-bdmteeo-296","status":"publish","type":"page","link":"https:\/\/zug-bilder.de\/?page_id=5818","title":{"rendered":"CZ &#8211; Bdmteeo 296"},"content":{"rendered":"\n<div class=\"wp-block-columns is-layout-flex wp-container-core-columns-is-layout-9d6595d7 wp-block-columns-is-layout-flex\">\n<div class=\"wp-block-column is-layout-flow wp-block-column-is-layout-flow\">\n<figure data-wp-context=\"{&quot;imageId&quot;:&quot;69e8e43b396ce&quot;}\" data-wp-interactive=\"core\/image\" data-wp-key=\"69e8e43b396ce\" class=\"wp-block-image size-full wp-lightbox-container\"><img loading=\"lazy\" decoding=\"async\" width=\"1000\" height=\"682\" data-wp-class--hide=\"state.isContentHidden\" data-wp-class--show=\"state.isContentVisible\" data-wp-init=\"callbacks.setButtonStyles\" data-wp-on--click=\"actions.showLightbox\" data-wp-on--load=\"callbacks.setButtonStyles\" data-wp-on-window--resize=\"callbacks.setButtonStyles\" src=\"https:\/\/zug-bilder.de\/wp-content\/uploads\/2023\/10\/1000-CZ-CD-50-54-26-18-147-3_230607_Prahahlavninadrazi_Os9952.jpg\" alt=\"\" class=\"wp-image-5819\" srcset=\"https:\/\/zug-bilder.de\/wp-content\/uploads\/2023\/10\/1000-CZ-CD-50-54-26-18-147-3_230607_Prahahlavninadrazi_Os9952.jpg 1000w, https:\/\/zug-bilder.de\/wp-content\/uploads\/2023\/10\/1000-CZ-CD-50-54-26-18-147-3_230607_Prahahlavninadrazi_Os9952-300x205.jpg 300w, https:\/\/zug-bilder.de\/wp-content\/uploads\/2023\/10\/1000-CZ-CD-50-54-26-18-147-3_230607_Prahahlavninadrazi_Os9952-768x524.jpg 768w\" sizes=\"auto, (max-width: 1000px) 100vw, 1000px\" \/><button\n\t\t\tclass=\"lightbox-trigger\"\n\t\t\ttype=\"button\"\n\t\t\taria-haspopup=\"dialog\"\n\t\t\taria-label=\"Vergr\u00f6\u00dfern\"\n\t\t\tdata-wp-init=\"callbacks.initTriggerButton\"\n\t\t\tdata-wp-on--click=\"actions.showLightbox\"\n\t\t\tdata-wp-style--right=\"state.imageButtonRight\"\n\t\t\tdata-wp-style--top=\"state.imageButtonTop\"\n\t\t>\n\t\t\t<svg xmlns=\"http:\/\/www.w3.org\/2000\/svg\" width=\"12\" height=\"12\" fill=\"none\" viewBox=\"0 0 12 12\">\n\t\t\t\t<path fill=\"#fff\" d=\"M2 0a2 2 0 0 0-2 2v2h1.5V2a.5.5 0 0 1 .5-.5h2V0H2Zm2 10.5H2a.5.5 0 0 1-.5-.5V8H0v2a2 2 0 0 0 2 2h2v-1.5ZM8 12v-1.5h2a.5.5 0 0 0 .5-.5V8H12v2a2 2 0 0 1-2 2H8Zm2-12a2 2 0 0 1 2 2v2h-1.5V2a.5.5 0 0 0-.5-.5H8V0h2Z\" \/>\n\t\t\t<\/svg>\n\t\t<\/button><\/figure>\n<\/div>\n\n\n\n<div class=\"wp-block-column is-layout-flow wp-block-column-is-layout-flow\">\n<p class=\"has-light-gray-background-color has-background\"><strong>CZ-\u010cD\u00a050 54 26-18 147-3<\/strong><br>07.06.2023<br>Praha hlavn\u00ed n\u00e1dra\u017e\u00ed<br><em>Os 9952 \/ <img loading=\"lazy\" decoding=\"async\" width=\"20\" height=\"20\" src=\"https:\/\/zug-bilder.de\/wp-content\/uploads\/2023\/10\/Logo_SBahnPrag.jpg\" alt=\"\"> 7<\/em><br><em>Praha hlavn\u00ed n\u00e1dra\u017e\u00ed &#8211;<\/em> <em>Revnice<\/em><\/p>\n<\/div>\n<\/div>\n","protected":false},"excerpt":{"rendered":"<p>CZ-\u010cD\u00a050 54 26-18 147-307.06.2023Praha hlavn\u00ed n\u00e1dra\u017e\u00edOs 9952 \/ 7Praha hlavn\u00ed n\u00e1dra\u017e\u00ed &#8211; Revnice<\/p>\n","protected":false},"author":1,"featured_media":0,"parent":0,"menu_order":0,"comment_status":"closed","ping_status":"closed","template":"","meta":{"footnotes":""},"class_list":["post-5818","page","type-page","status-publish","hentry"],"_links":{"self":[{"href":"https:\/\/zug-bilder.de\/index.php?rest_route=\/wp\/v2\/pages\/5818","targetHints":{"allow":["GET"]}}],"collection":[{"href":"https:\/\/zug-bilder.de\/index.php?rest_route=\/wp\/v2\/pages"}],"about":[{"href":"https:\/\/zug-bilder.de\/index.php?rest_route=\/wp\/v2\/types\/page"}],"author":[{"embeddable":true,"href":"https:\/\/zug-bilder.de\/index.php?rest_route=\/wp\/v2\/users\/1"}],"replies":[{"embeddable":true,"href":"https:\/\/zug-bilder.de\/index.php?rest_route=%2Fwp%2Fv2%2Fcomments&post=5818"}],"version-history":[{"count":3,"href":"https:\/\/zug-bilder.de\/index.php?rest_route=\/wp\/v2\/pages\/5818\/revisions"}],"predecessor-version":[{"id":6200,"href":"https:\/\/zug-bilder.de\/index.php?rest_route=\/wp\/v2\/pages\/5818\/revisions\/6200"}],"wp:attachment":[{"href":"https:\/\/zug-bilder.de\/index.php?rest_route=%2Fwp%2Fv2%2Fmedia&parent=5818"}],"curies":[{"name":"wp","href":"https:\/\/api.w.org\/{rel}","templated":true}]}}