{"id":732,"date":"2018-09-08T18:06:34","date_gmt":"2018-09-08T18:06:34","guid":{"rendered":"https:\/\/zug-bilder.de\/?page_id=732"},"modified":"2023-12-30T16:42:55","modified_gmt":"2023-12-30T16:42:55","slug":"91-80-6111","status":"publish","type":"page","link":"https:\/\/zug-bilder.de\/?page_id=732","title":{"rendered":"91 80 6111"},"content":{"rendered":"<table style=\"border-collapse: collapse; width: 100%;\" border=\"1\">\n<tbody>\n<tr>\n<td style=\"width: 50%;\"><a href=\"https:\/\/zug-bilder.de\/wp-content\/uploads\/2021\/01\/1000-91-80-6111-019-6-D-DB_121201_M\u00fcnchenHackerbr\u00fccke_RE57414.jpg\"><img loading=\"lazy\" decoding=\"async\" class=\"alignnone size-medium wp-image-4408\" src=\"https:\/\/zug-bilder.de\/wp-content\/uploads\/2021\/01\/1000-91-80-6111-019-6-D-DB_121201_M\u00fcnchenHackerbr\u00fccke_RE57414-300x205.jpg\" alt=\"\" width=\"300\" height=\"205\" srcset=\"https:\/\/zug-bilder.de\/wp-content\/uploads\/2021\/01\/1000-91-80-6111-019-6-D-DB_121201_M\u00fcnchenHackerbr\u00fccke_RE57414-300x205.jpg 300w, https:\/\/zug-bilder.de\/wp-content\/uploads\/2021\/01\/1000-91-80-6111-019-6-D-DB_121201_M\u00fcnchenHackerbr\u00fccke_RE57414-768x524.jpg 768w, https:\/\/zug-bilder.de\/wp-content\/uploads\/2021\/01\/1000-91-80-6111-019-6-D-DB_121201_M\u00fcnchenHackerbr\u00fccke_RE57414.jpg 1000w\" sizes=\"auto, (max-width: 300px) 100vw, 300px\" \/><\/a><\/td>\n<td style=\"width: 50%; vertical-align: middle;\"><strong>91 80 6111 019-6 D-DB<br \/>\n<\/strong>01.12.2012<br \/>\n<span style=\"color: #333333;\"><img loading=\"lazy\" decoding=\"async\" class=\"alignnone size-full wp-image-5706\" src=\"https:\/\/zug-bilder.de\/wp-content\/uploads\/2023\/04\/Flagge_Deutschland.jpg\" alt=\"\" width=\"33\" height=\"20\" \/> <\/span>M\u00fcnchen Hackerbr\u00fccke<br \/>\n<em>RE 57414<\/em><br \/>\n<em>M\u00fcnchen Hbf &#8211; Memmingen<\/em><\/td>\n<\/tr>\n<tr>\n<td style=\"width: 50%;\"><a href=\"https:\/\/zug-bilder.de\/wp-content\/uploads\/2022\/12\/1000-91-80-6111-019-6-D-DB_140312_Freilassing_M79034.jpg\"><img loading=\"lazy\" decoding=\"async\" class=\"alignnone size-medium wp-image-5476\" src=\"https:\/\/zug-bilder.de\/wp-content\/uploads\/2022\/12\/1000-91-80-6111-019-6-D-DB_140312_Freilassing_M79034-300x205.jpg\" alt=\"\" width=\"300\" height=\"205\" srcset=\"https:\/\/zug-bilder.de\/wp-content\/uploads\/2022\/12\/1000-91-80-6111-019-6-D-DB_140312_Freilassing_M79034-300x205.jpg 300w, https:\/\/zug-bilder.de\/wp-content\/uploads\/2022\/12\/1000-91-80-6111-019-6-D-DB_140312_Freilassing_M79034-768x524.jpg 768w, https:\/\/zug-bilder.de\/wp-content\/uploads\/2022\/12\/1000-91-80-6111-019-6-D-DB_140312_Freilassing_M79034.jpg 1000w\" sizes=\"auto, (max-width: 300px) 100vw, 300px\" \/><\/a><\/td>\n<td style=\"width: 50%; vertical-align: middle;\"><strong>91 80 6111 019-6 D-DB<br \/>\n<\/strong>12.03.2014<br \/>\n<span style=\"color: #333333;\"><img loading=\"lazy\" decoding=\"async\" class=\"alignnone size-full wp-image-5706\" src=\"https:\/\/zug-bilder.de\/wp-content\/uploads\/2023\/04\/Flagge_Deutschland.jpg\" alt=\"\" width=\"33\" height=\"20\" \/> <\/span>Freilassing<br \/>\n<em>M 79034<\/em><br \/>\n<em>Salzburg Hbf &#8211; M\u00fcnchen Hbf<\/em><\/td>\n<\/tr>\n<tr>\n<td style=\"width: 50%;\"><a href=\"https:\/\/zug-bilder.de\/wp-content\/uploads\/2019\/10\/1000-91-80-6111-023-8-D-DB_190812_M\u00fcnchenHbf_RE4018.jpg\"><img loading=\"lazy\" decoding=\"async\" class=\"alignnone size-medium wp-image-2355\" src=\"https:\/\/zug-bilder.de\/wp-content\/uploads\/2019\/10\/1000-91-80-6111-023-8-D-DB_190812_M\u00fcnchenHbf_RE4018-300x205.jpg\" alt=\"\" width=\"300\" height=\"205\" srcset=\"https:\/\/zug-bilder.de\/wp-content\/uploads\/2019\/10\/1000-91-80-6111-023-8-D-DB_190812_M\u00fcnchenHbf_RE4018-300x205.jpg 300w, https:\/\/zug-bilder.de\/wp-content\/uploads\/2019\/10\/1000-91-80-6111-023-8-D-DB_190812_M\u00fcnchenHbf_RE4018-768x524.jpg 768w, https:\/\/zug-bilder.de\/wp-content\/uploads\/2019\/10\/1000-91-80-6111-023-8-D-DB_190812_M\u00fcnchenHbf_RE4018.jpg 1000w\" sizes=\"auto, (max-width: 300px) 100vw, 300px\" \/><\/a><\/td>\n<td style=\"width: 50%; vertical-align: middle;\"><strong>91 80 6111 023-8 D-DB<br \/>\n<\/strong>12.08.2019<br \/>\n<span style=\"color: #333333;\"><img loading=\"lazy\" decoding=\"async\" class=\"alignnone size-full wp-image-5706\" src=\"https:\/\/zug-bilder.de\/wp-content\/uploads\/2023\/04\/Flagge_Deutschland.jpg\" alt=\"\" width=\"33\" height=\"20\" \/> <\/span>M\u00fcnchen Hbf<br \/>\n<em>RE 4018<\/em><br \/>\n<em>M\u00fcnchen Hbf &#8211; Ingolstadt Hbf<\/em><strong><br \/>\n<\/strong><\/td>\n<\/tr>\n<tr>\n<td style=\"width: 50%;\"><a href=\"https:\/\/zug-bilder.de\/wp-content\/uploads\/2019\/11\/1000-91-80-6111-023-8-D-DB_190812_M\u00fcnchenHbf_RB59178.jpg\"><img loading=\"lazy\" decoding=\"async\" class=\"alignnone size-medium wp-image-2536\" src=\"https:\/\/zug-bilder.de\/wp-content\/uploads\/2019\/11\/1000-91-80-6111-023-8-D-DB_190812_M\u00fcnchenHbf_RB59178-300x205.jpg\" alt=\"\" width=\"300\" height=\"205\" srcset=\"https:\/\/zug-bilder.de\/wp-content\/uploads\/2019\/11\/1000-91-80-6111-023-8-D-DB_190812_M\u00fcnchenHbf_RB59178-300x205.jpg 300w, https:\/\/zug-bilder.de\/wp-content\/uploads\/2019\/11\/1000-91-80-6111-023-8-D-DB_190812_M\u00fcnchenHbf_RB59178-768x524.jpg 768w, https:\/\/zug-bilder.de\/wp-content\/uploads\/2019\/11\/1000-91-80-6111-023-8-D-DB_190812_M\u00fcnchenHbf_RB59178.jpg 1000w\" sizes=\"auto, (max-width: 300px) 100vw, 300px\" \/><\/a><\/td>\n<td style=\"width: 50%; vertical-align: middle;\"><strong>91 80 6111 023-8 D-DB<br \/>\n<\/strong>12.08.2019<br \/>\n<span style=\"color: #333333;\"><img loading=\"lazy\" decoding=\"async\" class=\"alignnone size-full wp-image-5706\" src=\"https:\/\/zug-bilder.de\/wp-content\/uploads\/2023\/04\/Flagge_Deutschland.jpg\" alt=\"\" width=\"33\" height=\"20\" \/> <\/span>M\u00fcnchen Hbf<br \/>\n<em>RB 59178<\/em><br \/>\n<em>M\u00fcnchen Hbf &#8211;<\/em><br \/>\n<em>Pfaffenhofen (Ilm)<\/em><strong><em><br \/>\n<\/em><\/strong><\/td>\n<\/tr>\n<tr>\n<td style=\"width: 50%;\"><a href=\"https:\/\/zug-bilder.de\/wp-content\/uploads\/2020\/10\/1000-91-80-6111-025-3-D-DB_130305_M\u00fcnchenHeimeranplatz_RE79017.jpg\"><img loading=\"lazy\" decoding=\"async\" class=\"alignnone size-medium wp-image-4279\" src=\"https:\/\/zug-bilder.de\/wp-content\/uploads\/2020\/10\/1000-91-80-6111-025-3-D-DB_130305_M\u00fcnchenHeimeranplatz_RE79017-300x205.jpg\" alt=\"\" width=\"300\" height=\"205\" srcset=\"https:\/\/zug-bilder.de\/wp-content\/uploads\/2020\/10\/1000-91-80-6111-025-3-D-DB_130305_M\u00fcnchenHeimeranplatz_RE79017-300x205.jpg 300w, https:\/\/zug-bilder.de\/wp-content\/uploads\/2020\/10\/1000-91-80-6111-025-3-D-DB_130305_M\u00fcnchenHeimeranplatz_RE79017-768x524.jpg 768w, https:\/\/zug-bilder.de\/wp-content\/uploads\/2020\/10\/1000-91-80-6111-025-3-D-DB_130305_M\u00fcnchenHeimeranplatz_RE79017.jpg 1000w\" sizes=\"auto, (max-width: 300px) 100vw, 300px\" \/><\/a><\/td>\n<td style=\"width: 50%; vertical-align: middle;\"><strong>91 80 6111 025-3 D-DB<br \/>\n<\/strong>05.03.2013<br \/>\n<span style=\"color: #333333;\"><img loading=\"lazy\" decoding=\"async\" class=\"alignnone size-full wp-image-5706\" src=\"https:\/\/zug-bilder.de\/wp-content\/uploads\/2023\/04\/Flagge_Deutschland.jpg\" alt=\"\" width=\"33\" height=\"20\" \/> <\/span>M\u00fcnchen Heimeranplatz<br \/>\n<em>RE 79017<\/em><br \/>\n<em>M\u00fcnchen Hbf &#8211; Salzburg Hbf<\/em><\/td>\n<\/tr>\n<tr>\n<td style=\"width: 50%;\"><a href=\"https:\/\/zug-bilder.de\/wp-content\/uploads\/2022\/12\/1000-91-80-6111-025-3-D-DB_140312_Freilassing_M79034.jpg\"><img loading=\"lazy\" decoding=\"async\" class=\"alignnone size-medium wp-image-5478\" src=\"https:\/\/zug-bilder.de\/wp-content\/uploads\/2022\/12\/1000-91-80-6111-025-3-D-DB_140312_Freilassing_M79034-300x205.jpg\" alt=\"\" width=\"300\" height=\"205\" srcset=\"https:\/\/zug-bilder.de\/wp-content\/uploads\/2022\/12\/1000-91-80-6111-025-3-D-DB_140312_Freilassing_M79034-300x205.jpg 300w, https:\/\/zug-bilder.de\/wp-content\/uploads\/2022\/12\/1000-91-80-6111-025-3-D-DB_140312_Freilassing_M79034-768x524.jpg 768w, https:\/\/zug-bilder.de\/wp-content\/uploads\/2022\/12\/1000-91-80-6111-025-3-D-DB_140312_Freilassing_M79034.jpg 1000w\" sizes=\"auto, (max-width: 300px) 100vw, 300px\" \/><\/a><\/td>\n<td style=\"width: 50%; vertical-align: middle;\"><strong>91 80 6111 025-3 D-DB<br \/>\n<\/strong>12.03.2014<br \/>\n<span style=\"color: #333333;\"><img loading=\"lazy\" decoding=\"async\" class=\"alignnone size-full wp-image-5706\" src=\"https:\/\/zug-bilder.de\/wp-content\/uploads\/2023\/04\/Flagge_Deutschland.jpg\" alt=\"\" width=\"33\" height=\"20\" \/> <\/span>Freilassing<br \/>\n<em>M 79034<\/em><br \/>\n<em>Salzburg Hbf &#8211; M\u00fcnchen Hbf<\/em><\/td>\n<\/tr>\n<tr>\n<td style=\"width: 50%;\"><a href=\"https:\/\/zug-bilder.de\/wp-content\/uploads\/2021\/01\/1000-91-80-6111-027-9-D-DB_121201_M\u00fcnchenHbf.jpg\"><img loading=\"lazy\" decoding=\"async\" class=\"alignnone size-medium wp-image-4404\" src=\"https:\/\/zug-bilder.de\/wp-content\/uploads\/2021\/01\/1000-91-80-6111-027-9-D-DB_121201_M\u00fcnchenHbf-300x205.jpg\" alt=\"\" width=\"300\" height=\"205\" srcset=\"https:\/\/zug-bilder.de\/wp-content\/uploads\/2021\/01\/1000-91-80-6111-027-9-D-DB_121201_M\u00fcnchenHbf-300x205.jpg 300w, https:\/\/zug-bilder.de\/wp-content\/uploads\/2021\/01\/1000-91-80-6111-027-9-D-DB_121201_M\u00fcnchenHbf-768x524.jpg 768w, https:\/\/zug-bilder.de\/wp-content\/uploads\/2021\/01\/1000-91-80-6111-027-9-D-DB_121201_M\u00fcnchenHbf.jpg 1000w\" sizes=\"auto, (max-width: 300px) 100vw, 300px\" \/><\/a><\/td>\n<td style=\"width: 50%; vertical-align: middle;\"><strong>91 80 6111 027-9 D-DB<br \/>\n<\/strong>01.12.2012<br \/>\n<span style=\"color: #333333;\"><img loading=\"lazy\" decoding=\"async\" class=\"alignnone size-full wp-image-5706\" src=\"https:\/\/zug-bilder.de\/wp-content\/uploads\/2023\/04\/Flagge_Deutschland.jpg\" alt=\"\" width=\"33\" height=\"20\" \/> <\/span>M\u00fcnchen Hbf<\/td>\n<\/tr>\n<tr>\n<td style=\"width: 50%;\"><a href=\"https:\/\/zug-bilder.de\/wp-content\/uploads\/2019\/08\/1000-91-80-6111-034-5-D-DB_110311_M\u00fcnchenHeimeranplatz_RB79020.jpg\"><img loading=\"lazy\" decoding=\"async\" class=\"alignnone size-medium wp-image-2083\" src=\"https:\/\/zug-bilder.de\/wp-content\/uploads\/2019\/08\/1000-91-80-6111-034-5-D-DB_110311_M\u00fcnchenHeimeranplatz_RB79020-300x205.jpg\" alt=\"\" width=\"300\" height=\"205\" srcset=\"https:\/\/zug-bilder.de\/wp-content\/uploads\/2019\/08\/1000-91-80-6111-034-5-D-DB_110311_M\u00fcnchenHeimeranplatz_RB79020-300x205.jpg 300w, https:\/\/zug-bilder.de\/wp-content\/uploads\/2019\/08\/1000-91-80-6111-034-5-D-DB_110311_M\u00fcnchenHeimeranplatz_RB79020-768x524.jpg 768w, https:\/\/zug-bilder.de\/wp-content\/uploads\/2019\/08\/1000-91-80-6111-034-5-D-DB_110311_M\u00fcnchenHeimeranplatz_RB79020.jpg 1000w\" sizes=\"auto, (max-width: 300px) 100vw, 300px\" \/><\/a><\/td>\n<td style=\"width: 50%; vertical-align: middle;\"><strong>91 80 6111 034-5 D-DB<br \/>\n<\/strong>11.03.2011<br \/>\n<span style=\"color: #333333;\"><img loading=\"lazy\" decoding=\"async\" class=\"alignnone size-full wp-image-5706\" src=\"https:\/\/zug-bilder.de\/wp-content\/uploads\/2023\/04\/Flagge_Deutschland.jpg\" alt=\"\" width=\"33\" height=\"20\" \/> <\/span>M\u00fcnchen Heimeranplatz<br \/>\n<em>RB 79020<\/em><br \/>\n<em>Salzburg Hbf &#8211; M\u00fcnchen Hbf<\/em><strong><br \/>\n<\/strong><\/td>\n<\/tr>\n<tr>\n<td style=\"width: 50%;\"><a href=\"https:\/\/zug-bilder.de\/wp-content\/uploads\/2019\/11\/1000-91-80-6111-044-4-D-DB_190812_M\u00fcnchenHbf_RE4074.jpg\"><img loading=\"lazy\" decoding=\"async\" class=\"alignnone size-medium wp-image-2534\" src=\"https:\/\/zug-bilder.de\/wp-content\/uploads\/2019\/11\/1000-91-80-6111-044-4-D-DB_190812_M\u00fcnchenHbf_RE4074-300x205.jpg\" alt=\"\" width=\"300\" height=\"205\" srcset=\"https:\/\/zug-bilder.de\/wp-content\/uploads\/2019\/11\/1000-91-80-6111-044-4-D-DB_190812_M\u00fcnchenHbf_RE4074-300x205.jpg 300w, https:\/\/zug-bilder.de\/wp-content\/uploads\/2019\/11\/1000-91-80-6111-044-4-D-DB_190812_M\u00fcnchenHbf_RE4074-768x524.jpg 768w, https:\/\/zug-bilder.de\/wp-content\/uploads\/2019\/11\/1000-91-80-6111-044-4-D-DB_190812_M\u00fcnchenHbf_RE4074.jpg 1000w\" sizes=\"auto, (max-width: 300px) 100vw, 300px\" \/><\/a><\/td>\n<td style=\"width: 50%; vertical-align: middle;\"><strong>91 80 6111 044-4 D-DB<br \/>\n<\/strong>12.08.2019<br \/>\n<span style=\"color: #333333;\"><img loading=\"lazy\" decoding=\"async\" class=\"alignnone size-full wp-image-5706\" src=\"https:\/\/zug-bilder.de\/wp-content\/uploads\/2023\/04\/Flagge_Deutschland.jpg\" alt=\"\" width=\"33\" height=\"20\" \/> <\/span>M\u00fcnchen Hbf<br \/>\n<em>RE 4074<\/em><br \/>\n<em>M\u00fcnchen Hbf &#8211; Passau Hbf<\/em><strong><br \/>\n<\/strong><\/td>\n<\/tr>\n<tr>\n<td style=\"width: 50%;\"><a href=\"https:\/\/zug-bilder.de\/wp-content\/uploads\/2018\/09\/1000-91-80-6111-201-0-D-DB_150820_M\u00fcnchenHackerbr\u00fccke.jpg\"><img loading=\"lazy\" decoding=\"async\" class=\"alignnone size-medium wp-image-733\" src=\"https:\/\/zug-bilder.de\/wp-content\/uploads\/2018\/09\/1000-91-80-6111-201-0-D-DB_150820_M\u00fcnchenHackerbr\u00fccke-300x205.jpg\" alt=\"\" width=\"300\" height=\"205\" srcset=\"https:\/\/zug-bilder.de\/wp-content\/uploads\/2018\/09\/1000-91-80-6111-201-0-D-DB_150820_M\u00fcnchenHackerbr\u00fccke-300x205.jpg 300w, https:\/\/zug-bilder.de\/wp-content\/uploads\/2018\/09\/1000-91-80-6111-201-0-D-DB_150820_M\u00fcnchenHackerbr\u00fccke-768x524.jpg 768w, https:\/\/zug-bilder.de\/wp-content\/uploads\/2018\/09\/1000-91-80-6111-201-0-D-DB_150820_M\u00fcnchenHackerbr\u00fccke.jpg 1000w\" sizes=\"auto, (max-width: 300px) 100vw, 300px\" \/><\/a><\/td>\n<td style=\"width: 50%; vertical-align: middle;\"><strong>91 80 6111 201-0 D-DB<br \/>\n<\/strong>20.08.2015<br \/>\n<span style=\"color: #333333;\"><img loading=\"lazy\" decoding=\"async\" class=\"alignnone size-full wp-image-5706\" src=\"https:\/\/zug-bilder.de\/wp-content\/uploads\/2023\/04\/Flagge_Deutschland.jpg\" alt=\"\" width=\"33\" height=\"20\" \/> <\/span>M\u00fcnchen Hackerbr\u00fccke<\/td>\n<\/tr>\n<tr>\n<td style=\"width: 50%;\"><a href=\"https:\/\/zug-bilder.de\/wp-content\/uploads\/2018\/09\/1000-91-80-6111-201-0-D-DB_170729_M\u00fcnchenHbf_RE4084.jpg\"><img loading=\"lazy\" decoding=\"async\" class=\"alignnone size-medium wp-image-736\" src=\"https:\/\/zug-bilder.de\/wp-content\/uploads\/2018\/09\/1000-91-80-6111-201-0-D-DB_170729_M\u00fcnchenHbf_RE4084-300x205.jpg\" alt=\"\" width=\"300\" height=\"205\" srcset=\"https:\/\/zug-bilder.de\/wp-content\/uploads\/2018\/09\/1000-91-80-6111-201-0-D-DB_170729_M\u00fcnchenHbf_RE4084-300x205.jpg 300w, https:\/\/zug-bilder.de\/wp-content\/uploads\/2018\/09\/1000-91-80-6111-201-0-D-DB_170729_M\u00fcnchenHbf_RE4084-768x524.jpg 768w, https:\/\/zug-bilder.de\/wp-content\/uploads\/2018\/09\/1000-91-80-6111-201-0-D-DB_170729_M\u00fcnchenHbf_RE4084.jpg 1000w\" sizes=\"auto, (max-width: 300px) 100vw, 300px\" \/><\/a><\/td>\n<td style=\"width: 50%; vertical-align: middle;\"><strong>91 80 6111 201-0 D-DB<br \/>\n<\/strong>29.07.2017<br \/>\n<span style=\"color: #333333;\"><img loading=\"lazy\" decoding=\"async\" class=\"alignnone size-full wp-image-5706\" src=\"https:\/\/zug-bilder.de\/wp-content\/uploads\/2023\/04\/Flagge_Deutschland.jpg\" alt=\"\" width=\"33\" height=\"20\" \/> <\/span>M\u00fcnchen Hbf<strong><br \/>\n<\/strong><em>RE 4084<\/em><br \/>\n<em>M\u00fcnchen Hbf &#8211; Passau Hbf<\/em><strong><br \/>\n<\/strong><\/td>\n<\/tr>\n<tr>\n<td style=\"width: 50%;\"><a href=\"https:\/\/zug-bilder.de\/wp-content\/uploads\/2018\/12\/1000-91-80-6111-201-0-D-DB_181029_M\u00fcnchenHbf_RE57092.jpg\"><img loading=\"lazy\" decoding=\"async\" class=\"alignnone size-medium wp-image-1226\" src=\"https:\/\/zug-bilder.de\/wp-content\/uploads\/2018\/12\/1000-91-80-6111-201-0-D-DB_181029_M\u00fcnchenHbf_RE57092-300x205.jpg\" alt=\"\" width=\"300\" height=\"205\" srcset=\"https:\/\/zug-bilder.de\/wp-content\/uploads\/2018\/12\/1000-91-80-6111-201-0-D-DB_181029_M\u00fcnchenHbf_RE57092-300x205.jpg 300w, https:\/\/zug-bilder.de\/wp-content\/uploads\/2018\/12\/1000-91-80-6111-201-0-D-DB_181029_M\u00fcnchenHbf_RE57092-768x524.jpg 768w, https:\/\/zug-bilder.de\/wp-content\/uploads\/2018\/12\/1000-91-80-6111-201-0-D-DB_181029_M\u00fcnchenHbf_RE57092.jpg 1000w\" sizes=\"auto, (max-width: 300px) 100vw, 300px\" \/><\/a><\/td>\n<td style=\"width: 50%; vertical-align: middle;\"><strong>91 80 6111 201-0 D-DB<br \/>\n<\/strong>29.10.2018<br \/>\n<span style=\"color: #333333;\"><img loading=\"lazy\" decoding=\"async\" class=\"alignnone size-full wp-image-5706\" src=\"https:\/\/zug-bilder.de\/wp-content\/uploads\/2023\/04\/Flagge_Deutschland.jpg\" alt=\"\" width=\"33\" height=\"20\" \/> <\/span>M\u00fcnchen Hbf<br \/>\n<em>RE 57092<\/em><br \/>\n<em>M\u00fcnchen Hbf &#8211; Donauw\u00f6rth<\/em><strong><em><br \/>\n<\/em><\/strong><\/td>\n<\/tr>\n<tr>\n<td style=\"width: 50%;\"><a href=\"https:\/\/zug-bilder.de\/wp-content\/uploads\/2019\/06\/1000-91-80-6111-216-8-D-DB_190617_LandshutHbf_RB59245.jpg\"><img loading=\"lazy\" decoding=\"async\" class=\"alignnone size-medium wp-image-1897\" src=\"https:\/\/zug-bilder.de\/wp-content\/uploads\/2019\/06\/1000-91-80-6111-216-8-D-DB_190617_LandshutHbf_RB59245-300x205.jpg\" alt=\"\" width=\"300\" height=\"205\" srcset=\"https:\/\/zug-bilder.de\/wp-content\/uploads\/2019\/06\/1000-91-80-6111-216-8-D-DB_190617_LandshutHbf_RB59245-300x205.jpg 300w, https:\/\/zug-bilder.de\/wp-content\/uploads\/2019\/06\/1000-91-80-6111-216-8-D-DB_190617_LandshutHbf_RB59245-768x524.jpg 768w, https:\/\/zug-bilder.de\/wp-content\/uploads\/2019\/06\/1000-91-80-6111-216-8-D-DB_190617_LandshutHbf_RB59245.jpg 1000w\" sizes=\"auto, (max-width: 300px) 100vw, 300px\" \/><\/a><\/td>\n<td style=\"width: 50%; vertical-align: middle;\"><strong>91 80 6111 216-8 D-DB<br \/>\n<\/strong>17.06.2019<br \/>\n<span style=\"color: #333333;\"><img loading=\"lazy\" decoding=\"async\" class=\"alignnone size-full wp-image-5706\" src=\"https:\/\/zug-bilder.de\/wp-content\/uploads\/2023\/04\/Flagge_Deutschland.jpg\" alt=\"\" width=\"33\" height=\"20\" \/> <\/span>Landshut (Bay) Hbf<br \/>\n<em>RB 59245<\/em><br \/>\n<em>Landshut (Bay) Hbf &#8211; Freising<\/em><strong><br \/>\n<\/strong><\/td>\n<\/tr>\n<tr>\n<td style=\"width: 50%;\"><a href=\"https:\/\/zug-bilder.de\/wp-content\/uploads\/2018\/09\/1000-91-80-6111-219-2-D-DB_170729_M\u00fcnchenHbf_RE4863.jpg\"><img loading=\"lazy\" decoding=\"async\" class=\"alignnone size-medium wp-image-739\" src=\"https:\/\/zug-bilder.de\/wp-content\/uploads\/2018\/09\/1000-91-80-6111-219-2-D-DB_170729_M\u00fcnchenHbf_RE4863-300x205.jpg\" alt=\"\" width=\"300\" height=\"205\" srcset=\"https:\/\/zug-bilder.de\/wp-content\/uploads\/2018\/09\/1000-91-80-6111-219-2-D-DB_170729_M\u00fcnchenHbf_RE4863-300x205.jpg 300w, https:\/\/zug-bilder.de\/wp-content\/uploads\/2018\/09\/1000-91-80-6111-219-2-D-DB_170729_M\u00fcnchenHbf_RE4863-768x524.jpg 768w, https:\/\/zug-bilder.de\/wp-content\/uploads\/2018\/09\/1000-91-80-6111-219-2-D-DB_170729_M\u00fcnchenHbf_RE4863.jpg 1000w\" sizes=\"auto, (max-width: 300px) 100vw, 300px\" \/><\/a><\/td>\n<td style=\"width: 50%; vertical-align: middle;\"><strong>91 80 6111 219-2 D-DB<br \/>\n<\/strong>29.07.2017<br \/>\n<span style=\"color: #333333;\"><img loading=\"lazy\" decoding=\"async\" class=\"alignnone size-full wp-image-5706\" src=\"https:\/\/zug-bilder.de\/wp-content\/uploads\/2023\/04\/Flagge_Deutschland.jpg\" alt=\"\" width=\"33\" height=\"20\" \/> <\/span>M\u00fcnchen Hbf<strong><br \/>\n<\/strong><em>RE 4863<\/em><br \/>\n<em>N\u00fcrnberg Hbf &#8211; M\u00fcnchen Hbf<\/em><strong><br \/>\n<\/strong><\/td>\n<\/tr>\n<\/tbody>\n<\/table>\n","protected":false},"excerpt":{"rendered":"<p>91 80 6111 019-6 D-DB 01.12.2012 M\u00fcnchen Hackerbr\u00fccke RE 57414 M\u00fcnchen Hbf &#8211; Memmingen 91 80 6111 019-6 D-DB 12.03.2014 Freilassing M 79034 Salzburg Hbf &#8211; M\u00fcnchen Hbf 91 80 6111 023-8 D-DB 12.08.2019 M\u00fcnchen Hbf RE 4018 M\u00fcnchen Hbf &#8211; Ingolstadt Hbf 91 80 6111 023-8 D-DB 12.08.2019 M\u00fcnchen Hbf RB 59178 M\u00fcnchen Hbf &hellip; <a href=\"https:\/\/zug-bilder.de\/?page_id=732\" class=\"more-link\"><span class=\"screen-reader-text\">91 80 6111<\/span> weiterlesen<\/a><\/p>\n","protected":false},"author":1,"featured_media":0,"parent":0,"menu_order":0,"comment_status":"closed","ping_status":"closed","template":"","meta":{"footnotes":""},"class_list":["post-732","page","type-page","status-publish","hentry"],"_links":{"self":[{"href":"https:\/\/zug-bilder.de\/index.php?rest_route=\/wp\/v2\/pages\/732","targetHints":{"allow":["GET"]}}],"collection":[{"href":"https:\/\/zug-bilder.de\/index.php?rest_route=\/wp\/v2\/pages"}],"about":[{"href":"https:\/\/zug-bilder.de\/index.php?rest_route=\/wp\/v2\/types\/page"}],"author":[{"embeddable":true,"href":"https:\/\/zug-bilder.de\/index.php?rest_route=\/wp\/v2\/users\/1"}],"replies":[{"embeddable":true,"href":"https:\/\/zug-bilder.de\/index.php?rest_route=%2Fwp%2Fv2%2Fcomments&post=732"}],"version-history":[{"count":16,"href":"https:\/\/zug-bilder.de\/index.php?rest_route=\/wp\/v2\/pages\/732\/revisions"}],"predecessor-version":[{"id":5939,"href":"https:\/\/zug-bilder.de\/index.php?rest_route=\/wp\/v2\/pages\/732\/revisions\/5939"}],"wp:attachment":[{"href":"https:\/\/zug-bilder.de\/index.php?rest_route=%2Fwp%2Fv2%2Fmedia&parent=732"}],"curies":[{"name":"wp","href":"https:\/\/api.w.org\/{rel}","templated":true}]}}