{"id":878,"date":"2018-10-09T17:09:29","date_gmt":"2018-10-09T17:09:29","guid":{"rendered":"https:\/\/zug-bilder.de\/?page_id=878"},"modified":"2025-06-09T17:55:44","modified_gmt":"2025-06-09T17:55:44","slug":"98-80-3294","status":"publish","type":"page","link":"https:\/\/zug-bilder.de\/?page_id=878","title":{"rendered":"98 80 3294"},"content":{"rendered":"<table style=\"border-collapse: collapse; width: 100%;\" border=\"1\">\n<tbody>\n<tr>\n<td style=\"width: 50%; vertical-align: middle;\"><a href=\"https:\/\/zug-bilder.de\/wp-content\/uploads\/2018\/10\/1000-98-80-3294-103-7-D-DB_070227_T\u00f6ging_FZ56481.jpg\"><img loading=\"lazy\" decoding=\"async\" class=\"alignnone size-medium wp-image-879\" src=\"https:\/\/zug-bilder.de\/wp-content\/uploads\/2018\/10\/1000-98-80-3294-103-7-D-DB_070227_T\u00f6ging_FZ56481-300x205.jpg\" alt=\"\" width=\"300\" height=\"205\" srcset=\"https:\/\/zug-bilder.de\/wp-content\/uploads\/2018\/10\/1000-98-80-3294-103-7-D-DB_070227_T\u00f6ging_FZ56481-300x205.jpg 300w, https:\/\/zug-bilder.de\/wp-content\/uploads\/2018\/10\/1000-98-80-3294-103-7-D-DB_070227_T\u00f6ging_FZ56481-768x524.jpg 768w, https:\/\/zug-bilder.de\/wp-content\/uploads\/2018\/10\/1000-98-80-3294-103-7-D-DB_070227_T\u00f6ging_FZ56481.jpg 1000w\" sizes=\"auto, (max-width: 300px) 100vw, 300px\" \/><\/a><\/td>\n<td style=\"width: 50%; vertical-align: middle;\"><strong>98 80 3294 103-7 D-DB<br \/>\n<\/strong><em>(ehem. 290 103-1)<\/em><strong><br \/>\n<\/strong>27.02.2007<br \/>\nT\u00f6ging Industriepark Inntal<br \/>\n<em>FZ 56481<\/em><br \/>\n<em>M\u00fchldorf (Oberbay) &#8211;<br \/>\nT\u00f6ging (Inn)<\/em><\/td>\n<\/tr>\n<tr>\n<td style=\"width: 50%; vertical-align: middle;\"><a href=\"https:\/\/zug-bilder.de\/wp-content\/uploads\/2018\/12\/1000-98-80-3294-147-4-D-DB_070618_T\u00f6ging_FZ56481.jpg\"><img loading=\"lazy\" decoding=\"async\" class=\"alignnone size-medium wp-image-1187\" src=\"https:\/\/zug-bilder.de\/wp-content\/uploads\/2018\/12\/1000-98-80-3294-147-4-D-DB_070618_T\u00f6ging_FZ56481-300x205.jpg\" alt=\"\" width=\"300\" height=\"205\" srcset=\"https:\/\/zug-bilder.de\/wp-content\/uploads\/2018\/12\/1000-98-80-3294-147-4-D-DB_070618_T\u00f6ging_FZ56481-300x205.jpg 300w, https:\/\/zug-bilder.de\/wp-content\/uploads\/2018\/12\/1000-98-80-3294-147-4-D-DB_070618_T\u00f6ging_FZ56481-768x524.jpg 768w, https:\/\/zug-bilder.de\/wp-content\/uploads\/2018\/12\/1000-98-80-3294-147-4-D-DB_070618_T\u00f6ging_FZ56481.jpg 1000w\" sizes=\"auto, (max-width: 300px) 100vw, 300px\" \/><\/a><\/td>\n<td style=\"width: 50%; vertical-align: middle;\"><strong>98 80 3294 147-4 D-DB<br \/>\n<\/strong><em>(ehem. 290 147-8)<\/em><br \/>\n18.06.2007<br \/>\nT\u00f6ging Industriepark Inntal<br \/>\n<em>FZ 56481<\/em><br \/>\n<em>M\u00fchldorf (Oberbay) &#8211;<br \/>\nT\u00f6ging (Inn)<\/em><\/td>\n<\/tr>\n<tr>\n<td style=\"width: 50%; vertical-align: middle;\"><a href=\"https:\/\/zug-bilder.de\/wp-content\/uploads\/2018\/12\/1000-98-80-3294-147-4-D-DB_070618_T\u00f6ging_Tfzf56482.jpg\"><img loading=\"lazy\" decoding=\"async\" class=\"alignnone size-medium wp-image-1189\" src=\"https:\/\/zug-bilder.de\/wp-content\/uploads\/2018\/12\/1000-98-80-3294-147-4-D-DB_070618_T\u00f6ging_Tfzf56482-300x205.jpg\" alt=\"\" width=\"300\" height=\"205\" srcset=\"https:\/\/zug-bilder.de\/wp-content\/uploads\/2018\/12\/1000-98-80-3294-147-4-D-DB_070618_T\u00f6ging_Tfzf56482-300x205.jpg 300w, https:\/\/zug-bilder.de\/wp-content\/uploads\/2018\/12\/1000-98-80-3294-147-4-D-DB_070618_T\u00f6ging_Tfzf56482-768x524.jpg 768w, https:\/\/zug-bilder.de\/wp-content\/uploads\/2018\/12\/1000-98-80-3294-147-4-D-DB_070618_T\u00f6ging_Tfzf56482.jpg 1000w\" sizes=\"auto, (max-width: 300px) 100vw, 300px\" \/><\/a><\/td>\n<td style=\"width: 50%; vertical-align: middle;\"><strong>98 80 3294 147-4 D-DB<br \/>\n<\/strong><em>(ehem. 290 147-8)<\/em><br \/>\n18.06.2007<br \/>\nT\u00f6ging (Inn)<br \/>\n<em>Tfzf 56482<\/em><br \/>\n<em>T\u00f6ging (Inn) &#8211;<br \/>\nM\u00fchldorf (Oberbay)<br \/>\n<\/em><\/td>\n<\/tr>\n<tr>\n<td style=\"width: 50%; vertical-align: middle;\"><a href=\"https:\/\/zug-bilder.de\/wp-content\/uploads\/2021\/10\/1000-98-80-3294-645-7-D-DB_210602_Assling.jpg\"><img loading=\"lazy\" decoding=\"async\" class=\"alignnone size-medium wp-image-4784\" src=\"https:\/\/zug-bilder.de\/wp-content\/uploads\/2021\/10\/1000-98-80-3294-645-7-D-DB_210602_Assling-300x205.jpg\" alt=\"\" width=\"300\" height=\"205\" srcset=\"https:\/\/zug-bilder.de\/wp-content\/uploads\/2021\/10\/1000-98-80-3294-645-7-D-DB_210602_Assling-300x205.jpg 300w, https:\/\/zug-bilder.de\/wp-content\/uploads\/2021\/10\/1000-98-80-3294-645-7-D-DB_210602_Assling-768x524.jpg 768w, https:\/\/zug-bilder.de\/wp-content\/uploads\/2021\/10\/1000-98-80-3294-645-7-D-DB_210602_Assling.jpg 1000w\" sizes=\"auto, (max-width: 300px) 100vw, 300px\" \/><\/a><\/td>\n<td style=\"width: 50%; vertical-align: middle;\"><strong>98 80 3294 645-7 D-DB<br \/>\n<\/strong><em>(ehem. 290 145-2)<\/em><br \/>\n02.06.2021<br \/>\nA\u00dfling (Oberbay)<\/td>\n<\/tr>\n<tr>\n<td style=\"width: 50%; vertical-align: middle;\"><a href=\"https:\/\/zug-bilder.de\/wp-content\/uploads\/2021\/06\/1000-98-80-3294-645-7-D-DB_210602_Uebersee.jpg\"><img loading=\"lazy\" decoding=\"async\" class=\"alignnone size-medium wp-image-4622\" src=\"https:\/\/zug-bilder.de\/wp-content\/uploads\/2021\/06\/1000-98-80-3294-645-7-D-DB_210602_Uebersee-300x205.jpg\" alt=\"\" width=\"300\" height=\"205\" srcset=\"https:\/\/zug-bilder.de\/wp-content\/uploads\/2021\/06\/1000-98-80-3294-645-7-D-DB_210602_Uebersee-300x205.jpg 300w, https:\/\/zug-bilder.de\/wp-content\/uploads\/2021\/06\/1000-98-80-3294-645-7-D-DB_210602_Uebersee-768x524.jpg 768w, https:\/\/zug-bilder.de\/wp-content\/uploads\/2021\/06\/1000-98-80-3294-645-7-D-DB_210602_Uebersee.jpg 1000w\" sizes=\"auto, (max-width: 300px) 100vw, 300px\" \/><\/a><\/td>\n<td style=\"width: 50%; vertical-align: middle;\"><strong>98 80 3294 645-7 D-DB<br \/>\n<\/strong><em>(ehem. 290 145-2)<\/em><br \/>\n02.06.2021<br \/>\n\u00dcbersee<\/td>\n<\/tr>\n<tr>\n<td style=\"width: 50%; vertical-align: middle;\"><a href=\"https:\/\/zug-bilder.de\/wp-content\/uploads\/2018\/12\/1000-98-80-3294-661-4-D-DB_150427_Aham.jpg\"><img loading=\"lazy\" decoding=\"async\" class=\"alignnone size-medium wp-image-1191\" src=\"https:\/\/zug-bilder.de\/wp-content\/uploads\/2018\/12\/1000-98-80-3294-661-4-D-DB_150427_Aham-300x205.jpg\" alt=\"\" width=\"300\" height=\"205\" srcset=\"https:\/\/zug-bilder.de\/wp-content\/uploads\/2018\/12\/1000-98-80-3294-661-4-D-DB_150427_Aham-300x205.jpg 300w, https:\/\/zug-bilder.de\/wp-content\/uploads\/2018\/12\/1000-98-80-3294-661-4-D-DB_150427_Aham-768x524.jpg 768w, https:\/\/zug-bilder.de\/wp-content\/uploads\/2018\/12\/1000-98-80-3294-661-4-D-DB_150427_Aham.jpg 1000w\" sizes=\"auto, (max-width: 300px) 100vw, 300px\" \/><\/a><\/td>\n<td style=\"width: 50%; vertical-align: middle;\"><strong>98 80 3294 661-4 D-DB<br \/>\n<\/strong><em>(ehem. 294 161-5)<br \/>\n(ehem. 290 161-9)<br \/>\n<\/em>27.04.2015<br \/>\nAham (M\u00fchldorf)<br \/>\n<em>Trostberg &#8211; M\u00fchldorf (Oberbay)<\/em><\/td>\n<\/tr>\n<tr>\n<td style=\"width: 50%; vertical-align: middle;\"><a href=\"https:\/\/zug-bilder.de\/wp-content\/uploads\/2022\/12\/1000-98-80-3294-661-4-D-DB_220830_MuenchenHeimeranplatz.jpg\"><img loading=\"lazy\" decoding=\"async\" class=\"alignnone size-medium wp-image-5442\" src=\"https:\/\/zug-bilder.de\/wp-content\/uploads\/2022\/12\/1000-98-80-3294-661-4-D-DB_220830_MuenchenHeimeranplatz-300x205.jpg\" alt=\"\" width=\"300\" height=\"205\" srcset=\"https:\/\/zug-bilder.de\/wp-content\/uploads\/2022\/12\/1000-98-80-3294-661-4-D-DB_220830_MuenchenHeimeranplatz-300x205.jpg 300w, https:\/\/zug-bilder.de\/wp-content\/uploads\/2022\/12\/1000-98-80-3294-661-4-D-DB_220830_MuenchenHeimeranplatz-768x524.jpg 768w, https:\/\/zug-bilder.de\/wp-content\/uploads\/2022\/12\/1000-98-80-3294-661-4-D-DB_220830_MuenchenHeimeranplatz.jpg 1000w\" sizes=\"auto, (max-width: 300px) 100vw, 300px\" \/><\/a><\/td>\n<td style=\"width: 50%; vertical-align: middle;\"><strong>98 80 3294 661-4 D-DB<br \/>\n<\/strong><em>(ehem. 294 161-5)<br \/>\n(ehem. 290 161-9)<br \/>\n<\/em>30.08.2022<br \/>\nM\u00fcnchen Heimeranplatz<\/td>\n<\/tr>\n<tr>\n<td style=\"width: 50%; vertical-align: middle;\"><a href=\"https:\/\/zug-bilder.de\/wp-content\/uploads\/2018\/12\/1000-98-80-3294-710-9-D-DB_160328_Garching.jpg\"><img loading=\"lazy\" decoding=\"async\" class=\"alignnone size-medium wp-image-1193\" src=\"https:\/\/zug-bilder.de\/wp-content\/uploads\/2018\/12\/1000-98-80-3294-710-9-D-DB_160328_Garching-300x205.jpg\" alt=\"\" width=\"300\" height=\"205\" srcset=\"https:\/\/zug-bilder.de\/wp-content\/uploads\/2018\/12\/1000-98-80-3294-710-9-D-DB_160328_Garching-300x205.jpg 300w, https:\/\/zug-bilder.de\/wp-content\/uploads\/2018\/12\/1000-98-80-3294-710-9-D-DB_160328_Garching-768x524.jpg 768w, https:\/\/zug-bilder.de\/wp-content\/uploads\/2018\/12\/1000-98-80-3294-710-9-D-DB_160328_Garching.jpg 1000w\" sizes=\"auto, (max-width: 300px) 100vw, 300px\" \/><\/a><\/td>\n<td style=\"width: 50%; vertical-align: middle;\"><strong>98 80 3294 710-9 D-DB<br \/>\n<\/strong><em>(ehem. 294 210-0)<br \/>\n(ehem. 290 210-4)<br \/>\n<\/em>28.03.2016<br \/>\nGarching (Alz)<\/td>\n<\/tr>\n<tr>\n<td style=\"width: 50%; vertical-align: middle;\"><a href=\"https:\/\/zug-bilder.de\/wp-content\/uploads\/2018\/12\/1000-98-80-3294-712-5-D-DB_160518_M\u00fcnchenHeimeranplatz.jpg\"><img loading=\"lazy\" decoding=\"async\" class=\"alignnone size-medium wp-image-1195\" src=\"https:\/\/zug-bilder.de\/wp-content\/uploads\/2018\/12\/1000-98-80-3294-712-5-D-DB_160518_M\u00fcnchenHeimeranplatz-300x205.jpg\" alt=\"\" width=\"300\" height=\"205\" srcset=\"https:\/\/zug-bilder.de\/wp-content\/uploads\/2018\/12\/1000-98-80-3294-712-5-D-DB_160518_M\u00fcnchenHeimeranplatz-300x205.jpg 300w, https:\/\/zug-bilder.de\/wp-content\/uploads\/2018\/12\/1000-98-80-3294-712-5-D-DB_160518_M\u00fcnchenHeimeranplatz-768x524.jpg 768w, https:\/\/zug-bilder.de\/wp-content\/uploads\/2018\/12\/1000-98-80-3294-712-5-D-DB_160518_M\u00fcnchenHeimeranplatz.jpg 1000w\" sizes=\"auto, (max-width: 300px) 100vw, 300px\" \/><\/a><\/td>\n<td style=\"width: 50%; vertical-align: middle;\"><strong>98 80 3294 712-5 D-DB<br \/>\n<\/strong><em>(ehem. 294 212-6)<br \/>\n(ehem. 290 212-0)<br \/>\n<\/em>18.05.2016<br \/>\nM\u00fcnchen Heimeranplatz<\/td>\n<\/tr>\n<tr>\n<td style=\"width: 50%; vertical-align: middle;\"><a href=\"https:\/\/zug-bilder.de\/wp-content\/uploads\/2022\/05\/1000-98-80-3294-750-5-D-DB_130305_Bamberg.jpg\"><img loading=\"lazy\" decoding=\"async\" class=\"alignnone size-medium wp-image-5231\" src=\"https:\/\/zug-bilder.de\/wp-content\/uploads\/2022\/05\/1000-98-80-3294-750-5-D-DB_130305_Bamberg-300x205.jpg\" alt=\"\" width=\"300\" height=\"205\" srcset=\"https:\/\/zug-bilder.de\/wp-content\/uploads\/2022\/05\/1000-98-80-3294-750-5-D-DB_130305_Bamberg-300x205.jpg 300w, https:\/\/zug-bilder.de\/wp-content\/uploads\/2022\/05\/1000-98-80-3294-750-5-D-DB_130305_Bamberg-768x524.jpg 768w, https:\/\/zug-bilder.de\/wp-content\/uploads\/2022\/05\/1000-98-80-3294-750-5-D-DB_130305_Bamberg.jpg 1000w\" sizes=\"auto, (max-width: 300px) 100vw, 300px\" \/><\/a><\/td>\n<td style=\"width: 50%; vertical-align: middle;\"><strong>98 80 3294 750-5 D-DB<br \/>\n<\/strong><em>(ehem. 294 250-6)<\/em><br \/>\n<em>(ehem. 290 250-0)<\/em><strong><br \/>\n<\/strong>05.03.2013<br \/>\nBamberg<\/td>\n<\/tr>\n<tr>\n<td style=\"width: 50%; vertical-align: middle;\"><a href=\"https:\/\/zug-bilder.de\/wp-content\/uploads\/2018\/11\/1000-98-80-3294-772-9-D-DB_181029_M\u00fcnchenHeimeranplatz.jpg\"><img loading=\"lazy\" decoding=\"async\" class=\"alignnone size-medium wp-image-1119\" src=\"https:\/\/zug-bilder.de\/wp-content\/uploads\/2018\/11\/1000-98-80-3294-772-9-D-DB_181029_M\u00fcnchenHeimeranplatz-300x205.jpg\" alt=\"\" width=\"300\" height=\"205\" srcset=\"https:\/\/zug-bilder.de\/wp-content\/uploads\/2018\/11\/1000-98-80-3294-772-9-D-DB_181029_M\u00fcnchenHeimeranplatz-300x205.jpg 300w, https:\/\/zug-bilder.de\/wp-content\/uploads\/2018\/11\/1000-98-80-3294-772-9-D-DB_181029_M\u00fcnchenHeimeranplatz-768x524.jpg 768w, https:\/\/zug-bilder.de\/wp-content\/uploads\/2018\/11\/1000-98-80-3294-772-9-D-DB_181029_M\u00fcnchenHeimeranplatz.jpg 1000w\" sizes=\"auto, (max-width: 300px) 100vw, 300px\" \/><\/a><\/td>\n<td style=\"width: 50%; vertical-align: middle;\"><strong>98 80 3294 772-9 D-DB<br \/>\n<\/strong><em>(ehem. 294 272-0)<br \/>\n(ehem. 290 272-0)<br \/>\n<\/em>29.10.2018<br \/>\nM\u00fcnchen Heimeranplatz<em><br \/>\n<\/em><\/td>\n<\/tr>\n<tr>\n<td style=\"width: 50%; vertical-align: middle;\"><a href=\"https:\/\/zug-bilder.de\/wp-content\/uploads\/2020\/05\/1000-98-80-3294-795-0-D-DB_140905_Mussenm\u00fchle_EK56538.jpg\"><img loading=\"lazy\" decoding=\"async\" class=\"alignnone size-medium wp-image-3892\" src=\"https:\/\/zug-bilder.de\/wp-content\/uploads\/2020\/05\/1000-98-80-3294-795-0-D-DB_140905_Mussenm\u00fchle_EK56538-300x205.jpg\" alt=\"\" width=\"300\" height=\"205\" srcset=\"https:\/\/zug-bilder.de\/wp-content\/uploads\/2020\/05\/1000-98-80-3294-795-0-D-DB_140905_Mussenm\u00fchle_EK56538-300x205.jpg 300w, https:\/\/zug-bilder.de\/wp-content\/uploads\/2020\/05\/1000-98-80-3294-795-0-D-DB_140905_Mussenm\u00fchle_EK56538-768x524.jpg 768w, https:\/\/zug-bilder.de\/wp-content\/uploads\/2020\/05\/1000-98-80-3294-795-0-D-DB_140905_Mussenm\u00fchle_EK56538.jpg 1000w\" sizes=\"auto, (max-width: 300px) 100vw, 300px\" \/><\/a><\/td>\n<td style=\"width: 50%; vertical-align: middle;\"><strong>98 80 3294 795-0 D-DB<br \/>\n<\/strong><em>(ehem. 294 295-1)<\/em><br \/>\n<em>(ehem. 290 295-5)<\/em><br \/>\n05.09.2014<br \/>\nMussenm\u00fchle (Tacherting)<br \/>\n<em>EK 56538<\/em><br \/>\n<em>Trostberg &#8211; Garching (Alz)<\/em><\/td>\n<\/tr>\n<tr>\n<td style=\"width: 50%; vertical-align: middle;\"><a href=\"https:\/\/zug-bilder.de\/wp-content\/uploads\/2019\/12\/1000-98-80-3294-795-0-D-DB_140905_Schalchen_EK56538.jpg\"><img loading=\"lazy\" decoding=\"async\" class=\"alignnone size-medium wp-image-3140\" src=\"https:\/\/zug-bilder.de\/wp-content\/uploads\/2019\/12\/1000-98-80-3294-795-0-D-DB_140905_Schalchen_EK56538-300x205.jpg\" alt=\"\" width=\"300\" height=\"205\" srcset=\"https:\/\/zug-bilder.de\/wp-content\/uploads\/2019\/12\/1000-98-80-3294-795-0-D-DB_140905_Schalchen_EK56538-300x205.jpg 300w, https:\/\/zug-bilder.de\/wp-content\/uploads\/2019\/12\/1000-98-80-3294-795-0-D-DB_140905_Schalchen_EK56538-768x524.jpg 768w, https:\/\/zug-bilder.de\/wp-content\/uploads\/2019\/12\/1000-98-80-3294-795-0-D-DB_140905_Schalchen_EK56538.jpg 1000w\" sizes=\"auto, (max-width: 300px) 100vw, 300px\" \/><\/a><\/td>\n<td style=\"width: 50%; vertical-align: middle;\"><strong>98 80 3294 795-0 D-DB<br \/>\n<\/strong><em>(ehem. 294 295-1)<\/em><br \/>\n<em>(ehem. 290 295-5)<\/em><strong><br \/>\n<\/strong>05.09.2014<br \/>\nSchalchen<br \/>\n<em>EK 56538<\/em><br \/>\n<em>Trostberg &#8211; Garching (Alz)<\/em><strong><br \/>\n<\/strong><\/td>\n<\/tr>\n<tr>\n<td style=\"width: 50%; vertical-align: middle;\"><a href=\"https:\/\/zug-bilder.de\/wp-content\/uploads\/2022\/05\/1000-98-80-3294-810-7-D-DB_130305_Bamberg.jpg\"><img loading=\"lazy\" decoding=\"async\" class=\"alignnone size-medium wp-image-5229\" src=\"https:\/\/zug-bilder.de\/wp-content\/uploads\/2022\/05\/1000-98-80-3294-810-7-D-DB_130305_Bamberg-300x205.jpg\" alt=\"\" width=\"300\" height=\"205\" srcset=\"https:\/\/zug-bilder.de\/wp-content\/uploads\/2022\/05\/1000-98-80-3294-810-7-D-DB_130305_Bamberg-300x205.jpg 300w, https:\/\/zug-bilder.de\/wp-content\/uploads\/2022\/05\/1000-98-80-3294-810-7-D-DB_130305_Bamberg-768x524.jpg 768w, https:\/\/zug-bilder.de\/wp-content\/uploads\/2022\/05\/1000-98-80-3294-810-7-D-DB_130305_Bamberg.jpg 1000w\" sizes=\"auto, (max-width: 300px) 100vw, 300px\" \/><\/a><\/td>\n<td style=\"width: 50%; vertical-align: middle;\"><strong>98 80 3294 810-7 D-DB<br \/>\n<\/strong><em>(ehem. 294 310-8)<\/em><br \/>\n<em>(ehem. 290 310-2)<\/em><strong><br \/>\n<\/strong>05.03.2013<br \/>\nBamberg<\/td>\n<\/tr>\n<tr>\n<td style=\"width: 50%; vertical-align: middle;\"><a href=\"https:\/\/zug-bilder.de\/wp-content\/uploads\/2018\/12\/1000-98-80-3294-826-3-D-DB_160518_M\u00fcnchenHeimeranplatz.jpg\"><img loading=\"lazy\" decoding=\"async\" class=\"alignnone size-medium wp-image-1197\" src=\"https:\/\/zug-bilder.de\/wp-content\/uploads\/2018\/12\/1000-98-80-3294-826-3-D-DB_160518_M\u00fcnchenHeimeranplatz-300x205.jpg\" alt=\"\" width=\"300\" height=\"205\" srcset=\"https:\/\/zug-bilder.de\/wp-content\/uploads\/2018\/12\/1000-98-80-3294-826-3-D-DB_160518_M\u00fcnchenHeimeranplatz-300x205.jpg 300w, https:\/\/zug-bilder.de\/wp-content\/uploads\/2018\/12\/1000-98-80-3294-826-3-D-DB_160518_M\u00fcnchenHeimeranplatz-768x524.jpg 768w, https:\/\/zug-bilder.de\/wp-content\/uploads\/2018\/12\/1000-98-80-3294-826-3-D-DB_160518_M\u00fcnchenHeimeranplatz.jpg 1000w\" sizes=\"auto, (max-width: 300px) 100vw, 300px\" \/><\/a><\/td>\n<td style=\"width: 50%; vertical-align: middle;\"><strong>98 80 3294 826-3 D-DB<br \/>\n<\/strong><em>(ehem. 294 826-3)<br \/>\n(ehem. 290 326-8)<br \/>\n<\/em>18.05.2016<br \/>\nM\u00fcnchen Heimeranplatz<\/td>\n<\/tr>\n<tr>\n<td style=\"width: 50%; vertical-align: middle;\"><a href=\"https:\/\/zug-bilder.de\/wp-content\/uploads\/2019\/12\/1000-98-80-3294-849-5-D-DB_190417_M\u00fcnchenHeimeranplatz.jpg\"><img loading=\"lazy\" decoding=\"async\" class=\"alignnone size-medium wp-image-2747\" src=\"https:\/\/zug-bilder.de\/wp-content\/uploads\/2019\/12\/1000-98-80-3294-849-5-D-DB_190417_M\u00fcnchenHeimeranplatz-300x205.jpg\" alt=\"\" width=\"300\" height=\"205\" srcset=\"https:\/\/zug-bilder.de\/wp-content\/uploads\/2019\/12\/1000-98-80-3294-849-5-D-DB_190417_M\u00fcnchenHeimeranplatz-300x205.jpg 300w, https:\/\/zug-bilder.de\/wp-content\/uploads\/2019\/12\/1000-98-80-3294-849-5-D-DB_190417_M\u00fcnchenHeimeranplatz-768x524.jpg 768w, https:\/\/zug-bilder.de\/wp-content\/uploads\/2019\/12\/1000-98-80-3294-849-5-D-DB_190417_M\u00fcnchenHeimeranplatz.jpg 1000w\" sizes=\"auto, (max-width: 300px) 100vw, 300px\" \/><\/a><\/td>\n<td style=\"width: 50%; vertical-align: middle;\"><strong>98 80 3294 849-5 D-DB<br \/>\n<\/strong><em>(ehem. 294 349-6)<\/em><br \/>\n<em>(ehem. 290 349-0)<\/em><br \/>\n17.04.2019<br \/>\nM\u00fcnchen Heimeranplatz<strong><br \/>\n<\/strong><\/td>\n<\/tr>\n<tr>\n<td style=\"width: 50%; vertical-align: middle;\"><a href=\"https:\/\/zug-bilder.de\/wp-content\/uploads\/2023\/12\/1000-98-80-3294-864-4-D-DB_130220_Garching_EK56534.jpg\"><img loading=\"lazy\" decoding=\"async\" class=\"alignnone size-medium wp-image-5892\" src=\"https:\/\/zug-bilder.de\/wp-content\/uploads\/2023\/12\/1000-98-80-3294-864-4-D-DB_130220_Garching_EK56534-300x205.jpg\" alt=\"\" width=\"300\" height=\"205\" srcset=\"https:\/\/zug-bilder.de\/wp-content\/uploads\/2023\/12\/1000-98-80-3294-864-4-D-DB_130220_Garching_EK56534-300x205.jpg 300w, https:\/\/zug-bilder.de\/wp-content\/uploads\/2023\/12\/1000-98-80-3294-864-4-D-DB_130220_Garching_EK56534-768x524.jpg 768w, https:\/\/zug-bilder.de\/wp-content\/uploads\/2023\/12\/1000-98-80-3294-864-4-D-DB_130220_Garching_EK56534.jpg 1000w\" sizes=\"auto, (max-width: 300px) 100vw, 300px\" \/><\/a><\/td>\n<td style=\"width: 50%; vertical-align: middle;\"><strong>98 80 3294 864-4 D-DB<br \/>\n<\/strong><em>(ehem. 294 364-5)<\/em><br \/>\n<em>(ehem. 290 364-9)<\/em><br \/>\n20.02.2013<br \/>\nGarching (Alz)<br \/>\n<em>EK 56534<\/em><br \/>\n<em>Trostberg &#8211;<\/em><br \/>\n<em>M\u00fchldorf (Oberbay)<\/em><\/td>\n<\/tr>\n<tr>\n<td style=\"width: 50%; vertical-align: middle;\"><a href=\"https:\/\/zug-bilder.de\/wp-content\/uploads\/2021\/04\/1000-98-80-3294-904-8-D-DB_130206_Tuessling_EK56709.jpg\"><img loading=\"lazy\" decoding=\"async\" class=\"alignnone size-medium wp-image-4507\" src=\"https:\/\/zug-bilder.de\/wp-content\/uploads\/2021\/04\/1000-98-80-3294-904-8-D-DB_130206_Tuessling_EK56709-300x205.jpg\" alt=\"\" width=\"300\" height=\"205\" srcset=\"https:\/\/zug-bilder.de\/wp-content\/uploads\/2021\/04\/1000-98-80-3294-904-8-D-DB_130206_Tuessling_EK56709-300x205.jpg 300w, https:\/\/zug-bilder.de\/wp-content\/uploads\/2021\/04\/1000-98-80-3294-904-8-D-DB_130206_Tuessling_EK56709-768x524.jpg 768w, https:\/\/zug-bilder.de\/wp-content\/uploads\/2021\/04\/1000-98-80-3294-904-8-D-DB_130206_Tuessling_EK56709.jpg 1000w\" sizes=\"auto, (max-width: 300px) 100vw, 300px\" \/><\/a><\/td>\n<td style=\"width: 50%; vertical-align: middle;\"><strong>98 80 3294 904-8 D-DB<br \/>\n<\/strong><em>(ehem. 294 404-9)<\/em><br \/>\n<em>(ehem. 290 404-3)<\/em><br \/>\n06.02.2013<br \/>\nT\u00fc\u00dfling<br \/>\n<em>EK 56709<\/em><br \/>\n<em>M\u00fchldorf (Oberbay) &#8211;<\/em><br \/>\n<em>Freilassing<\/em><\/td>\n<\/tr>\n<tr>\n<td style=\"width: 50%; vertical-align: middle;\"><a href=\"https:\/\/zug-bilder.de\/wp-content\/uploads\/2021\/04\/1000-98-80-3294-904-8-D-DB_130206_Tuessling_EK56709_2.jpg\"><img loading=\"lazy\" decoding=\"async\" class=\"alignnone size-medium wp-image-4509\" src=\"https:\/\/zug-bilder.de\/wp-content\/uploads\/2021\/04\/1000-98-80-3294-904-8-D-DB_130206_Tuessling_EK56709_2-300x205.jpg\" alt=\"\" width=\"300\" height=\"205\" srcset=\"https:\/\/zug-bilder.de\/wp-content\/uploads\/2021\/04\/1000-98-80-3294-904-8-D-DB_130206_Tuessling_EK56709_2-300x205.jpg 300w, https:\/\/zug-bilder.de\/wp-content\/uploads\/2021\/04\/1000-98-80-3294-904-8-D-DB_130206_Tuessling_EK56709_2-768x524.jpg 768w, https:\/\/zug-bilder.de\/wp-content\/uploads\/2021\/04\/1000-98-80-3294-904-8-D-DB_130206_Tuessling_EK56709_2.jpg 1000w\" sizes=\"auto, (max-width: 300px) 100vw, 300px\" \/><\/a><\/td>\n<td style=\"width: 50%; vertical-align: middle;\"><strong>98 80 3294 904-8 D-DB<br \/>\n<\/strong><em>(ehem. 294 404-9)<\/em><br \/>\n<em>(ehem. 290 404-3)<\/em><br \/>\n06.02.2013<br \/>\nT\u00fc\u00dfling<br \/>\n<em>EK 56709<\/em><br \/>\n<em>M\u00fchldorf (Oberbay) &#8211;<\/em><br \/>\n<em>Freilassing<\/em><\/td>\n<\/tr>\n<\/tbody>\n<\/table>\n","protected":false},"excerpt":{"rendered":"<p>98 80 3294 103-7 D-DB (ehem. 290 103-1) 27.02.2007 T\u00f6ging Industriepark Inntal FZ 56481 M\u00fchldorf (Oberbay) &#8211; T\u00f6ging (Inn) 98 80 3294 147-4 D-DB (ehem. 290 147-8) 18.06.2007 T\u00f6ging Industriepark Inntal FZ 56481 M\u00fchldorf (Oberbay) &#8211; T\u00f6ging (Inn) 98 80 3294 147-4 D-DB (ehem. 290 147-8) 18.06.2007 T\u00f6ging (Inn) Tfzf 56482 T\u00f6ging (Inn) &#8211; M\u00fchldorf &hellip; <a href=\"https:\/\/zug-bilder.de\/?page_id=878\" class=\"more-link\"><span class=\"screen-reader-text\">98 80 3294<\/span> weiterlesen<\/a><\/p>\n","protected":false},"author":1,"featured_media":0,"parent":0,"menu_order":0,"comment_status":"closed","ping_status":"closed","template":"","meta":{"footnotes":""},"class_list":["post-878","page","type-page","status-publish","hentry"],"_links":{"self":[{"href":"https:\/\/zug-bilder.de\/index.php?rest_route=\/wp\/v2\/pages\/878","targetHints":{"allow":["GET"]}}],"collection":[{"href":"https:\/\/zug-bilder.de\/index.php?rest_route=\/wp\/v2\/pages"}],"about":[{"href":"https:\/\/zug-bilder.de\/index.php?rest_route=\/wp\/v2\/types\/page"}],"author":[{"embeddable":true,"href":"https:\/\/zug-bilder.de\/index.php?rest_route=\/wp\/v2\/users\/1"}],"replies":[{"embeddable":true,"href":"https:\/\/zug-bilder.de\/index.php?rest_route=%2Fwp%2Fv2%2Fcomments&post=878"}],"version-history":[{"count":21,"href":"https:\/\/zug-bilder.de\/index.php?rest_route=\/wp\/v2\/pages\/878\/revisions"}],"predecessor-version":[{"id":7762,"href":"https:\/\/zug-bilder.de\/index.php?rest_route=\/wp\/v2\/pages\/878\/revisions\/7762"}],"wp:attachment":[{"href":"https:\/\/zug-bilder.de\/index.php?rest_route=%2Fwp%2Fv2%2Fmedia&parent=878"}],"curies":[{"name":"wp","href":"https:\/\/api.w.org\/{rel}","templated":true}]}}